{"id":718064,"date":"2025-08-27T18:03:44","date_gmt":"2025-08-27T15:03:44","guid":{"rendered":"https:\/\/roveyayinevi.com.tr\/index.php\/urun\/kafkas-cephesinin-kilit-noktasi-sarikamis-ve-sarikamis-harekati\/"},"modified":"2026-04-16T02:26:18","modified_gmt":"2026-04-15T23:26:18","slug":"kafkas-cephesinin-kilit-noktasi-sarikamis-ve-sarikamis-harekati","status":"publish","type":"product","link":"https:\/\/roveyayinevi.com.tr\/index.php\/urun\/kafkas-cephesinin-kilit-noktasi-sarikamis-ve-sarikamis-harekati\/","title":{"rendered":"Kafkas Cephesinin Kilit Noktas\u0131 Sar\u0131kam\u0131\u015f Ve Sar\u0131kam\u0131\u015f Harekat\u0131"},"content":{"rendered":"<p>\u0130nsan tarihi bir varl\u0131k, tarihe egemen, dizginleri elinde tutan ve y\u00f6nlendiren, ge\u00e7mi\u015f, \u015fimdi, gelecek \u00fc\u00e7l\u00fcs\u00fcyle tarihi hakikatleri sa\u011flam temeller \u00fczerine koymak zorundad\u0131r.Biz, il\u00e7emizin en \u00f6nemli hadiselerin i\u00e7inde yo\u011fruldu\u011funu bildi\u011fimiz halde, bu \u00f6nemli borcu \u00f6demekte ge\u00e7 kald\u0131k.Sar\u0131kam\u0131\u015f tarihi, co\u011frafi, siyasi askeri, jeopolitik, jeostratejik bak\u0131mdan Do\u011fu Anadolu kentleri i\u00e7erisinde en \u00f6nde olmu\u015f, hemen her tarihi olay i\u00e7inde Sar\u0131kam\u0131\u015f ad\u0131n\u0131 duymakta m\u00fcmk\u00fcn olmu\u015ftur.Bu \u015fehitler diyar\u0131, da\u011f\u0131 ta\u015f\u0131 \u015fehit kan\u0131 kokan belde, \u015fanl\u0131 tarihiyle birlikte ac\u0131 hat\u0131ralar\u0131 da ba\u011fr\u0131nda saklar olmu\u015f, her kar\u0131\u015f topra\u011f\u0131 say\u0131s\u0131z kahraman\u0131n kan\u0131yla sulanm\u0131\u015f, bu g\u00fczel diyar\u0131, tarihiyle, tabiat\u0131yla, k\u00fclt\u00fcr\u00fcyle, halk\u0131 ve hakikat\u0131yla tan\u0131tmaya ve gelece\u011fe \u0131\u015f\u0131k tutmaya gayret ettik. \u0130lgiyle okuyaca\u011f\u0131n\u0131z\u0131 umuyoruz.<\/p>\n","protected":false},"excerpt":{"rendered":"<p>\u0130nsan tarihi bir varl\u0131k, tarihe egemen, dizginleri elinde tutan ve y\u00f6nlendiren, ge\u00e7mi\u015f, \u015fimdi, gelecek \u00fc\u00e7l\u00fcs\u00fcyle tarihi hakikatleri sa\u011flam temeller \u00fczerine koymak zorundad\u0131r.Biz, il\u00e7emizin en \u00f6nemli hadiselerin<span class=\"excerpt-hellip\"> [\u2026]<\/span><\/p>\n","protected":false},"featured_media":0,"template":"","meta":{"_monsterinsights_skip_tracking":false,"_monsterinsights_sitenote_active":false,"_monsterinsights_sitenote_note":"","_monsterinsights_sitenote_category":0},"product_brand":[],"product_cat":[12370,12304],"product_tag":[],"class_list":{"0":"post-718064","1":"product","2":"type-product","3":"status-publish","5":"product_cat-arastirma-inceleme","6":"product_cat-tarih","7":"pa_cilt-ciltsiz","8":"pa_tur-kitap","9":"pa_yayinevi-soncag-akademik-kitaplar","10":"pa_yazar-nurhan-aydin","12":"first","13":"instock","14":"sale","15":"shipping-taxable","16":"purchasable","17":"product-type-simple"},"_links":{"self":[{"href":"https:\/\/roveyayinevi.com.tr\/index.php\/wp-json\/wp\/v2\/product\/718064","targetHints":{"allow":["GET"]}}],"collection":[{"href":"https:\/\/roveyayinevi.com.tr\/index.php\/wp-json\/wp\/v2\/product"}],"about":[{"href":"https:\/\/roveyayinevi.com.tr\/index.php\/wp-json\/wp\/v2\/types\/product"}],"wp:attachment":[{"href":"https:\/\/roveyayinevi.com.tr\/index.php\/wp-json\/wp\/v2\/media?parent=718064"}],"wp:term":[{"taxonomy":"product_brand","embeddable":true,"href":"https:\/\/roveyayinevi.com.tr\/index.php\/wp-json\/wp\/v2\/product_brand?post=718064"},{"taxonomy":"product_cat","embeddable":true,"href":"https:\/\/roveyayinevi.com.tr\/index.php\/wp-json\/wp\/v2\/product_cat?post=718064"},{"taxonomy":"product_tag","embeddable":true,"href":"https:\/\/roveyayinevi.com.tr\/index.php\/wp-json\/wp\/v2\/product_tag?post=718064"}],"curies":[{"name":"wp","href":"https:\/\/api.w.org\/{rel}","templated":true}]}}