{"id":718049,"date":"2025-08-27T18:03:35","date_gmt":"2025-08-27T15:03:35","guid":{"rendered":"https:\/\/roveyayinevi.com.tr\/index.php\/urun\/camur-cocuk\/"},"modified":"2026-04-12T02:31:40","modified_gmt":"2026-04-11T23:31:40","slug":"camur-cocuk","status":"publish","type":"product","link":"https:\/\/roveyayinevi.com.tr\/index.php\/urun\/camur-cocuk\/","title":{"rendered":"\u00c7amur \u00c7ocuk"},"content":{"rendered":"<p>Ama ben ge\u00e7mi\u015fimi anlatmayaca\u011f\u0131m. \u015eu anki, kamptaki hayat\u0131m\u0131, tam da bug\u00fcnden itibaren anlataca\u011f\u0131m. Bir grup belgesiz g\u00f6\u00e7men \u00e7ocuk, m\u00fclteci kamp\u0131ndaki yeni hayatlar\u0131nda s\u0131k\u0131\u015f\u0131p kal\u0131r. \u0130simlerini ve nereden geldiklerini bilen, ancak kimlikleri olmad\u0131\u011f\u0131 i\u00e7in sadece harflerle adland\u0131r\u0131lan bu \u00e7ocuklar, hik\u00e2yelerini anlatmak ve bir yuvaya sahip olmak isterler. Kendi aralar\u0131nda yeni bir aile kurmaya \u00e7al\u0131\u015f\u0131rken eski kimlikleriyle ilgili hat\u0131ralar\u0131n\u0131 da canl\u0131 tutarlar. \u00c7ocuklar seslerini duyurabilecek ve insanlar\u0131 kendilerine inand\u0131rabilecekler mi?  Ya ba\u015faramazlarsa onlara ne olacak?  Her ya\u015ftan okuyucuyu b\u00fcy\u00fcleyecek etkileyici bir roman.<\/p>\n","protected":false},"excerpt":{"rendered":"<p>Ama ben ge\u00e7mi\u015fimi anlatmayaca\u011f\u0131m. \u015eu anki, kamptaki hayat\u0131m\u0131, tam da bug\u00fcnden itibaren anlataca\u011f\u0131m. Bir grup belgesiz g\u00f6\u00e7men \u00e7ocuk, m\u00fclteci kamp\u0131ndaki yeni hayatlar\u0131nda s\u0131k\u0131\u015f\u0131p kal\u0131r. \u0130simlerini ve<span class=\"excerpt-hellip\"> [\u2026]<\/span><\/p>\n","protected":false},"featured_media":0,"template":"","meta":{"_monsterinsights_skip_tracking":false,"_monsterinsights_sitenote_active":false,"_monsterinsights_sitenote_note":"","_monsterinsights_sitenote_category":0},"product_brand":[],"product_cat":[12274,12284],"product_tag":[],"class_list":{"0":"post-718049","1":"product","2":"type-product","3":"status-publish","5":"product_cat-cocuk-ve-genclik-kitaplari","6":"product_cat-hikayeler","7":"pa_cilt-ciltsiz","8":"pa_tur-kitap","9":"pa_yayinevi-genc-timas","10":"pa_yazar-kolektif","12":"first","13":"instock","14":"sale","15":"shipping-taxable","16":"purchasable","17":"product-type-simple"},"_links":{"self":[{"href":"https:\/\/roveyayinevi.com.tr\/index.php\/wp-json\/wp\/v2\/product\/718049","targetHints":{"allow":["GET"]}}],"collection":[{"href":"https:\/\/roveyayinevi.com.tr\/index.php\/wp-json\/wp\/v2\/product"}],"about":[{"href":"https:\/\/roveyayinevi.com.tr\/index.php\/wp-json\/wp\/v2\/types\/product"}],"wp:attachment":[{"href":"https:\/\/roveyayinevi.com.tr\/index.php\/wp-json\/wp\/v2\/media?parent=718049"}],"wp:term":[{"taxonomy":"product_brand","embeddable":true,"href":"https:\/\/roveyayinevi.com.tr\/index.php\/wp-json\/wp\/v2\/product_brand?post=718049"},{"taxonomy":"product_cat","embeddable":true,"href":"https:\/\/roveyayinevi.com.tr\/index.php\/wp-json\/wp\/v2\/product_cat?post=718049"},{"taxonomy":"product_tag","embeddable":true,"href":"https:\/\/roveyayinevi.com.tr\/index.php\/wp-json\/wp\/v2\/product_tag?post=718049"}],"curies":[{"name":"wp","href":"https:\/\/api.w.org\/{rel}","templated":true}]}}