{"id":718046,"date":"2025-08-27T18:03:33","date_gmt":"2025-08-27T15:03:33","guid":{"rendered":"https:\/\/roveyayinevi.com.tr\/index.php\/urun\/bu-ask-ile-bu-ask-illa\/"},"modified":"2026-04-16T02:26:17","modified_gmt":"2026-04-15T23:26:17","slug":"bu-ask-ile-bu-ask-illa","status":"publish","type":"product","link":"https:\/\/roveyayinevi.com.tr\/index.php\/urun\/bu-ask-ile-bu-ask-illa\/","title":{"rendered":"Bu A\u015fk ile Bu A\u015fk \u0130lla"},"content":{"rendered":"<p>\u0130kram edilen bu \u00fcz\u00fcm tanelerinin her biri, bu kitapta yer alan nefeslerdir. El ele, el Hakk\u2019a sevgili dostlar. \u015eimdi Pir\u2019in himmetiyle ikram etme s\u0131ras\u0131 bizde. A\u015fk ile zuhura gelen bu nefesler karanl\u0131klara \u0131\u015f\u0131k, g\u00f6zlere fer, kalplere \u015fifa ve has g\u00f6n\u00fcl bah\u00e7elerine Ab-\u0131 Hayat olsun. A\u015fk ile yaz\u0131lan bu nefesler yine \u201cBu A\u015fk ile\u201d dilden dile dola\u015fs\u0131n ve ye\u015feren has g\u00f6n\u00fcl bah\u00e7elerinden, daha nice kor k\u0131z\u0131l \u00fcz\u00fcmler dev\u015firip gelecek ku\u015faklara yine \u201cBu A\u015fk ile\u201d ikram edebilelim.A\u015fk\u0131n\u0131z Cemal, Cemaliniz Nur OlsunSevgive \u2018Bu A\u015eK \u0130le\u2019 kal\u0131n her daim&#8230;Aziz Haydar Delikta\u015f<\/p>\n","protected":false},"excerpt":{"rendered":"<p>\u0130kram edilen bu \u00fcz\u00fcm tanelerinin her biri, bu kitapta yer alan nefeslerdir. El ele, el Hakk\u2019a sevgili dostlar. \u015eimdi Pir\u2019in himmetiyle ikram etme s\u0131ras\u0131 bizde. A\u015fk<span class=\"excerpt-hellip\"> [\u2026]<\/span><\/p>\n","protected":false},"featured_media":0,"template":"","meta":{"_monsterinsights_skip_tracking":false,"_monsterinsights_sitenote_active":false,"_monsterinsights_sitenote_note":"","_monsterinsights_sitenote_category":0},"product_brand":[],"product_cat":[12291,12509],"product_tag":[],"class_list":{"0":"post-718046","1":"product","2":"type-product","3":"status-publish","5":"product_cat-edebiyat","6":"product_cat-siir","7":"pa_cilt-ciltsiz","8":"pa_tur-kitap","9":"pa_yayinevi-soncag","10":"pa_yazar-aziz-haydar-deliktas","12":"first","13":"instock","14":"sale","15":"shipping-taxable","16":"purchasable","17":"product-type-simple"},"_links":{"self":[{"href":"https:\/\/roveyayinevi.com.tr\/index.php\/wp-json\/wp\/v2\/product\/718046","targetHints":{"allow":["GET"]}}],"collection":[{"href":"https:\/\/roveyayinevi.com.tr\/index.php\/wp-json\/wp\/v2\/product"}],"about":[{"href":"https:\/\/roveyayinevi.com.tr\/index.php\/wp-json\/wp\/v2\/types\/product"}],"wp:attachment":[{"href":"https:\/\/roveyayinevi.com.tr\/index.php\/wp-json\/wp\/v2\/media?parent=718046"}],"wp:term":[{"taxonomy":"product_brand","embeddable":true,"href":"https:\/\/roveyayinevi.com.tr\/index.php\/wp-json\/wp\/v2\/product_brand?post=718046"},{"taxonomy":"product_cat","embeddable":true,"href":"https:\/\/roveyayinevi.com.tr\/index.php\/wp-json\/wp\/v2\/product_cat?post=718046"},{"taxonomy":"product_tag","embeddable":true,"href":"https:\/\/roveyayinevi.com.tr\/index.php\/wp-json\/wp\/v2\/product_tag?post=718046"}],"curies":[{"name":"wp","href":"https:\/\/api.w.org\/{rel}","templated":true}]}}