{"id":718044,"date":"2025-08-27T18:03:32","date_gmt":"2025-08-27T15:03:32","guid":{"rendered":"https:\/\/roveyayinevi.com.tr\/index.php\/urun\/cihad-ve-isyan-selefilik-vehhabilik-cihadilik\/"},"modified":"2026-04-16T02:26:17","modified_gmt":"2026-04-15T23:26:17","slug":"cihad-ve-isyan-selefilik-vehhabilik-cihadilik","status":"publish","type":"product","link":"https:\/\/roveyayinevi.com.tr\/index.php\/urun\/cihad-ve-isyan-selefilik-vehhabilik-cihadilik\/","title":{"rendered":"Cihad ve \u0130syan: Selefilik Vehhabilik Cihadilik"},"content":{"rendered":"<p>Bug\u00fcn cihad denince akl\u0131m\u0131za ilk olarak I\u015e\u0130D ve El-Kaide gibi \u00f6rg\u00fctler geliyor. Cihad d\u00fc\u015f\u00fcncesini ilk olarak otomatik t\u00fcfeklerle ve canl\u0131 bombalarla e\u015fle\u015ftiriyoruz. Ancak cihad, bug\u00fcn televizyonlarda izledi\u011fimiz halinden \u00e7ok daha farkl\u0131 ve kapsay\u0131c\u0131 bir d\u00fc\u015f\u00fcnce.Asl\u0131nda cihad fikri, \u0130slamiyet\u2019in temel yap\u0131ta\u015flar\u0131ndan biri. Erg\u00fcn Y\u0131ld\u0131r\u0131m da cihad\u0131, bug\u00fcnk\u00fc karga\u015fan\u0131n d\u0131\u015f\u0131na \u00e7\u0131kararak \u00f6nce d\u00fc\u015f\u00fcnsel, sonra tarihsel, sonra da toplumsal a\u00e7\u0131lardan ele al\u0131yor. Tarih i\u00e7erisinde cihad d\u00fc\u015f\u00fcncesinin geli\u015fiminde iz s\u00fcrerken, bug\u00fcn s\u0131kl\u0131kla birbiri yerine kullan\u0131lan Haricilik, Selefilik ve Vehhabilik kavramlar\u0131n\u0131 da ustaca i\u015fliyor ve cihad hareketlerini anlamak isteyen okuyucular i\u00e7in hem tarihi hem d\u00fc\u015f\u00fcnsel bir perspektif sunuyor.Erg\u00fcn Y\u0131ld\u0131r\u0131m\u2019\u0131n \u00e7al\u0131\u015fmas\u0131n\u0131 \u00f6zel yapan bir di\u011fer unsur da, cihad\u0131n toplumsal temelleriyle ilgili s\u00f6zler s\u00f6yl\u00fcyor olmas\u0131. Tarih i\u00e7erisindeki cihad hareketlerinin geneti\u011fine bakan Y\u0131ld\u0131r\u0131m, bu hareketler i\u00e7erisinde genetik ortakl\u0131klar\u0131 ve temel farkl\u0131l\u0131klar\u0131 geni\u015f perspektifi sayesinde kolayca te\u015fhis edebiliyor.K\u0131sacas\u0131, Erg\u00fcn Y\u0131ld\u0131r\u0131m bug\u00fcn ancak \u015fiddetle \u00f6zde\u015fle\u015ftirebildi\u011fimiz cihad kavram\u0131n\u0131 tam olarak anlamam\u0131z\u0131 ve bug\u00fcnk\u00fc pratik \u00f6rneklerine daha sa\u011fl\u0131kl\u0131 bir zihinle bakabilmemizi sa\u011fl\u0131yor.Cihad ve \u0130syan, cihad hareketlerini anlamak isteyen ve i\u00e7inde ya\u015fad\u0131\u011f\u0131m\u0131z politik d\u00fcnyay\u0131 merak eden herkesin okumas\u0131 gereken bir kitap.<\/p>\n","protected":false},"excerpt":{"rendered":"<p>Bug\u00fcn cihad denince akl\u0131m\u0131za ilk olarak I\u015e\u0130D ve El-Kaide gibi \u00f6rg\u00fctler geliyor. Cihad d\u00fc\u015f\u00fcncesini ilk olarak otomatik t\u00fcfeklerle ve canl\u0131 bombalarla e\u015fle\u015ftiriyoruz. Ancak cihad, bug\u00fcn televizyonlarda<span class=\"excerpt-hellip\"> [\u2026]<\/span><\/p>\n","protected":false},"featured_media":0,"template":"","meta":{"_monsterinsights_skip_tracking":false,"_monsterinsights_sitenote_active":false,"_monsterinsights_sitenote_note":"","_monsterinsights_sitenote_category":0},"product_brand":[],"product_cat":[12370,12304],"product_tag":[],"class_list":{"0":"post-718044","1":"product","2":"type-product","3":"status-publish","5":"product_cat-arastirma-inceleme","6":"product_cat-tarih","7":"pa_cilt-ciltsiz","8":"pa_tur-kitap","9":"pa_yayinevi-timas-yayinlari","10":"pa_yazar-ergun-yildirim","12":"first","13":"instock","14":"sale","15":"shipping-taxable","16":"purchasable","17":"product-type-simple"},"_links":{"self":[{"href":"https:\/\/roveyayinevi.com.tr\/index.php\/wp-json\/wp\/v2\/product\/718044","targetHints":{"allow":["GET"]}}],"collection":[{"href":"https:\/\/roveyayinevi.com.tr\/index.php\/wp-json\/wp\/v2\/product"}],"about":[{"href":"https:\/\/roveyayinevi.com.tr\/index.php\/wp-json\/wp\/v2\/types\/product"}],"wp:attachment":[{"href":"https:\/\/roveyayinevi.com.tr\/index.php\/wp-json\/wp\/v2\/media?parent=718044"}],"wp:term":[{"taxonomy":"product_brand","embeddable":true,"href":"https:\/\/roveyayinevi.com.tr\/index.php\/wp-json\/wp\/v2\/product_brand?post=718044"},{"taxonomy":"product_cat","embeddable":true,"href":"https:\/\/roveyayinevi.com.tr\/index.php\/wp-json\/wp\/v2\/product_cat?post=718044"},{"taxonomy":"product_tag","embeddable":true,"href":"https:\/\/roveyayinevi.com.tr\/index.php\/wp-json\/wp\/v2\/product_tag?post=718044"}],"curies":[{"name":"wp","href":"https:\/\/api.w.org\/{rel}","templated":true}]}}