{"id":718040,"date":"2025-08-27T18:03:29","date_gmt":"2025-08-27T15:03:29","guid":{"rendered":"https:\/\/roveyayinevi.com.tr\/index.php\/urun\/saray-harem-ve-mahrem\/"},"modified":"2026-04-16T02:26:17","modified_gmt":"2026-04-15T23:26:17","slug":"saray-harem-ve-mahrem","status":"publish","type":"product","link":"https:\/\/roveyayinevi.com.tr\/index.php\/urun\/saray-harem-ve-mahrem\/","title":{"rendered":"Saray Harem ve Mahrem"},"content":{"rendered":"<p>Ya\u015fayanlara sayg\u0131 borcumuz vard\u0131r, ama \u00f6l\u00fclere hakikatten ba\u015fka bir \u015fey bor\u00e7lu de\u011filiz. Voltaire Osmanl\u0131 tarihinin farkl\u0131 alanlar\u0131nda birinci el kaynaklar\u0131 kullanarak yapt\u0131\u011f\u0131 titiz \u00e7al\u0131\u015fmalarla tan\u0131d\u0131\u011f\u0131m\u0131z Prof. Dr. Ali Aky\u0131ld\u0131z, Saray, Harem ve Mahrem kitab\u0131yla, Osmanl\u0131 Tarihi&#8217;nin en tart\u0131\u015fmal\u0131 konular\u0131ndan biri olan Harem&#8217;in mahrem tarihinin perdelerini aral\u0131yor. &#8211; Enderun, B\u00eerun ve Harem ba\u011flam\u0131nda Osmanl\u0131 Devleti&#8217;nin saray te\u015fkilat\u0131 &#8211; Padi\u015fahl\u0131k makam\u0131 olarak M\u00e2beyn-i H\u00fcmayun &#8211; Yenilik\u00e7i padi\u015fah II. Mahmud&#8217;un \u00f6l\u00fcm\u00fc etraf\u0131ndaki iddia ve tart\u0131\u015fmalar &#8211; Sultan Abd\u00fclaziz&#8217;in annesi Pertevniyal Valide Sultan&#8217;\u0131n hayat\u0131, karakter yap\u0131s\u0131 ve devlet i\u015flerine m\u00fcdahaleleri &#8211; Padi\u015fah haremindeki cariyelerin evlendirilme problemi &#8211; Sultan Abd\u00fclmecid ile Sultan Abd\u00fclaziz&#8217;in Osmanl\u0131 taht veraset sistemini de\u011fi\u015ftirme \u00e7abalar\u0131 &#8211; II. Abd\u00fclhamid&#8217;in hanedan \u00fcyelerinin gelece\u011fiyle ilgili kayg\u0131lar\u0131: Hanedan Yard\u0131mla\u015fma Sand\u0131\u011f\u0131 tasar\u0131s\u0131 &#8211; Sultan II. Abd\u00fclhamid tahttan indirildi\u011finde ka\u00e7 e\u015fi vard\u0131? &#8211; Son d\u00f6nem padi\u015fahlar\u0131n\u0131n h\u00fcr kad\u0131nlarla evli olma sorunu Gibi bir\u00e7ok konuda var olan tabular y\u0131k\u0131l\u0131yor ve ger\u00e7ekler g\u00fcn y\u00fcz\u00fcne \u00e7\u0131k\u0131yor&#8230;<\/p>\n","protected":false},"excerpt":{"rendered":"<p>Ya\u015fayanlara sayg\u0131 borcumuz vard\u0131r, ama \u00f6l\u00fclere hakikatten ba\u015fka bir \u015fey bor\u00e7lu de\u011filiz. Voltaire Osmanl\u0131 tarihinin farkl\u0131 alanlar\u0131nda birinci el kaynaklar\u0131 kullanarak yapt\u0131\u011f\u0131 titiz \u00e7al\u0131\u015fmalarla tan\u0131d\u0131\u011f\u0131m\u0131z Prof.<span class=\"excerpt-hellip\"> [\u2026]<\/span><\/p>\n","protected":false},"featured_media":0,"template":"","meta":{"_monsterinsights_skip_tracking":false,"_monsterinsights_sitenote_active":false,"_monsterinsights_sitenote_note":"","_monsterinsights_sitenote_category":0},"product_brand":[],"product_cat":[13517,12304],"product_tag":[],"class_list":{"0":"post-718040","1":"product","2":"type-product","3":"status-publish","5":"product_cat-osmanli-tarihi","6":"product_cat-tarih","7":"pa_cilt-ciltsiz","8":"pa_tur-kitap","9":"pa_yayinevi-timas-yayinlari","10":"pa_yazar-ali-akyildiz","12":"first","13":"instock","14":"sale","15":"shipping-taxable","16":"purchasable","17":"product-type-simple"},"_links":{"self":[{"href":"https:\/\/roveyayinevi.com.tr\/index.php\/wp-json\/wp\/v2\/product\/718040","targetHints":{"allow":["GET"]}}],"collection":[{"href":"https:\/\/roveyayinevi.com.tr\/index.php\/wp-json\/wp\/v2\/product"}],"about":[{"href":"https:\/\/roveyayinevi.com.tr\/index.php\/wp-json\/wp\/v2\/types\/product"}],"wp:attachment":[{"href":"https:\/\/roveyayinevi.com.tr\/index.php\/wp-json\/wp\/v2\/media?parent=718040"}],"wp:term":[{"taxonomy":"product_brand","embeddable":true,"href":"https:\/\/roveyayinevi.com.tr\/index.php\/wp-json\/wp\/v2\/product_brand?post=718040"},{"taxonomy":"product_cat","embeddable":true,"href":"https:\/\/roveyayinevi.com.tr\/index.php\/wp-json\/wp\/v2\/product_cat?post=718040"},{"taxonomy":"product_tag","embeddable":true,"href":"https:\/\/roveyayinevi.com.tr\/index.php\/wp-json\/wp\/v2\/product_tag?post=718040"}],"curies":[{"name":"wp","href":"https:\/\/api.w.org\/{rel}","templated":true}]}}