{"id":718037,"date":"2025-08-27T18:03:27","date_gmt":"2025-08-27T15:03:27","guid":{"rendered":"https:\/\/roveyayinevi.com.tr\/index.php\/urun\/ataturkun-izinde-turkiye-dunyayi-degistirecektir\/"},"modified":"2026-04-16T02:26:17","modified_gmt":"2026-04-15T23:26:17","slug":"ataturkun-izinde-turkiye-dunyayi-degistirecektir","status":"publish","type":"product","link":"https:\/\/roveyayinevi.com.tr\/index.php\/urun\/ataturkun-izinde-turkiye-dunyayi-degistirecektir\/","title":{"rendered":"Atat\u00fcrk&#8217;\u00fcn \u0130zinde T\u00fcrkiye D\u00fcnyay\u0131 De\u011fi\u015ftirecektir"},"content":{"rendered":"<p>Samuel Huntington: \u201cT\u00fcrkiye Atat\u00fcrk\u2019\u00fcn miras\u0131n\u0131, Rusya\u2019n\u0131n Lenin\u2019in miras\u0131n\u0131 reddedi\u015finden daha eksiksiz bir \u015fekilde reddetmek zorundad\u0131r.\u201d Graham Fuller: \u201cAtat\u00fcrk\u2019\u00fcn 1924 y\u0131l\u0131nda bizzat b\u00fct\u00fcn S\u00fcnni d\u00fcnyan\u0131n en \u00fcst dini mercii olan halifeli\u011fi kald\u0131rmas\u0131yla birlikte T\u00fcrkiye, \u0130slam d\u00fcnyas\u0131 ile ili\u015fkilerine en \u00f6nemli darbeyi vurmu\u015f oldu\u2026 Halifeli\u011fin kald\u0131r\u0131lmas\u0131 ayn\u0131 zamanda, bizzat \u0130slam\u0131n kendisine de bir darbe indirdi\u2026\u201d CIA T\u00fcrkiye istasyon \u015fefi Paul Henze: &#8220;Orta gelecekte Osmanl\u0131&#8217;n\u0131n siyasi haritas\u0131n\u0131 diriltmek neden m\u00fcmk\u00fcn olmas\u0131n?\u201d \u0130kinci Cumhuriyet\u00e7i ve \u0130slamc\u0131 kimi gruplar\u0131n, Paul Henze ve Graham Fuller\u2019in orkestrasyonunda Atat\u00fcrk d\u00fc\u015fmanl\u0131\u011f\u0131 yapmalar\u0131 tesad\u00fcf m\u00fcd\u00fcr? Atat\u00fcrk, k\u00fcresel Yeni D\u00fcnya D\u00fczeni\u2019nin \u00f6n\u00fcnde engel olarak g\u00f6r\u00fclmektedir. D\u00fc\u015f\u00fcnceleri, \u00f6ng\u00f6r\u00fcleri ve ger\u00e7ekle\u015ftirdikleriyle, ba\u015fta \u201cenerji zengini\u201d Ortado\u011fu \u00fclkeleri olmak \u00fczere d\u00fcnyadaki \u201cgeli\u015fme yolundaki orta boy\u201d devletlerin Yeni D\u00fcnya D\u00fczeni\u2019ne eklemlenmelerini zora sokaca\u011f\u0131 de\u011ferlendirilmektedir. Atat\u00fcrk\u2019\u00fcn laik ve demokratik Kemalist modeli, karakteri \u201ctam ba\u011f\u0131ms\u0131zl\u0131k\u201d olan \u201culusal devlet\u201d esasl\u0131 bir projedir. Yeni D\u00fcnya D\u00fczeni ise ulusal devlet d\u00fczeninin son bulmas\u0131n\u0131 \u00f6ng\u00f6rmektedir. \u00d6zellikle Ortado\u011fu\u2019nun \u201cenerji zengini\u201d \u0130slam \u00fclkelerinin \u00fcniter yap\u0131lar\u0131n\u0131 s\u00fcrd\u00fcrmeleri ABD\u2019nin ve genel olarak Bat\u0131 d\u00fcnyas\u0131n\u0131n \u00e7\u0131karlar\u0131na uygun de\u011fildir. <\/p>\n","protected":false},"excerpt":{"rendered":"<p>Samuel Huntington: \u201cT\u00fcrkiye Atat\u00fcrk\u2019\u00fcn miras\u0131n\u0131, Rusya\u2019n\u0131n Lenin\u2019in miras\u0131n\u0131 reddedi\u015finden daha eksiksiz bir \u015fekilde reddetmek zorundad\u0131r.\u201d Graham Fuller: \u201cAtat\u00fcrk\u2019\u00fcn 1924 y\u0131l\u0131nda bizzat b\u00fct\u00fcn S\u00fcnni d\u00fcnyan\u0131n en \u00fcst<span class=\"excerpt-hellip\"> [\u2026]<\/span><\/p>\n","protected":false},"featured_media":0,"template":"","meta":{"_monsterinsights_skip_tracking":false,"_monsterinsights_sitenote_active":false,"_monsterinsights_sitenote_note":"","_monsterinsights_sitenote_category":0},"product_brand":[],"product_cat":[12291,12292],"product_tag":[],"class_list":{"0":"post-718037","1":"product","2":"type-product","3":"status-publish","5":"product_cat-edebiyat","6":"product_cat-turk-edebiyati","7":"pa_cilt-ciltsiz","8":"pa_tur-kitap","9":"pa_yayinevi-tekin-yayinevi","10":"pa_yazar-uluc-gurkan","12":"first","13":"instock","14":"sale","15":"shipping-taxable","16":"purchasable","17":"product-type-simple"},"_links":{"self":[{"href":"https:\/\/roveyayinevi.com.tr\/index.php\/wp-json\/wp\/v2\/product\/718037","targetHints":{"allow":["GET"]}}],"collection":[{"href":"https:\/\/roveyayinevi.com.tr\/index.php\/wp-json\/wp\/v2\/product"}],"about":[{"href":"https:\/\/roveyayinevi.com.tr\/index.php\/wp-json\/wp\/v2\/types\/product"}],"wp:attachment":[{"href":"https:\/\/roveyayinevi.com.tr\/index.php\/wp-json\/wp\/v2\/media?parent=718037"}],"wp:term":[{"taxonomy":"product_brand","embeddable":true,"href":"https:\/\/roveyayinevi.com.tr\/index.php\/wp-json\/wp\/v2\/product_brand?post=718037"},{"taxonomy":"product_cat","embeddable":true,"href":"https:\/\/roveyayinevi.com.tr\/index.php\/wp-json\/wp\/v2\/product_cat?post=718037"},{"taxonomy":"product_tag","embeddable":true,"href":"https:\/\/roveyayinevi.com.tr\/index.php\/wp-json\/wp\/v2\/product_tag?post=718037"}],"curies":[{"name":"wp","href":"https:\/\/api.w.org\/{rel}","templated":true}]}}