{"id":718022,"date":"2025-08-27T18:02:42","date_gmt":"2025-08-27T15:02:42","guid":{"rendered":"https:\/\/roveyayinevi.com.tr\/index.php\/urun\/icimizdeki-seytan-10\/"},"modified":"2026-04-16T02:26:17","modified_gmt":"2026-04-15T23:26:17","slug":"icimizdeki-seytan-10","status":"publish","type":"product","link":"https:\/\/roveyayinevi.com.tr\/index.php\/urun\/icimizdeki-seytan-10\/","title":{"rendered":"\u0130\u00e7imizdeki \u015eeytan"},"content":{"rendered":"<p>Her insan\u0131n i\u00e7inde zaman zaman ba\u015f g\u00f6steren ve \u201cben bunlar\u0131 nas\u0131l yapt\u0131m\u201d dedirten duygular vard\u0131r. Bu duygular belki y\u0131llarca fark\u0131na varmad\u0131\u011f\u0131m\u0131z ama fark\u0131na vard\u0131\u011f\u0131m\u0131zda da geri d\u00f6n\u00fc\u015f\u00fc olmayan ad\u0131mlar\u0131 \u00e7oktan att\u0131\u011f\u0131m\u0131z duygulard\u0131r. G\u00fcven \u00fczerine kurulu hayat\u0131m\u0131z, bir g\u00fcn i\u00e7inde bu duygularla yerle bir olabilir. \u00c7ok do\u011fru kararlarla devam eden hayat\u0131m\u0131z, bir sabah alaca\u011f\u0131m\u0131z yanl\u0131\u015f bir kararla yerle bir olabilir. B\u00f6yle olaylar\u0131 hemen hemen herkes ya\u015fam\u0131\u015ft\u0131r ama kimse Sabahattin Ali gibi bu olaylara ait duygular\u0131 anlatmay\u0131 ba\u015faramam\u0131\u015ft\u0131r. Sabahattin Ali \u201c\u0130\u00e7imizdeki \u015eeytan\u201d ad\u0131n\u0131 verdi\u011fi bu duygular\u0131 bize neredeyse kendimizle konu\u015ftu\u011fumuzu d\u00fc\u015f\u00fcnd\u00fcrecek bir sadelik ve ger\u00e7eklikle anlat\u0131yor.      <\/p>\n","protected":false},"excerpt":{"rendered":"<p>Her insan\u0131n i\u00e7inde zaman zaman ba\u015f g\u00f6steren ve \u201cben bunlar\u0131 nas\u0131l yapt\u0131m\u201d dedirten duygular vard\u0131r. Bu duygular belki y\u0131llarca fark\u0131na varmad\u0131\u011f\u0131m\u0131z ama fark\u0131na vard\u0131\u011f\u0131m\u0131zda da geri<span class=\"excerpt-hellip\"> [\u2026]<\/span><\/p>\n","protected":false},"featured_media":0,"template":"","meta":{"_monsterinsights_skip_tracking":false,"_monsterinsights_sitenote_active":false,"_monsterinsights_sitenote_note":"","_monsterinsights_sitenote_category":0},"product_brand":[],"product_cat":[12291,12711],"product_tag":[],"class_list":{"0":"post-718022","1":"product","2":"type-product","3":"status-publish","5":"product_cat-edebiyat","6":"product_cat-roman-oyku","7":"pa_cilt-ciltsiz","8":"pa_tur-kitap","9":"pa_yayinevi-yade-yayinlari","10":"pa_yazar-sabahattin-ali","12":"first","13":"instock","14":"sale","15":"shipping-taxable","16":"purchasable","17":"product-type-simple"},"_links":{"self":[{"href":"https:\/\/roveyayinevi.com.tr\/index.php\/wp-json\/wp\/v2\/product\/718022","targetHints":{"allow":["GET"]}}],"collection":[{"href":"https:\/\/roveyayinevi.com.tr\/index.php\/wp-json\/wp\/v2\/product"}],"about":[{"href":"https:\/\/roveyayinevi.com.tr\/index.php\/wp-json\/wp\/v2\/types\/product"}],"wp:attachment":[{"href":"https:\/\/roveyayinevi.com.tr\/index.php\/wp-json\/wp\/v2\/media?parent=718022"}],"wp:term":[{"taxonomy":"product_brand","embeddable":true,"href":"https:\/\/roveyayinevi.com.tr\/index.php\/wp-json\/wp\/v2\/product_brand?post=718022"},{"taxonomy":"product_cat","embeddable":true,"href":"https:\/\/roveyayinevi.com.tr\/index.php\/wp-json\/wp\/v2\/product_cat?post=718022"},{"taxonomy":"product_tag","embeddable":true,"href":"https:\/\/roveyayinevi.com.tr\/index.php\/wp-json\/wp\/v2\/product_tag?post=718022"}],"curies":[{"name":"wp","href":"https:\/\/api.w.org\/{rel}","templated":true}]}}