{"id":718019,"date":"2025-08-27T18:02:40","date_gmt":"2025-08-27T15:02:40","guid":{"rendered":"https:\/\/roveyayinevi.com.tr\/index.php\/urun\/tasra-idaresinde-osmanli-merkeziyetciligi\/"},"modified":"2026-04-16T02:26:17","modified_gmt":"2026-04-15T23:26:17","slug":"tasra-idaresinde-osmanli-merkeziyetciligi","status":"publish","type":"product","link":"https:\/\/roveyayinevi.com.tr\/index.php\/urun\/tasra-idaresinde-osmanli-merkeziyetciligi\/","title":{"rendered":"Ta\u015fra \u0130daresinde Osmanl\u0131 Merkeziyet\u00e7ili\u011fi"},"content":{"rendered":"<p>Teba ile devlet aras\u0131nda memurlar vas\u0131tas\u0131yla do\u011frudan ili\u015fkiyi esas alan vilayet sistemi nizamnameler ve talimatnamelerle ayr\u0131nt\u0131l\u0131 olarak tarif edildi. Sistemin i\u015fleyi\u015fi ortaya konuldu. Vilayet sisteminin esaslar\u0131 ile ilgili \u00e7ok say\u0131da \u00e7al\u0131\u015fma yap\u0131ld\u0131. Ancak vilayet sisteminin i\u015fleyi\u015fi ve sorunlar\u0131yla ilgili kaza d\u00fczeyinde fazla ara\u015ft\u0131rma yap\u0131lmad\u0131. Bu \u00e7al\u0131\u015fma, Gediz kazas\u0131 \u00f6zelinde Osmanl\u0131 Devleti\u2019nin y\u00f6netme kayg\u0131lar\u0131yla yapt\u0131\u011f\u0131 icraatlar\u0131, e\u015fraf\/ahalinin y\u00f6netilme kayg\u0131lar\u0131yla ortaya koydu\u011fu tutum ve talepleri tespit etmeyi, uyum ve\/veya \u00e7eki\u015fme temelinde devlet-toplum ili\u015fkilerini anlamay\u0131 ama\u00e7lamaktad\u0131r.<\/p>\n","protected":false},"excerpt":{"rendered":"<p>Teba ile devlet aras\u0131nda memurlar vas\u0131tas\u0131yla do\u011frudan ili\u015fkiyi esas alan vilayet sistemi nizamnameler ve talimatnamelerle ayr\u0131nt\u0131l\u0131 olarak tarif edildi. Sistemin i\u015fleyi\u015fi ortaya konuldu. Vilayet sisteminin esaslar\u0131<span class=\"excerpt-hellip\"> [\u2026]<\/span><\/p>\n","protected":false},"featured_media":0,"template":"","meta":{"_monsterinsights_skip_tracking":false,"_monsterinsights_sitenote_active":false,"_monsterinsights_sitenote_note":"","_monsterinsights_sitenote_category":0},"product_brand":[],"product_cat":[13517,12304],"product_tag":[],"class_list":{"0":"post-718019","1":"product","2":"type-product","3":"status-publish","5":"product_cat-osmanli-tarihi","6":"product_cat-tarih","7":"pa_cilt-ciltsiz","8":"pa_tur-kitap","9":"pa_yayinevi-hitabevi-yayinlari","10":"pa_yazar-biray-cakmak","12":"first","13":"instock","14":"sale","15":"shipping-taxable","16":"purchasable","17":"product-type-simple"},"_links":{"self":[{"href":"https:\/\/roveyayinevi.com.tr\/index.php\/wp-json\/wp\/v2\/product\/718019","targetHints":{"allow":["GET"]}}],"collection":[{"href":"https:\/\/roveyayinevi.com.tr\/index.php\/wp-json\/wp\/v2\/product"}],"about":[{"href":"https:\/\/roveyayinevi.com.tr\/index.php\/wp-json\/wp\/v2\/types\/product"}],"wp:attachment":[{"href":"https:\/\/roveyayinevi.com.tr\/index.php\/wp-json\/wp\/v2\/media?parent=718019"}],"wp:term":[{"taxonomy":"product_brand","embeddable":true,"href":"https:\/\/roveyayinevi.com.tr\/index.php\/wp-json\/wp\/v2\/product_brand?post=718019"},{"taxonomy":"product_cat","embeddable":true,"href":"https:\/\/roveyayinevi.com.tr\/index.php\/wp-json\/wp\/v2\/product_cat?post=718019"},{"taxonomy":"product_tag","embeddable":true,"href":"https:\/\/roveyayinevi.com.tr\/index.php\/wp-json\/wp\/v2\/product_tag?post=718019"}],"curies":[{"name":"wp","href":"https:\/\/api.w.org\/{rel}","templated":true}]}}