{"id":718017,"date":"2025-08-27T18:02:39","date_gmt":"2025-08-27T15:02:39","guid":{"rendered":"https:\/\/roveyayinevi.com.tr\/index.php\/urun\/hitler-oncesi-ve-sonrasi\/"},"modified":"2026-04-16T02:26:17","modified_gmt":"2026-04-15T23:26:17","slug":"hitler-oncesi-ve-sonrasi","status":"publish","type":"product","link":"https:\/\/roveyayinevi.com.tr\/index.php\/urun\/hitler-oncesi-ve-sonrasi\/","title":{"rendered":"Hitler \u00d6ncesi ve Sonras\u0131"},"content":{"rendered":"<p>\u0130kinci D\u00fcnya Harbi\u2019nde Almanlar ba\u015far\u0131l\u0131 olsayd\u0131, Avrupa\u2019n\u0131n tamam\u0131n\u0131 kapsayan ve Rusya\u2019n\u0131n bat\u0131s\u0131n\u0131 i\u00e7ine alan B\u00fcy\u00fck Alman \u0130mparatorlu\u011fu kurulacakt\u0131. Hitler\u2019in kuraca\u011f\u0131, merkezi Berlin olan Third Reich, d\u00fcnyada bin y\u0131ll\u0131k bir Alman egemenli\u011fini \u00f6ng\u00f6r\u00fcyordu. Bu amaca ula\u015fmak i\u00e7in o, temiz bir Alman \u0131rk\u0131n\u0131n yarat\u0131lmas\u0131n\u0131, Alman n\u00fcfusu i\u00e7in gerekli yeni topraklar\u0131n kazan\u0131lmas\u0131n\u0131 ve yap\u0131lacak i\u015flerin onun hayat s\u00fcresi i\u00e7inde ger\u00e7ekle\u015fmesi gerekti\u011fine inan\u0131yordu. Almanya i\u00e7in fazla zaman kalmam\u0131\u015ft\u0131. Her \u015feyin \u00e7ok \u00e7abuk halledilmesi gerekliydi. O bu g\u00f6revi Tanr\u0131\u2019dan alm\u0131\u015ft\u0131. O yeni bir Mesih idi. Temiz bir Alman halk\u0131, ona g\u00f6re, ancak Yahudilerden, Polonyal\u0131lardan, homoseks\u00fcellerden, ruhsal ve fiziksel engellilerden, \u00c7ingenelerden kurtulmakla sa\u011flanabilirdi. Ba\u015fka \u0131rklar ancak Alman \u0131rk\u0131na hizmet ile hayat bulabilirdi.Hitler 47 ya\u015f\u0131nda , 1933 y\u0131l\u0131nda Almanya\u2019n\u0131n ba\u015fbakan\u0131 oldu. Bu g\u00f6revinden \u00f6nce hi\u00e7 bir devlet memuriyetinde bulunmam\u0131\u015ft\u0131. B\u00fcrokrasi tecr\u00fcbesi yoktu. Onalt\u0131 ya\u015f\u0131nda okuldan ayr\u0131ld\u0131ktan sonra hi\u00e7 bir e\u011fitim g\u00f6rmemi\u015fti. Birinci d\u00fcnya sava\u015f\u0131 sonras\u0131nda ordudan \u00e7avu\u015f olarak terhis olmu\u015ftu. Bir mesle\u011fe sahip de\u011fildi. Kitap okumay\u0131 ve seyahati sevmiyordu. Almanya ve Avusturya d\u0131\u015f\u0131na \u00e7\u0131kmam\u0131\u015ft\u0131. Hi\u00e7 bir yabanc\u0131 dil bilmiyordu. Aristokrat bir aileden gelmiyordu. Varl\u0131kl\u0131 hi\u00e7 de\u011fildi. Nazi partisi 1933\u2019de iktidara gelinceye kadar s\u00fcrekli para s\u0131k\u0131nt\u0131s\u0131 \u00e7ekti. O olaylardan etkilenmek yerine olaylar\u0131 etkileyen ve m\u00fcthi\u015f bir ikna g\u00fcc\u00fcne sahip bir lider olarak Almaya\u2019n\u0131n F\u00fchrer\u2019i oldu.Hitler yirminci y\u00fczy\u0131l\u0131n ilk yar\u0131s\u0131nda hedeflerine ula\u015fmak isterken, milyonlarca insan\u0131n \u00f6l\u00fcm\u00fcne, hemen hemen b\u00fct\u00fcn \u00fclkelerin \u00f6nemli maddi ve manevi olarak tahribat\u0131na neden oldu. Tarihin en kanl\u0131 sava\u015flar\u0131n\u0131n ya\u015fand\u0131\u011f\u0131 o d\u00f6nemde Hitler, ba\u015f akt\u00f6rd\u00fc.Hitler\u2019in iktidara gelmesinde Nazi d\u00f6neminin d\u0131\u015f i\u015fleri bakan\u0131 Ribbentrop ve Almanya\u2019n\u0131n T\u00fcrkiye b\u00fcy\u00fckel\u00e7ili\u011fini yapm\u0131\u015f eski ba\u015fbakan von Papen ba\u015f rol\u00fc oynam\u0131\u015ft\u0131. \u0130kisi biribirini Birinci D\u00fcnya Harbi s\u0131ras\u0131nda \u0130stanbul\u2019daki Alman b\u00fcy\u00fckel\u00e7ili\u011findeki g\u00f6revleri s\u0131ras\u0131nda tan\u0131m\u0131\u015flard\u0131. \u0130stanbul\u2019daki bu tan\u0131\u015fma bir ufak tesad\u00fcf m\u00fcyd\u00fc, yoksa Hitler\u2019i sava\u015f sonras\u0131 kaos i\u00e7indeki Almanya\u2019n\u0131n ba\u015f\u0131na getirmek i\u00e7in \u00f6nceden planlanm\u0131\u015f, kutsal bir rastlant\u0131 m\u0131yd\u0131?<\/p>\n","protected":false},"excerpt":{"rendered":"<p>\u0130kinci D\u00fcnya Harbi\u2019nde Almanlar ba\u015far\u0131l\u0131 olsayd\u0131, Avrupa\u2019n\u0131n tamam\u0131n\u0131 kapsayan ve Rusya\u2019n\u0131n bat\u0131s\u0131n\u0131 i\u00e7ine alan B\u00fcy\u00fck Alman \u0130mparatorlu\u011fu kurulacakt\u0131. Hitler\u2019in kuraca\u011f\u0131, merkezi Berlin olan Third Reich, d\u00fcnyada<span class=\"excerpt-hellip\"> [\u2026]<\/span><\/p>\n","protected":false},"featured_media":0,"template":"","meta":{"_monsterinsights_skip_tracking":false,"_monsterinsights_sitenote_active":false,"_monsterinsights_sitenote_note":"","_monsterinsights_sitenote_category":0},"product_brand":[],"product_cat":[12370,12304],"product_tag":[],"class_list":{"0":"post-718017","1":"product","2":"type-product","3":"status-publish","5":"product_cat-arastirma-inceleme","6":"product_cat-tarih","7":"pa_cilt-ciltsiz","8":"pa_tur-kitap","9":"pa_yayinevi-soncag","10":"pa_yazar-guran-tatlioglu","12":"first","13":"instock","14":"sale","15":"shipping-taxable","16":"purchasable","17":"product-type-simple"},"_links":{"self":[{"href":"https:\/\/roveyayinevi.com.tr\/index.php\/wp-json\/wp\/v2\/product\/718017","targetHints":{"allow":["GET"]}}],"collection":[{"href":"https:\/\/roveyayinevi.com.tr\/index.php\/wp-json\/wp\/v2\/product"}],"about":[{"href":"https:\/\/roveyayinevi.com.tr\/index.php\/wp-json\/wp\/v2\/types\/product"}],"wp:attachment":[{"href":"https:\/\/roveyayinevi.com.tr\/index.php\/wp-json\/wp\/v2\/media?parent=718017"}],"wp:term":[{"taxonomy":"product_brand","embeddable":true,"href":"https:\/\/roveyayinevi.com.tr\/index.php\/wp-json\/wp\/v2\/product_brand?post=718017"},{"taxonomy":"product_cat","embeddable":true,"href":"https:\/\/roveyayinevi.com.tr\/index.php\/wp-json\/wp\/v2\/product_cat?post=718017"},{"taxonomy":"product_tag","embeddable":true,"href":"https:\/\/roveyayinevi.com.tr\/index.php\/wp-json\/wp\/v2\/product_tag?post=718017"}],"curies":[{"name":"wp","href":"https:\/\/api.w.org\/{rel}","templated":true}]}}