{"id":718015,"date":"2025-08-27T18:02:38","date_gmt":"2025-08-27T15:02:38","guid":{"rendered":"https:\/\/roveyayinevi.com.tr\/index.php\/urun\/suvari-tegmen-safiyyuddin-efendinin-canakkale-ve-kafkas-cephesi-harp-hatirati\/"},"modified":"2026-04-16T02:26:17","modified_gmt":"2026-04-15T23:26:17","slug":"suvari-tegmen-safiyyuddin-efendinin-canakkale-ve-kafkas-cephesi-harp-hatirati","status":"publish","type":"product","link":"https:\/\/roveyayinevi.com.tr\/index.php\/urun\/suvari-tegmen-safiyyuddin-efendinin-canakkale-ve-kafkas-cephesi-harp-hatirati\/","title":{"rendered":"S\u00fcvari Te\u011fmen Safiyy\u00fcddin Efendi\u2019nin \u00c7anakkale ve Kafkas Cephesi Harp Hat\u0131rat\u0131"},"content":{"rendered":"<p>Safiyy\u00fcddin Efendi, Seferberlik ilan\u0131yla g\u00f6n\u00fcll\u00fc askere kaydolan ve vatan m\u00fcdafaas\u0131na ko\u015fan binlerce vatanperver gen\u00e7ten birisi olarak, 31 Temmuz 1914 tarihinden 4 Kas\u0131m 1917 tarihine kadar ya\u015fay\u0131p g\u00f6rd\u00fcklerini, g\u00fcn\u00fc g\u00fcn\u00fcne tuttu\u011fu notlar\u0131ndan istifade etmek suretiyle 1918 y\u0131l\u0131 \u015eubat ay\u0131nda hat\u0131rat olarak kaleme alm\u0131\u015ft\u0131r.Bu hat\u0131ratta s\u00fcvari yedek subay aday\u0131 olarak ba\u015flay\u0131p te\u011fmenli\u011fe terfi etti\u011fi askerlik hayat\u0131n\u0131n \u00c7anakkale ve Kafkas cepheleri anlat\u0131lmaktad\u0131r.Harbe ilk dahil oldu\u011fu \u00c7anakkale cephesinde, Yaylatepe ve bilhassa en kanl\u0131 ve yo\u011fun m\u00fccadelenin ya\u015fand\u0131\u011f\u0131 Kanl\u0131s\u0131rt siperlerindeki muharebeleri, cephe ve cephe arkas\u0131ndaki durumu, d\u00fc\u015fman\u0131n deh\u015fet verici bombard\u0131manlar\u0131n\u0131 ve en nihayet kazan\u0131lan zaferi hat\u0131rat\u0131na kaydetmi\u015ftir.\u00c7anakkale\u2019den sonra k\u0131tas\u0131yla birlikte gitti\u011fi Kafkas cephesinde ise, Bitlis ve Mu\u015f\u2019un Ruslardan geri al\u0131nmas\u0131yla neticelenen muharebeleri, bu cephede sadece d\u00fc\u015fmana de\u011fil, b\u00f6lgenin iklim ve co\u011fraf\u00ee zorluklar\u0131na kar\u015f\u0131 verilen m\u00fccadeleyi \u00e7arp\u0131c\u0131 dille anlatmaktad\u0131r.Safiyy\u00fcddin Bey\u2019in, 1. D\u00fcnya Sava\u015f\u0131\u2019n\u0131n iki \u00f6nemli cephesindeki g\u00f6zlem ve \u015fahitliklerini aktard\u0131\u011f\u0131 bu hat\u0131rat, haiz oldu\u011fu \u00f6zg\u00fcn ve ilgin\u00e7 bilgilerle okuyucuya emsallerinden farkl\u0131 bir tad verecektir.<\/p>\n","protected":false},"excerpt":{"rendered":"<p>Safiyy\u00fcddin Efendi, Seferberlik ilan\u0131yla g\u00f6n\u00fcll\u00fc askere kaydolan ve vatan m\u00fcdafaas\u0131na ko\u015fan binlerce vatanperver gen\u00e7ten birisi olarak, 31 Temmuz 1914 tarihinden 4 Kas\u0131m 1917 tarihine kadar ya\u015fay\u0131p<span class=\"excerpt-hellip\"> [\u2026]<\/span><\/p>\n","protected":false},"featured_media":0,"template":"","meta":{"_monsterinsights_skip_tracking":false,"_monsterinsights_sitenote_active":false,"_monsterinsights_sitenote_note":"","_monsterinsights_sitenote_category":0},"product_brand":[],"product_cat":[12312,12304],"product_tag":[],"class_list":{"0":"post-718015","1":"product","2":"type-product","3":"status-publish","5":"product_cat-diger","6":"product_cat-tarih","7":"pa_cilt-ciltsiz","8":"pa_tur-kitap","9":"pa_yayinevi-yeditepe-yayinevi","10":"pa_yazar-eren-ergul","12":"first","13":"instock","14":"sale","15":"shipping-taxable","16":"purchasable","17":"product-type-simple"},"_links":{"self":[{"href":"https:\/\/roveyayinevi.com.tr\/index.php\/wp-json\/wp\/v2\/product\/718015","targetHints":{"allow":["GET"]}}],"collection":[{"href":"https:\/\/roveyayinevi.com.tr\/index.php\/wp-json\/wp\/v2\/product"}],"about":[{"href":"https:\/\/roveyayinevi.com.tr\/index.php\/wp-json\/wp\/v2\/types\/product"}],"wp:attachment":[{"href":"https:\/\/roveyayinevi.com.tr\/index.php\/wp-json\/wp\/v2\/media?parent=718015"}],"wp:term":[{"taxonomy":"product_brand","embeddable":true,"href":"https:\/\/roveyayinevi.com.tr\/index.php\/wp-json\/wp\/v2\/product_brand?post=718015"},{"taxonomy":"product_cat","embeddable":true,"href":"https:\/\/roveyayinevi.com.tr\/index.php\/wp-json\/wp\/v2\/product_cat?post=718015"},{"taxonomy":"product_tag","embeddable":true,"href":"https:\/\/roveyayinevi.com.tr\/index.php\/wp-json\/wp\/v2\/product_tag?post=718015"}],"curies":[{"name":"wp","href":"https:\/\/api.w.org\/{rel}","templated":true}]}}

Süvari Teğmen Safiyyüddin Efendi’nin Çanakkale ve Kafkas Cephesi Harp Hatıratı

<p>Safiyyüddin Efendi, Seferberlik ilanıyla gönüllü askere kaydolan ve vatan müdafaasına koşan binlerce vatanperver gençten birisi olarak, 31 Temmuz 1914 tarihinden 4 Kasım 1917 tarihine kadar yaşayıp gördüklerini, günü gününe tuttuğu notlarından istifade etmek suretiyle 1918 yılı Şubat ayında hatırat olarak kaleme almıştır.Bu hatıratta süvari yedek subay adayı olarak başlayıp teğmenliğe terfi ettiği askerlik hayatının Çanakkale ve Kafkas cepheleri anlatılmaktadır.Harbe ilk dahil olduğu Çanakkale cephesinde, Yaylatepe ve bilhassa en kanlı ve yoğun mücadelenin yaşandığı Kanlısırt siperlerindeki muharebeleri, cephe ve cephe arkasındaki durumu, düşmanın dehşet verici bombardımanlarını ve en nihayet kazanılan zaferi hatıratına kaydetmiştir.Çanakkale’den sonra kıtasıyla birlikte gittiği Kafkas cephesinde ise, Bitlis ve Muş’un Ruslardan geri alınmasıyla neticelenen muharebeleri, bu cephede sadece düşmana değil, bölgenin iklim ve coğrafî zorluklarına karşı verilen mücadeleyi çarpıcı dille anlatmaktadır.Safiyyüddin Bey’in, 1. Dünya Savaşı’nın iki önemli cephesindeki gözlem ve şahitliklerini aktardığı bu hatırat, haiz olduğu özgün ve ilginç bilgilerle okuyucuya emsallerinden farklı bir tad verecektir.</p>

<p>Safiyyüddin Efendi, Seferberlik ilanıyla gönüllü askere kaydolan ve vatan müdafaasına koşan binlerce vatanperver gençten birisi olarak, 31 Temmuz 1914 tarihinden 4 Kasım 1917 tarihine kadar yaşayıp<span class="excerpt-hellip"> […]</span></p>
