{"id":717999,"date":"2025-08-27T18:02:27","date_gmt":"2025-08-27T15:02:27","guid":{"rendered":"https:\/\/roveyayinevi.com.tr\/index.php\/urun\/eyvah-odevim-var\/"},"modified":"2026-04-16T02:26:16","modified_gmt":"2026-04-15T23:26:16","slug":"eyvah-odevim-var","status":"publish","type":"product","link":"https:\/\/roveyayinevi.com.tr\/index.php\/urun\/eyvah-odevim-var\/","title":{"rendered":"Eyvah \u00d6devim Var!"},"content":{"rendered":"<p>Nehir Yarar, bu kez bilgi okuryazarl\u0131\u011f\u0131 gibi g\u00fcncel bir konuya e\u011filiyor. Kopyala-yap\u0131\u015ft\u0131r d\u00fcnyas\u0131 ve k\u00fct\u00fcphaneler aras\u0131nda mekik dokurken g\u00fcndelik hayat\u0131m\u0131z\u0131n tam ortas\u0131ndaki bilgi al\u0131\u015fveri\u015flerimiz ve s\u0131cac\u0131k ili\u015fkilerimizin g\u00fczelli\u011fine de dikkat \u00e7ekiyor.Ne? \u00d6dev yapmak ve k\u00fct\u00fcphaneler s\u0131k\u0131c\u0131 m\u0131? Bir daha d\u00fc\u015f\u00fcn\u00fcn\u2026\u00d6\u011fretmenin verdi\u011fi \u00f6dev, Naci ve arkada\u015flar\u0131n\u0131n g\u00f6zlerinde b\u00fcy\u00fcr, b\u00fcy\u00fcr, kocaman olur. Bu seferki biraz farkl\u0131d\u0131r sanki. Nereden ba\u015flayacak, hangi yollara sapacak, k\u0131l\u0131ktan k\u0131l\u0131\u011fa giren do\u011fru bilgiyi nas\u0131l yakalayacaklard\u0131r? Derken i\u015f \u00f6yle renklenir ki tan\u0131mad\u0131klar\u0131 \u00e7ocuklar\u0131 s\u0131cac\u0131k g\u00fcl\u00fcmsetmeye kadar gider. Naci \u00e7ok heveslidir ancak \u00f6dev ekibi e\u011flence pe\u015findedir. Buna bilgisayar merakl\u0131s\u0131 M\u00fcfide teyze ve di\u011fer kom\u015fular\u0131yla ya\u015fad\u0131klar\u0131 komik anlar da eklenince \u00e7al\u0131\u015fmak epey zorla\u015f\u0131r. Onca i\u015f nas\u0131l yeti\u015fecektir? Neyse ki Leyla ve misafirperver k\u00fct\u00fcphaneler yan\u0131ndad\u0131r.Tema: Kendimizi d\u00fczenleme bi\u00e7imimizKavramlar ve Anahtar S\u00f6zc\u00fckler: Bilgi okuryazarl\u0131\u011f\u0131, k\u00fct\u00fcphaneler, k\u00fct\u00fcphanecilik, haklar, etik, sosyal sorumluluk, okul ya\u015fant\u0131s\u0131, aile, kom\u015fuluk, arkada\u015fl\u0131k, ileti\u015fim, kan\u0131t kullanmaTutum ve De\u011ferler: Ho\u015fg\u00f6r\u00fc, sevgi, sayg\u0131, yard\u0131mseverlik, sorumluluk, i\u015fbirli\u011fi, empatiProfil \u00d6\u011feleri: Ara\u015ft\u0131ran-sorgulayan, bilgili, duyarl\u0131, d\u00f6n\u00fc\u015f\u00fcml\u00fc d\u00fc\u015f\u00fcnen<\/p>\n","protected":false},"excerpt":{"rendered":"<p>Nehir Yarar, bu kez bilgi okuryazarl\u0131\u011f\u0131 gibi g\u00fcncel bir konuya e\u011filiyor. Kopyala-yap\u0131\u015ft\u0131r d\u00fcnyas\u0131 ve k\u00fct\u00fcphaneler aras\u0131nda mekik dokurken g\u00fcndelik hayat\u0131m\u0131z\u0131n tam ortas\u0131ndaki bilgi al\u0131\u015fveri\u015flerimiz ve s\u0131cac\u0131k<span class=\"excerpt-hellip\"> [\u2026]<\/span><\/p>\n","protected":false},"featured_media":0,"template":"","meta":{"_monsterinsights_skip_tracking":false,"_monsterinsights_sitenote_active":false,"_monsterinsights_sitenote_note":"","_monsterinsights_sitenote_category":0},"product_brand":[],"product_cat":[12274,12284],"product_tag":[],"class_list":{"0":"post-717999","1":"product","2":"type-product","3":"status-publish","5":"product_cat-cocuk-ve-genclik-kitaplari","6":"product_cat-hikayeler","7":"pa_cilt-ciltsiz","8":"pa_tur-kitap","9":"pa_yayinevi-elma-cocuk","10":"pa_yazar-nehir-yarar","12":"first","13":"instock","14":"sale","15":"shipping-taxable","16":"purchasable","17":"product-type-simple"},"_links":{"self":[{"href":"https:\/\/roveyayinevi.com.tr\/index.php\/wp-json\/wp\/v2\/product\/717999","targetHints":{"allow":["GET"]}}],"collection":[{"href":"https:\/\/roveyayinevi.com.tr\/index.php\/wp-json\/wp\/v2\/product"}],"about":[{"href":"https:\/\/roveyayinevi.com.tr\/index.php\/wp-json\/wp\/v2\/types\/product"}],"wp:attachment":[{"href":"https:\/\/roveyayinevi.com.tr\/index.php\/wp-json\/wp\/v2\/media?parent=717999"}],"wp:term":[{"taxonomy":"product_brand","embeddable":true,"href":"https:\/\/roveyayinevi.com.tr\/index.php\/wp-json\/wp\/v2\/product_brand?post=717999"},{"taxonomy":"product_cat","embeddable":true,"href":"https:\/\/roveyayinevi.com.tr\/index.php\/wp-json\/wp\/v2\/product_cat?post=717999"},{"taxonomy":"product_tag","embeddable":true,"href":"https:\/\/roveyayinevi.com.tr\/index.php\/wp-json\/wp\/v2\/product_tag?post=717999"}],"curies":[{"name":"wp","href":"https:\/\/api.w.org\/{rel}","templated":true}]}}