{"id":717994,"date":"2025-08-27T18:02:24","date_gmt":"2025-08-27T15:02:24","guid":{"rendered":"https:\/\/roveyayinevi.com.tr\/index.php\/urun\/asiklar-ve-diger-seyler\/"},"modified":"2026-04-16T02:26:16","modified_gmt":"2026-04-15T23:26:16","slug":"asiklar-ve-diger-seyler","status":"publish","type":"product","link":"https:\/\/roveyayinevi.com.tr\/index.php\/urun\/asiklar-ve-diger-seyler\/","title":{"rendered":"A\u015f\u0131klar ve Di\u011fer \u015eeyler"},"content":{"rendered":"<p>Ah! Nerde o eski a\u015fklar, \u00e2\u015f\u0131klar\u2026 \u00dcnl\u00fc Frans\u0131z karikat\u00fcrist Jean-Jacques Semp\u00e9\u2019nin, a\u015fk\u0131, \u00e2\u015f\u0131klar\u0131 ve ma\u015fuklar\u0131 anlatt\u0131\u011f\u0131 karikat\u00fcrlerinin bir derlemesi olan \u00c2\u015f\u0131klar ve Di\u011fer \u015eeyler, sevenle sevilen aras\u0131ndaki tozpembe ili\u015fkiyi farkl\u0131 katmanlarda ele alan \u00f6zel bir koleksiyon kitap.Semp\u00e9\u2019nin, a\u015fk\u0131n b\u00fcy\u00fcl\u00fc d\u00fcnyas\u0131na oklar\u0131n\u0131 f\u0131rlatt\u0131\u011f\u0131 karikat\u00fcrleri, imk\u00e2ns\u0131z a\u015fklardan trajik ayr\u0131l\u0131klara ve mutlu sonlara, \u00f6yk\u00fc i\u00e7inde \u00f6yk\u00fcler anlatarak a\u015fk\u0131n bin bir h\u00e2lini yans\u0131t\u0131yor.A\u015fk\u0131n ve dolayl\u0131 olarak \u00e2\u015f\u0131klar\u0131n, i\u00e7inde bulundu\u011fumuz t\u00fcketim \u00e7a\u011f\u0131ndan nas\u0131l etkilendiklerini g\u00f6zler \u00f6n\u00fcne seren Semp\u00e9, \u00e7o\u011fu zaman s\u00f6zs\u00fcz, yer yer de yaz\u0131yla tamamlad\u0131\u011f\u0131 karikat\u00fcrleriyle, a\u015fk kavram\u0131n\u0131 ele\u015ftirel bir bi\u00e7imde ele al\u0131yor.A\u015fk koca bir yan\u0131lsama m\u0131 yoksa vazge\u00e7ilmez bir tutku mu? A\u015fk bir ihtiya\u00e7sa neden bu kadar h\u0131zl\u0131 t\u00fcketiliyor? A\u015fk kavram\u0131n\u0131n ard\u0131nda yatan sihir ne? V\u00fccudunun en k\u00fc\u00e7\u00fck h\u00fccresine kadar a\u015fk\u0131 ya\u015fayanlar\u0131n hayatlar\u0131na odaklanan Semp\u00e9 karikat\u00fcrleri, a\u015fk\u0131 i\u00e7in hep uzaklara giden bir adam\u0131n \u00e7ekicili\u011finde, sevdi\u011finin ad\u0131n\u0131 banka kaz\u0131yan bir \u00e2\u015f\u0131\u011f\u0131n karma\u015f\u0131k zihninde, sevgilisinden ayr\u0131lmaya \u00e7al\u0131\u015fan karars\u0131z bir adam\u0131n dayanaks\u0131z bahanelerinde yeniden hayat buluyor.A\u015fk ve a\u015fka dair t\u00fcm renklerin bir arada kar\u015f\u0131m\u0131za \u00e7\u0131kt\u0131\u011f\u0131 bu n\u00fcktedan derleme, hem sevdal\u0131lar\u0131 hem de yaln\u0131zlar\u0131 g\u00fcl\u00fcmsetmeyi ba\u015fararak, mutlulukla burukluk aras\u0131nda yitip giden nice a\u015fk hik\u00e2yesine tan\u0131kl\u0131k ettiriyor.\u00c7oksatan kitaplar\u0131 ve sansasyonel karikat\u00fcr \u00e7al\u0131\u015fmalar\u0131n\u0131n yan\u0131 s\u0131ra New York Times, Paris Match, New Yorker gibi gazete ve dergilere yapt\u0131\u011f\u0131 \u00e7izimleriyle tan\u0131nan Semp\u00e9, \u00c2\u015f\u0131klar ve Di\u011fer \u015eeyler\u2019de, kad\u0131nl\u0131\u011f\u0131n ve erkekli\u011fin a\u015fk ile ili\u015fkisindeki hal-i p\u00fcr mel\u00e2li incelikli \u00e7izgiler kullanarak derinlikli bir \u015fekilde yans\u0131t\u0131yor. \u201cEn b\u00fcy\u00fck mutlulu\u011fum, tan\u0131d\u0131\u011f\u0131m her kad\u0131n\u0131n kalbinde kendimden bir par\u00e7a b\u0131rakm\u0131\u015f olmak&#8230;\u201d<\/p>\n","protected":false},"excerpt":{"rendered":"<p>Ah! Nerde o eski a\u015fklar, \u00e2\u015f\u0131klar\u2026 \u00dcnl\u00fc Frans\u0131z karikat\u00fcrist Jean-Jacques Semp\u00e9\u2019nin, a\u015fk\u0131, \u00e2\u015f\u0131klar\u0131 ve ma\u015fuklar\u0131 anlatt\u0131\u011f\u0131 karikat\u00fcrlerinin bir derlemesi olan \u00c2\u015f\u0131klar ve Di\u011fer \u015eeyler, sevenle sevilen<span class=\"excerpt-hellip\"> [\u2026]<\/span><\/p>\n","protected":false},"featured_media":0,"template":"","meta":{"_monsterinsights_skip_tracking":false,"_monsterinsights_sitenote_active":false,"_monsterinsights_sitenote_note":"","_monsterinsights_sitenote_category":0},"product_brand":[],"product_cat":[12291,49405],"product_tag":[],"class_list":{"0":"post-717994","1":"product","2":"type-product","3":"status-publish","5":"product_cat-edebiyat","6":"product_cat-karikatur","7":"pa_cilt-ciltsiz","8":"pa_tur-kitap","9":"pa_yayinevi-desen-yayinlari","10":"pa_yazar-jean-jacques-sempe","12":"first","13":"instock","14":"sale","15":"shipping-taxable","16":"purchasable","17":"product-type-simple"},"_links":{"self":[{"href":"https:\/\/roveyayinevi.com.tr\/index.php\/wp-json\/wp\/v2\/product\/717994","targetHints":{"allow":["GET"]}}],"collection":[{"href":"https:\/\/roveyayinevi.com.tr\/index.php\/wp-json\/wp\/v2\/product"}],"about":[{"href":"https:\/\/roveyayinevi.com.tr\/index.php\/wp-json\/wp\/v2\/types\/product"}],"wp:attachment":[{"href":"https:\/\/roveyayinevi.com.tr\/index.php\/wp-json\/wp\/v2\/media?parent=717994"}],"wp:term":[{"taxonomy":"product_brand","embeddable":true,"href":"https:\/\/roveyayinevi.com.tr\/index.php\/wp-json\/wp\/v2\/product_brand?post=717994"},{"taxonomy":"product_cat","embeddable":true,"href":"https:\/\/roveyayinevi.com.tr\/index.php\/wp-json\/wp\/v2\/product_cat?post=717994"},{"taxonomy":"product_tag","embeddable":true,"href":"https:\/\/roveyayinevi.com.tr\/index.php\/wp-json\/wp\/v2\/product_tag?post=717994"}],"curies":[{"name":"wp","href":"https:\/\/api.w.org\/{rel}","templated":true}]}}