{"id":717993,"date":"2025-08-27T18:02:23","date_gmt":"2025-08-27T15:02:23","guid":{"rendered":"https:\/\/roveyayinevi.com.tr\/index.php\/urun\/herkesin-evine-dondugu-gun\/"},"modified":"2026-04-16T02:26:16","modified_gmt":"2026-04-15T23:26:16","slug":"herkesin-evine-dondugu-gun","status":"publish","type":"product","link":"https:\/\/roveyayinevi.com.tr\/index.php\/urun\/herkesin-evine-dondugu-gun\/","title":{"rendered":"Herkesin Evine D\u00f6nd\u00fc\u011f\u00fc G\u00fcn"},"content":{"rendered":"<p>Asl\u0131 Tohumcu, kendinden ba\u015fkas\u0131na ya\u015fam hakk\u0131 tan\u0131mayan insan\u0131n d\u00fcnyas\u0131nda masals\u0131 bir gece yolculu\u011funa \u00e7\u0131kar\u0131yor okurlar\u0131\u0131n. Umudu yine \u00e7ocuklar\u0131n ta\u015f\u0131d\u0131\u011f\u0131 \u00f6yk\u00fc, H\u00fcseyin S\u00f6nmezay&#8217;\u0131n g\u00fc\u00e7l\u00fc desenleriyle canlan\u0131yor.Tuhaf bir geceydi. \u015eehrin sokaklar\u0131, ba\u015ftan a\u015fa\u011f\u0131 insandan heykellerle donat\u0131lm\u0131\u015f gibiydi. Sanki t\u00fcm \u015fehir bir \u201ctuhaf sanatlar m\u00fczesi\u201dne d\u00f6nm\u00fc\u015ft\u00fc. Neydi bu insanlar\u0131 k\u0131p\u0131rt\u0131s\u0131z hale getiren? \u015ea\u015f\u0131rd\u0131klar\u0131 i\u00e7in mi b\u00f6yleydiler, yoksa yapt\u0131klar\u0131 bir \u015feyden utand\u0131klar\u0131 i\u00e7in mi? Derken, ay \u0131\u015f\u0131\u011f\u0131 \u015fehrin meydan\u0131n\u0131 ayd\u0131nlatt\u0131. Beklenmeyen misafirleri ve onlara e\u015flik eden \u00e7ocuklar\u0131&#8230;<\/p>\n","protected":false},"excerpt":{"rendered":"<p>Asl\u0131 Tohumcu, kendinden ba\u015fkas\u0131na ya\u015fam hakk\u0131 tan\u0131mayan insan\u0131n d\u00fcnyas\u0131nda masals\u0131 bir gece yolculu\u011funa \u00e7\u0131kar\u0131yor okurlar\u0131\u0131n. Umudu yine \u00e7ocuklar\u0131n ta\u015f\u0131d\u0131\u011f\u0131 \u00f6yk\u00fc, H\u00fcseyin S\u00f6nmezay&#8217;\u0131n g\u00fc\u00e7l\u00fc desenleriyle canlan\u0131yor.Tuhaf bir<span class=\"excerpt-hellip\"> [\u2026]<\/span><\/p>\n","protected":false},"featured_media":0,"template":"","meta":{"_monsterinsights_skip_tracking":false,"_monsterinsights_sitenote_active":false,"_monsterinsights_sitenote_note":"","_monsterinsights_sitenote_category":0},"product_brand":[],"product_cat":[12275,12274],"product_tag":[],"class_list":{"0":"post-717993","1":"product","2":"type-product","3":"status-publish","5":"product_cat-6-12-yas-kitaplari","6":"product_cat-cocuk-ve-genclik-kitaplari","7":"pa_cilt-ciltsiz","8":"pa_tur-kitap","9":"pa_yayinevi-can-cocuk-yayinlari","10":"pa_yazar-asli-tohumcu","12":"first","13":"instock","14":"sale","15":"shipping-taxable","16":"purchasable","17":"product-type-simple"},"_links":{"self":[{"href":"https:\/\/roveyayinevi.com.tr\/index.php\/wp-json\/wp\/v2\/product\/717993","targetHints":{"allow":["GET"]}}],"collection":[{"href":"https:\/\/roveyayinevi.com.tr\/index.php\/wp-json\/wp\/v2\/product"}],"about":[{"href":"https:\/\/roveyayinevi.com.tr\/index.php\/wp-json\/wp\/v2\/types\/product"}],"wp:attachment":[{"href":"https:\/\/roveyayinevi.com.tr\/index.php\/wp-json\/wp\/v2\/media?parent=717993"}],"wp:term":[{"taxonomy":"product_brand","embeddable":true,"href":"https:\/\/roveyayinevi.com.tr\/index.php\/wp-json\/wp\/v2\/product_brand?post=717993"},{"taxonomy":"product_cat","embeddable":true,"href":"https:\/\/roveyayinevi.com.tr\/index.php\/wp-json\/wp\/v2\/product_cat?post=717993"},{"taxonomy":"product_tag","embeddable":true,"href":"https:\/\/roveyayinevi.com.tr\/index.php\/wp-json\/wp\/v2\/product_tag?post=717993"}],"curies":[{"name":"wp","href":"https:\/\/api.w.org\/{rel}","templated":true}]}}