{"id":717986,"date":"2025-08-27T18:02:18","date_gmt":"2025-08-27T15:02:18","guid":{"rendered":"https:\/\/roveyayinevi.com.tr\/index.php\/urun\/bahar-kokusu\/"},"modified":"2026-04-16T02:26:16","modified_gmt":"2026-04-15T23:26:16","slug":"bahar-kokusu","status":"publish","type":"product","link":"https:\/\/roveyayinevi.com.tr\/index.php\/urun\/bahar-kokusu\/","title":{"rendered":"Bahar Kokusu"},"content":{"rendered":"<p>Ge\u00e7mi\u015fi ile bug\u00fcn aras\u0131nda s\u0131k\u0131\u015fm\u0131\u015f bir kad\u0131n  ve ona hem korkuyu hem de tutkuyu vadeden gururlu bir adam&#8230; Hi\u00e7 kimse s\u0131r saklaman\u0131n \u00f6nemini Alison Taylor&#8217;dan daha iyi bilemez. D\u00fc\u015fm\u00fc\u015f kad\u0131nlar i\u00e7in bar\u0131nak olan Umut Evi\u2019nin erdem krali\u00e7esi, ketum ve g\u00f6steri\u015ften uzak kimli\u011fi sayesinde kendini adad\u0131\u011f\u0131 bu sahte d\u00fcnyan\u0131n i\u00e7inde neredeyse g\u00f6r\u00fcnmezdir. Hayat\u0131n\u0131n de\u011fi\u015fti\u011fi f\u0131rt\u0131nal\u0131 gecede onu sevdi\u011fi herkesi geride b\u0131rakmaya zorlayan tehdit yeniden hayat\u0131na girince Alison Taylor, ka\u00e7mak yerine do\u011frudan soruna  odaklanmaya karar verir. Ancak hesap edemedi\u011fi \u015fey, Alison\u2019\u0131n varl\u0131\u011f\u0131n\u0131 sevdikleri i\u00e7in hakaret olarak g\u00f6ren kibirli bir adam\u0131n \u00f6fkesidir. Aristokrasinin kusursuz temsilcilerinden biri olarak g\u00f6r\u00fclen Wakefield Markisi TristanTalbot, ahlaki yozla\u015fman\u0131n s\u00fczgecinden ge\u00e7emeyen ki\u015filere kar\u015f\u0131 g\u00f6sterdi\u011fi kat\u0131 tutumuyla da tan\u0131nmaktad\u0131r. \u0130ki sene \u00f6nce son derece uygunsuz \u015fartlarda dikkatini \u00e7ekme hatas\u0131na d\u00fc\u015fen kad\u0131n, yeniden kar\u015f\u0131s\u0131na \u00e7\u0131karak ve daha k\u00f6t\u00fcs\u00fc ailesine yakla\u015fmaya \u00e7al\u0131\u015farak \u00f6fke ve merak\u0131n\u0131 harekete ge\u00e7irir. \u0130lgin\u00e7 tesad\u00fcfler \u00e7ok ge\u00e7meden ka\u00e7\u0131n\u0131lmaz kar\u015f\u0131la\u015fmalara d\u00f6n\u00fc\u015f\u00fcrken, ge\u00e7mi\u015fte aralar\u0131nda parlayan k\u0131v\u0131lc\u0131m yerini h\u0131zla b\u00fcy\u00fcyen bir ate\u015fe b\u0131rak\u0131r. \u201cSiz a\u011fl\u0131yor musunuz Bayan Taylor? Hay\u0131r, ben a\u011flamam. Tristan bu h\u0131zl\u0131 yan\u0131t\u0131n sa\u00e7mal\u0131\u011f\u0131 kar\u015f\u0131s\u0131nda g\u00fclmek istedi ama kad\u0131n\u0131n p\u00fcr\u00fczs\u00fcz yana\u011f\u0131ndan yuvarlan\u0131p \u00e7enesinin alt\u0131nda kaybolan g\u00f6zya\u015f\u0131n\u0131n geride b\u0131rakt\u0131\u011f\u0131 ize bakarken g\u00fclmek i\u00e7inden gelmiyordu. Yava\u015f\u00e7a onu kendine \u00e7evirdi, g\u00f6zlerini g\u00f6rmek istiyordu ve&#8230; Lanet olsun. Huysuz bir \u00e7ocuk ya da histerik bir kad\u0131n&#8230; a\u011flayan kim olursa olsun, g\u00f6zya\u015flar\u0131ndan \u00f6nce y\u00fcz\u00fcn\u00b8 ac\u0131kl\u0131 hisleri kaplard\u0131. Fakat AlisonTaylor&#8217;\u0131n y\u00fcz\u00fcnde donuk bir \u00fcz\u00fcnt\u00fc ve taptaze bir pembelik d\u0131\u015f\u0131nda sadece sicim gibi ya\u015flar vard\u0131. Ne y\u00fcz\u00fcn buru\u015fturuyor ne de titriyordu. Buna ra\u011fmen Tristan&#8230; daha \u00f6nce bu kadar kederli bir y\u00fcz g\u00f6rmedi\u011fini d\u00fc\u015f\u00fcn\u00fcyordu.\u201d <\/p>\n","protected":false},"excerpt":{"rendered":"<p>Ge\u00e7mi\u015fi ile bug\u00fcn aras\u0131nda s\u0131k\u0131\u015fm\u0131\u015f bir kad\u0131n ve ona hem korkuyu hem de tutkuyu vadeden gururlu bir adam&#8230; Hi\u00e7 kimse s\u0131r saklaman\u0131n \u00f6nemini Alison Taylor&#8217;dan daha<span class=\"excerpt-hellip\"> [\u2026]<\/span><\/p>\n","protected":false},"featured_media":0,"template":"","meta":{"_monsterinsights_skip_tracking":false,"_monsterinsights_sitenote_active":false,"_monsterinsights_sitenote_note":"","_monsterinsights_sitenote_category":0},"product_brand":[],"product_cat":[12291,12711],"product_tag":[],"class_list":{"0":"post-717986","1":"product","2":"type-product","3":"status-publish","5":"product_cat-edebiyat","6":"product_cat-roman-oyku","7":"pa_cilt-ciltsiz","8":"pa_tur-kitap","9":"pa_yayinevi-epsilon-yayinlari","10":"pa_yazar-rita-hunter","12":"first","13":"instock","14":"sale","15":"shipping-taxable","16":"purchasable","17":"product-type-simple"},"_links":{"self":[{"href":"https:\/\/roveyayinevi.com.tr\/index.php\/wp-json\/wp\/v2\/product\/717986","targetHints":{"allow":["GET"]}}],"collection":[{"href":"https:\/\/roveyayinevi.com.tr\/index.php\/wp-json\/wp\/v2\/product"}],"about":[{"href":"https:\/\/roveyayinevi.com.tr\/index.php\/wp-json\/wp\/v2\/types\/product"}],"wp:attachment":[{"href":"https:\/\/roveyayinevi.com.tr\/index.php\/wp-json\/wp\/v2\/media?parent=717986"}],"wp:term":[{"taxonomy":"product_brand","embeddable":true,"href":"https:\/\/roveyayinevi.com.tr\/index.php\/wp-json\/wp\/v2\/product_brand?post=717986"},{"taxonomy":"product_cat","embeddable":true,"href":"https:\/\/roveyayinevi.com.tr\/index.php\/wp-json\/wp\/v2\/product_cat?post=717986"},{"taxonomy":"product_tag","embeddable":true,"href":"https:\/\/roveyayinevi.com.tr\/index.php\/wp-json\/wp\/v2\/product_tag?post=717986"}],"curies":[{"name":"wp","href":"https:\/\/api.w.org\/{rel}","templated":true}]}}