{"id":717980,"date":"2025-08-27T18:02:15","date_gmt":"2025-08-27T15:02:15","guid":{"rendered":"https:\/\/roveyayinevi.com.tr\/index.php\/urun\/kahin-bir-nietzsche-seckisi\/"},"modified":"2026-04-16T02:26:16","modified_gmt":"2026-04-15T23:26:16","slug":"kahin-bir-nietzsche-seckisi","status":"publish","type":"product","link":"https:\/\/roveyayinevi.com.tr\/index.php\/urun\/kahin-bir-nietzsche-seckisi\/","title":{"rendered":"Kahin; Bir Nietzsche Se\u00e7kisi"},"content":{"rendered":"<p>Felsefe kendisini \u00f6grenmemize izin vermez;insan sadece felsefe yapmay\u0131 \u00f6grenir (Kant).Her felsefe ifadesi o ifadenin olduguyasanm\u0131s,kisisel bir seydir ve ifadesi olduguseyin i\u00e7inde yasar.Biz baskalar\u0131, onu sadece anlamaya \u00e7al\u0131s\u0131r\u0131z;anlamakla yasamak aras\u0131nda bir u\u00e7urum a\u00e7\u0131l\u0131r kio hayal g\u00fcc\u00fcn\u00fcn \u00fczerinden u\u00e7amayacag\u0131 kadar dard\u0131r;emin bir ad\u0131ma cesaret edilemeyecek kadar da genistir.Elinizdeki kitap, d\u00fcs\u00fcn\u00fcr Nietzsche\u2019nin propagandas\u0131n\u0131yapmaktad\u0131r: Filozofun reklam\u0131n\u0131; bir filozofun vefelsefesinin reklam\u0131n\u0131 degil. Nietzsche k\u00fclliyat\u0131ndan yap\u0131lan bu degerli se\u00e7kiyi SedatUmran \u00e7evirisi ile sunuyoruz.<\/p>\n","protected":false},"excerpt":{"rendered":"<p>Felsefe kendisini \u00f6grenmemize izin vermez;insan sadece felsefe yapmay\u0131 \u00f6grenir (Kant).Her felsefe ifadesi o ifadenin olduguyasanm\u0131s,kisisel bir seydir ve ifadesi olduguseyin i\u00e7inde yasar.Biz baskalar\u0131, onu sadece anlamaya<span class=\"excerpt-hellip\"> [\u2026]<\/span><\/p>\n","protected":false},"featured_media":0,"template":"","meta":{"_monsterinsights_skip_tracking":false,"_monsterinsights_sitenote_active":false,"_monsterinsights_sitenote_note":"","_monsterinsights_sitenote_category":0},"product_brand":[],"product_cat":[20351,12388],"product_tag":[],"class_list":{"0":"post-717980","1":"product","2":"type-product","3":"status-publish","5":"product_cat-dusunce","6":"product_cat-felsefe","7":"pa_cilt-ciltsiz","8":"pa_tur-kitap","9":"pa_yayinevi-fol-kitap","10":"pa_yazar-friedrich-nietzsche","12":"first","13":"instock","14":"sale","15":"shipping-taxable","16":"purchasable","17":"product-type-simple"},"_links":{"self":[{"href":"https:\/\/roveyayinevi.com.tr\/index.php\/wp-json\/wp\/v2\/product\/717980","targetHints":{"allow":["GET"]}}],"collection":[{"href":"https:\/\/roveyayinevi.com.tr\/index.php\/wp-json\/wp\/v2\/product"}],"about":[{"href":"https:\/\/roveyayinevi.com.tr\/index.php\/wp-json\/wp\/v2\/types\/product"}],"wp:attachment":[{"href":"https:\/\/roveyayinevi.com.tr\/index.php\/wp-json\/wp\/v2\/media?parent=717980"}],"wp:term":[{"taxonomy":"product_brand","embeddable":true,"href":"https:\/\/roveyayinevi.com.tr\/index.php\/wp-json\/wp\/v2\/product_brand?post=717980"},{"taxonomy":"product_cat","embeddable":true,"href":"https:\/\/roveyayinevi.com.tr\/index.php\/wp-json\/wp\/v2\/product_cat?post=717980"},{"taxonomy":"product_tag","embeddable":true,"href":"https:\/\/roveyayinevi.com.tr\/index.php\/wp-json\/wp\/v2\/product_tag?post=717980"}],"curies":[{"name":"wp","href":"https:\/\/api.w.org\/{rel}","templated":true}]}}