{"id":717969,"date":"2025-08-27T18:02:08","date_gmt":"2025-08-27T15:02:08","guid":{"rendered":"https:\/\/roveyayinevi.com.tr\/index.php\/urun\/nazarbayevin-kazakistani\/"},"modified":"2026-04-16T02:26:16","modified_gmt":"2026-04-15T23:26:16","slug":"nazarbayevin-kazakistani","status":"publish","type":"product","link":"https:\/\/roveyayinevi.com.tr\/index.php\/urun\/nazarbayevin-kazakistani\/","title":{"rendered":"Nazarbayev&#8217;in Kazakistan\u0131"},"content":{"rendered":"<p>19. Y\u00fczy\u0131l Avrupa , 20. y\u00fczy\u0131l Amerika \u00e7a\u011f\u0131yd\u0131.Kendi i\u00e7inde bar\u0131nd\u0131rd\u0131\u011f\u0131 b\u00fcy\u00fck f\u0131rsatlar, z\u0131tl\u0131klar ve tehditler d\u00fc\u015f\u00fcn\u00fcld\u00fc\u011f\u00fcnde 21. y\u00fczy\u0131l Asya \u00e7a\u011f\u0131 olaca\u011f\u0131 daha \u015fimdiden tart\u0131\u015f\u0131lmaktad\u0131r.Sahip oldu\u011fu do\u011fal kaynaklar , mikro milliyet\u00e7ilik , b\u00fct\u00fcnle\u015fme , su s\u0131n\u0131r ve bunlara ba\u011fl\u0131 olarak \u00f6ng\u00f6r\u00fclmezlik.\u015e\u00fcphesiz ki Kazakistan , bu b\u00fcy\u00fck resmin i\u00e7inde sahip oldu\u011fu jeokonomik avantajlar\u0131 ile \u00e7ok durmaktad\u0131r.D\u00fcnyan\u0131n dokuzuncu b\u00fcy\u00fck \u00fcklesi olan ve 2.7 milyon kilometrelik y\u00fcz \u00f6l\u00e7\u00fcm\u00fc ile b\u00fct\u00fcn T\u00fcrk ve M\u00fcsl\u00fcman \u00fclkelerden b\u00fcy\u00fck olan Orta Asya&#8217;n\u0131n ba\u011f\u0131ms\u0131z T\u00fcrk devletlerinden Kazakistan Cumhuriyeti , Astana (Nursultan) gibi \u00e7ok gen\u00e7 bir ba\u015fkenti olmas\u0131na ra\u011fmen \u00e7ok k\u00f6kl\u00fc bir ge\u00e7mi\u015fe sahiptir.Topraklar\u0131 hem Asya hemde Avrupa k\u0131tas\u0131nda bulunan \u00fc\u00e7 \u00fclkeden biri olan ,petrol ve do\u011fal gaz a\u00e7\u0131s\u0131ndan zengin , Orta Asya b\u00f6lgesinin siyasi ve ekonomik olarak en istikrarl\u0131 ve m\u00fcreffeh \u00fclkesi, alm\u0131\u015f oldu\u011fu insiyatifler ve \u00fcretmi\u015f oldu\u011fu kurumsal fikirler ile T\u00fcrk d\u00fcnyas\u0131n\u0131n lideri olan Kazakistan . gerek T\u00fcrkiye&#8217;de gerekse d\u00fcnyada hak etti\u011fi kadar tan\u0131nmaktad\u0131r.Dolay\u0131s\u0131yla bu hakk\u0131n teslim edilmesi amac\u0131yla sadece Kazakistan \u00fczerine yaz\u0131lar\u0131n oldu\u011fu elinizdeki bu kitapta, Kazakistan&#8217;\u0131n Atlantik ile Avrasya ile olan d\u0131\u015f politikas\u0131nda T\u00fcrkiye ile olan ekonomik, k\u00fclt\u00fcrel ve e\u011fitim ili\u015fkilerine;Kazakistan&#8217;\u0131n d\u0131\u015f politikas\u0131 son d\u00f6nemde elde etti\u011fi temel ba\u015far\u0131lar\u0131na , Kazak kimli\u011fi ve lider etkenlerinin Kazak i\u00e7 ve d\u0131\u015f siyasetini nas\u0131l \u015fekillendirdiine ve Kazakistan&#8217;\u0131n ba\u011f\u0131ms\u0131zl\u0131ktan g\u00fcn\u00fcm\u00fcze ya\u015fam\u0131\u015f oldu\u011fu su s\u0131n\u0131r ve b\u00fct\u00fcnle\u015fme problemlerine dair \u00e7ok geni\u015f bir perspektif bulacaks\u0131n\u0131z.Oyuncu bu kitapta, Nazarbayev&#8217;in 3N-1K yani neyi ni\u00e7in, nas\u0131l yapt\u0131\u011f\u0131n\u0131 ve Kazakistan&#8217;\u0131n nereye g\u00f6t\u00fcrmek istedi\u011fini g\u00f6recektir.Dolay\u0131s\u0131yla bu kitap, bug\u00fcnk\u00fc Kazakistan&#8217;\u0131n nereden g\u00f6t\u00fcrmek istedi\u011fini g\u00f6recektir.Dolay\u0131s\u0131yla bu kitap , bug\u00fcnk\u00fc Kazakistan&#8217;\u0131n nerden nereye geldi\u011fini ve nerelere gelece\u011fini anlamak isteyen \u00f6\u011frencilierin , akademisyenlerin ,yazarlar\u0131n ,i\u015f insanlar\u0131n\u0131n , siyaset\u00e7ilerin ve k\u0131sacas\u0131 Orta Asya ve Kazakistan&#8217;dan geli\u015fmeleri mera eden herkesin istifade edebilece\u011fi bir kitapt\u0131r. &#8220;D\u00fcnya n\u00fcfusunun \u00e7o\u011funlu\u011fu Asya&#8217;dad\u0131r.Do\u011fal zenginlikler Asya&#8217;dad\u0131r. En zengin k\u00fclt\u00fcr Asya&#8217;dad\u0131r. Gelecekte Asya&#8217;dad\u0131r&#8221;<\/p>\n","protected":false},"excerpt":{"rendered":"<p>19. Y\u00fczy\u0131l Avrupa , 20. y\u00fczy\u0131l Amerika \u00e7a\u011f\u0131yd\u0131.Kendi i\u00e7inde bar\u0131nd\u0131rd\u0131\u011f\u0131 b\u00fcy\u00fck f\u0131rsatlar, z\u0131tl\u0131klar ve tehditler d\u00fc\u015f\u00fcn\u00fcld\u00fc\u011f\u00fcnde 21. y\u00fczy\u0131l Asya \u00e7a\u011f\u0131 olaca\u011f\u0131 daha \u015fimdiden tart\u0131\u015f\u0131lmaktad\u0131r.Sahip oldu\u011fu do\u011fal<span class=\"excerpt-hellip\"> [\u2026]<\/span><\/p>\n","protected":false},"featured_media":0,"template":"","meta":{"_monsterinsights_skip_tracking":false,"_monsterinsights_sitenote_active":false,"_monsterinsights_sitenote_note":"","_monsterinsights_sitenote_category":0},"product_brand":[],"product_cat":[13590,12337],"product_tag":[],"class_list":{"0":"post-717969","1":"product","2":"type-product","3":"status-publish","5":"product_cat-arastirma-inceleme-politika-siyaset","6":"product_cat-politika-siyaset","7":"pa_cilt-ciltsiz","8":"pa_tur-kitap","9":"pa_yayinevi-astana-yayinlari","10":"pa_yazar-serdar-yilmaz","12":"first","13":"instock","14":"sale","15":"shipping-taxable","16":"purchasable","17":"product-type-simple"},"_links":{"self":[{"href":"https:\/\/roveyayinevi.com.tr\/index.php\/wp-json\/wp\/v2\/product\/717969","targetHints":{"allow":["GET"]}}],"collection":[{"href":"https:\/\/roveyayinevi.com.tr\/index.php\/wp-json\/wp\/v2\/product"}],"about":[{"href":"https:\/\/roveyayinevi.com.tr\/index.php\/wp-json\/wp\/v2\/types\/product"}],"wp:attachment":[{"href":"https:\/\/roveyayinevi.com.tr\/index.php\/wp-json\/wp\/v2\/media?parent=717969"}],"wp:term":[{"taxonomy":"product_brand","embeddable":true,"href":"https:\/\/roveyayinevi.com.tr\/index.php\/wp-json\/wp\/v2\/product_brand?post=717969"},{"taxonomy":"product_cat","embeddable":true,"href":"https:\/\/roveyayinevi.com.tr\/index.php\/wp-json\/wp\/v2\/product_cat?post=717969"},{"taxonomy":"product_tag","embeddable":true,"href":"https:\/\/roveyayinevi.com.tr\/index.php\/wp-json\/wp\/v2\/product_tag?post=717969"}],"curies":[{"name":"wp","href":"https:\/\/api.w.org\/{rel}","templated":true}]}}