{"id":717967,"date":"2025-08-27T18:02:07","date_gmt":"2025-08-27T15:02:07","guid":{"rendered":"https:\/\/roveyayinevi.com.tr\/index.php\/urun\/naz-kahvesi\/"},"modified":"2026-04-16T02:26:16","modified_gmt":"2026-04-15T23:26:16","slug":"naz-kahvesi","status":"publish","type":"product","link":"https:\/\/roveyayinevi.com.tr\/index.php\/urun\/naz-kahvesi\/","title":{"rendered":"Naz Kahvesi"},"content":{"rendered":"<p>\u201c\u0130\u00e7inde bir \u00e7ocuk b\u00fcy\u00fct\u00fcyordun, bilmiyordun. D\u00fc\u015fe dald\u0131\u011f\u0131n\u0131 fark etti\u011fimde kahvenin k\u00f6p\u00fc\u011f\u00fc ta\u015fmak \u00fczereydi, bir \u0130spanyolca \u015fark\u0131 \u00e7al\u0131yordu ve \u015fark\u0131y\u0131 s\u00f6yleyen o kad\u0131n, keman\u0131 ah\u015fap bir kelebe\u011fe benzetiyordu. \u00c7ok g\u00fczeldin ve ben sana bakarken yeniden do\u011fuyordum hep. \u201cSu gibi\u201d derlerdi senin gibilere \u00e7ocuklu\u011fumun kad\u0131nlar\u0131&#8230; \u201cSu gibi\u201d&#8230; Yeni y\u00fczler, eski y\u00fczlere yol a\u00e7\u0131yordu i\u00e7imde ve ben o yeni y\u00fczlerle eski y\u00fczler aras\u0131nda bir gelgitte da\u011f\u0131lan par\u00e7alar\u0131n\u0131 toplamaya \u00e7al\u0131\u015f\u0131yordum y\u00fcz\u00fcn\u00fcn.\u201dMerve Ko\u00e7ak Kurt&#8217;tan i\u00e7li a\u015fk \u00f6yk\u00fcleri&#8230; \u00d6yk\u00fclerin kahramanlar\u0131 bazen isimsiz ama hi\u00e7 yabanc\u0131 de\u011fil. Kad\u0131n&#8217;\u0131 Adam&#8217;a bak\u0131\u015f\u0131ndan, Adam&#8217;\u0131 Kad\u0131n&#8217;a g\u00fcl\u00fcmseyi\u015finden tan\u0131y\u0131veriyoruz. Sat\u0131rlarda k\u0131rg\u0131n akisler&#8230; Aynalar\u0131 ve yans\u0131malar\u0131 eskiten zaman\u0131n duygular kar\u015f\u0131s\u0131ndaki ba\u015far\u0131s\u0131zl\u0131\u011f\u0131n\u0131 okuyoruz. K\u0131rklara kar\u0131\u015fsa da birileri; yaralar canl\u0131, hisler diri.Yazg\u0131s\u0131n\u0131 okuyup ad\u0131na yaz\u0131lmayanlar\u0131 k\u00e2\u011f\u0131da d\u00f6kenlerin, d\u00fcnyan\u0131n b\u00fct\u00fcn yaln\u0131zlar\u0131n\u0131n diliyle konu\u015fan bir kitap \u201cNaz Kahvesi\u201d&#8230; Kimi zaman yasemin, kimi zaman han\u0131meli kokulu ve ilhamla dolu&#8230;<\/p>\n","protected":false},"excerpt":{"rendered":"<p>\u201c\u0130\u00e7inde bir \u00e7ocuk b\u00fcy\u00fct\u00fcyordun, bilmiyordun. D\u00fc\u015fe dald\u0131\u011f\u0131n\u0131 fark etti\u011fimde kahvenin k\u00f6p\u00fc\u011f\u00fc ta\u015fmak \u00fczereydi, bir \u0130spanyolca \u015fark\u0131 \u00e7al\u0131yordu ve \u015fark\u0131y\u0131 s\u00f6yleyen o kad\u0131n, keman\u0131 ah\u015fap bir kelebe\u011fe<span class=\"excerpt-hellip\"> [\u2026]<\/span><\/p>\n","protected":false},"featured_media":0,"template":"","meta":{"_monsterinsights_skip_tracking":false,"_monsterinsights_sitenote_active":false,"_monsterinsights_sitenote_note":"","_monsterinsights_sitenote_category":0},"product_brand":[],"product_cat":[12291,12711],"product_tag":[],"class_list":{"0":"post-717967","1":"product","2":"type-product","3":"status-publish","5":"product_cat-edebiyat","6":"product_cat-roman-oyku","7":"pa_cilt-ciltsiz","8":"pa_tur-kitap","9":"pa_yayinevi-profil-kitap","10":"pa_yazar-merve-kocak-kurt","12":"first","13":"instock","14":"sale","15":"shipping-taxable","16":"purchasable","17":"product-type-simple"},"_links":{"self":[{"href":"https:\/\/roveyayinevi.com.tr\/index.php\/wp-json\/wp\/v2\/product\/717967","targetHints":{"allow":["GET"]}}],"collection":[{"href":"https:\/\/roveyayinevi.com.tr\/index.php\/wp-json\/wp\/v2\/product"}],"about":[{"href":"https:\/\/roveyayinevi.com.tr\/index.php\/wp-json\/wp\/v2\/types\/product"}],"wp:attachment":[{"href":"https:\/\/roveyayinevi.com.tr\/index.php\/wp-json\/wp\/v2\/media?parent=717967"}],"wp:term":[{"taxonomy":"product_brand","embeddable":true,"href":"https:\/\/roveyayinevi.com.tr\/index.php\/wp-json\/wp\/v2\/product_brand?post=717967"},{"taxonomy":"product_cat","embeddable":true,"href":"https:\/\/roveyayinevi.com.tr\/index.php\/wp-json\/wp\/v2\/product_cat?post=717967"},{"taxonomy":"product_tag","embeddable":true,"href":"https:\/\/roveyayinevi.com.tr\/index.php\/wp-json\/wp\/v2\/product_tag?post=717967"}],"curies":[{"name":"wp","href":"https:\/\/api.w.org\/{rel}","templated":true}]}}