{"id":717962,"date":"2025-08-27T18:02:03","date_gmt":"2025-08-27T15:02:03","guid":{"rendered":"https:\/\/roveyayinevi.com.tr\/index.php\/urun\/bir-balkopugu-hikayesi\/"},"modified":"2026-03-12T02:34:51","modified_gmt":"2026-03-11T23:34:51","slug":"bir-balkopugu-hikayesi","status":"publish","type":"product","link":"https:\/\/roveyayinevi.com.tr\/index.php\/urun\/bir-balkopugu-hikayesi\/","title":{"rendered":"Bir Balk\u00f6p\u00fc\u011f\u00fc Hikayesi"},"content":{"rendered":"<p>Yine sen mi a\u011flad\u0131n gizlice Ya\u011fmurlara kar\u0131\u015fm\u0131\u015f g\u00f6zya\u015flar\u0131n usuldanUsul usul ya\u011f\u0131yor mart ya\u011fmurlar\u0131 G\u00f6\u011fs\u00fcn\u00fc gere gere ya\u011fmuru kar\u015f\u0131l\u0131yorK\u0131r menek\u015feleri halinden memnunSen yine de g\u00fcl g\u00fcl\u00fcmseKahkahalar\u0131n ne\u015fe sa\u00e7s\u0131nKiraz \u00e7i\u00e7ekleri meyveye dursun Yaz gelsin balk\u00f6p\u00fc\u011f\u00fc g\u00f6zlerine<\/p>\n","protected":false},"excerpt":{"rendered":"<p>Yine sen mi a\u011flad\u0131n gizlice Ya\u011fmurlara kar\u0131\u015fm\u0131\u015f g\u00f6zya\u015flar\u0131n usuldanUsul usul ya\u011f\u0131yor mart ya\u011fmurlar\u0131 G\u00f6\u011fs\u00fcn\u00fc gere gere ya\u011fmuru kar\u015f\u0131l\u0131yorK\u0131r menek\u015feleri halinden memnunSen yine de g\u00fcl g\u00fcl\u00fcmseKahkahalar\u0131n ne\u015fe<span class=\"excerpt-hellip\"> [\u2026]<\/span><\/p>\n","protected":false},"featured_media":0,"template":"","meta":{"_monsterinsights_skip_tracking":false,"_monsterinsights_sitenote_active":false,"_monsterinsights_sitenote_note":"","_monsterinsights_sitenote_category":0},"product_brand":[],"product_cat":[12291,12509],"product_tag":[],"class_list":{"0":"post-717962","1":"product","2":"type-product","3":"status-publish","5":"product_cat-edebiyat","6":"product_cat-siir","7":"pa_cilt-ciltsiz","8":"pa_tur-kitap","9":"pa_yayinevi-kirmizi-cati-yayinlari","10":"pa_yazar-ahmet-kafkas","12":"first","13":"instock","14":"sale","15":"shipping-taxable","16":"purchasable","17":"product-type-simple"},"_links":{"self":[{"href":"https:\/\/roveyayinevi.com.tr\/index.php\/wp-json\/wp\/v2\/product\/717962","targetHints":{"allow":["GET"]}}],"collection":[{"href":"https:\/\/roveyayinevi.com.tr\/index.php\/wp-json\/wp\/v2\/product"}],"about":[{"href":"https:\/\/roveyayinevi.com.tr\/index.php\/wp-json\/wp\/v2\/types\/product"}],"wp:attachment":[{"href":"https:\/\/roveyayinevi.com.tr\/index.php\/wp-json\/wp\/v2\/media?parent=717962"}],"wp:term":[{"taxonomy":"product_brand","embeddable":true,"href":"https:\/\/roveyayinevi.com.tr\/index.php\/wp-json\/wp\/v2\/product_brand?post=717962"},{"taxonomy":"product_cat","embeddable":true,"href":"https:\/\/roveyayinevi.com.tr\/index.php\/wp-json\/wp\/v2\/product_cat?post=717962"},{"taxonomy":"product_tag","embeddable":true,"href":"https:\/\/roveyayinevi.com.tr\/index.php\/wp-json\/wp\/v2\/product_tag?post=717962"}],"curies":[{"name":"wp","href":"https:\/\/api.w.org\/{rel}","templated":true}]}}