{"id":717916,"date":"2025-08-27T18:01:31","date_gmt":"2025-08-27T15:01:31","guid":{"rendered":"https:\/\/roveyayinevi.com.tr\/index.php\/urun\/kara-yarisi\/"},"modified":"2026-04-16T02:26:15","modified_gmt":"2026-04-15T23:26:15","slug":"kara-yarisi","status":"publish","type":"product","link":"https:\/\/roveyayinevi.com.tr\/index.php\/urun\/kara-yarisi\/","title":{"rendered":"Kara Yar\u0131s\u0131"},"content":{"rendered":"<p>Burada bir sokak var. Uzun, a\u011fa\u00e7s\u0131z ve derin derin uyuyan arabalarla dolu karanl\u0131k bir sokak. Birazdan g\u00fcn, s\u00fct mavi \u00f6rt\u00fcs\u00fcn\u00fc soka\u011f\u0131n \u00fczerine serecek, evler a\u011faracak. G\u00fcn, k\u00f6\u015feden soka\u011fa girecek. Sahiplerini bekleyen atlar gibi s\u0131ra s\u0131ra dizili arabalar bir bir uyanacak, silkelenip yollara d\u00fc\u015fecek. Bug\u00fcn bir cenaze kalkacak bu sokaktan.   Mahir \u00dcnsal Eri\u015f alt\u0131 y\u0131l aradan sonra yeniden okurlar\u0131n kar\u015f\u0131s\u0131na \u00e7\u0131k\u0131yor. Kara Yar\u0131s\u0131\u2019nda, ya\u015fad\u0131klar\u0131 yerlerin k\u00fc\u00e7\u00fck d\u00fcnyalar\u0131na, a\u015famad\u0131klar\u0131 i\u00e7sel s\u0131n\u0131rlara yahut muhitin kal\u0131plar\u0131na hapsolanlar\u0131 ele al\u0131yor. Kimi \u00f6yk\u00fclerde kasabalar\u0131n dar sokaklar\u0131nda gezip tutucu, k\u00fc\u00e7\u00fck, hi\u00e7bir gelecek vaat etmeyen yerlere s\u0131k\u0131\u015f\u0131p \u00e7\u0131rp\u0131nanlar\u0131 resmediyor. Kimilerinde de bir kaza ya da al\u0131n yaz\u0131s\u0131na kurban gidenlerin yahut \u00e2demo\u011flunun kara yar\u0131s\u0131na; yani hasede, fesada, \u00e7ekememezli\u011fe hatta basbaya\u011f\u0131 i\u00e7indeki \u015ferre kapt\u0131ranlar\u0131n pe\u015fine tak\u0131l\u0131yor. Lakin ayd\u0131nl\u0131\u011f\u0131 da zifir\u00ee karanl\u0131\u011f\u0131 da okurlar\u0131n\u0131n yak\u0131ndan bildi\u011fi o canl\u0131, i\u015ftahl\u0131, ya\u015fam f\u0131\u015fk\u0131ran \u00fcslubuyla anlat\u0131yor. <\/p>\n","protected":false},"excerpt":{"rendered":"<p>Burada bir sokak var. Uzun, a\u011fa\u00e7s\u0131z ve derin derin uyuyan arabalarla dolu karanl\u0131k bir sokak. Birazdan g\u00fcn, s\u00fct mavi \u00f6rt\u00fcs\u00fcn\u00fc soka\u011f\u0131n \u00fczerine serecek, evler a\u011faracak. G\u00fcn,<span class=\"excerpt-hellip\"> [\u2026]<\/span><\/p>\n","protected":false},"featured_media":0,"template":"","meta":{"_monsterinsights_skip_tracking":false,"_monsterinsights_sitenote_active":false,"_monsterinsights_sitenote_note":"","_monsterinsights_sitenote_category":0},"product_brand":[],"product_cat":[12291,12711],"product_tag":[],"class_list":{"0":"post-717916","1":"product","2":"type-product","3":"status-publish","5":"product_cat-edebiyat","6":"product_cat-roman-oyku","7":"pa_cilt-ciltsiz","8":"pa_tur-kitap","9":"pa_yayinevi-can-yayinlari","10":"pa_yazar-mahir-unsal-eris","12":"first","13":"instock","14":"sale","15":"shipping-taxable","16":"purchasable","17":"product-type-simple"},"_links":{"self":[{"href":"https:\/\/roveyayinevi.com.tr\/index.php\/wp-json\/wp\/v2\/product\/717916","targetHints":{"allow":["GET"]}}],"collection":[{"href":"https:\/\/roveyayinevi.com.tr\/index.php\/wp-json\/wp\/v2\/product"}],"about":[{"href":"https:\/\/roveyayinevi.com.tr\/index.php\/wp-json\/wp\/v2\/types\/product"}],"wp:attachment":[{"href":"https:\/\/roveyayinevi.com.tr\/index.php\/wp-json\/wp\/v2\/media?parent=717916"}],"wp:term":[{"taxonomy":"product_brand","embeddable":true,"href":"https:\/\/roveyayinevi.com.tr\/index.php\/wp-json\/wp\/v2\/product_brand?post=717916"},{"taxonomy":"product_cat","embeddable":true,"href":"https:\/\/roveyayinevi.com.tr\/index.php\/wp-json\/wp\/v2\/product_cat?post=717916"},{"taxonomy":"product_tag","embeddable":true,"href":"https:\/\/roveyayinevi.com.tr\/index.php\/wp-json\/wp\/v2\/product_tag?post=717916"}],"curies":[{"name":"wp","href":"https:\/\/api.w.org\/{rel}","templated":true}]}}