{"id":717912,"date":"2025-08-27T18:01:28","date_gmt":"2025-08-27T15:01:28","guid":{"rendered":"https:\/\/roveyayinevi.com.tr\/index.php\/urun\/korkuyorum\/"},"modified":"2026-04-16T02:26:15","modified_gmt":"2026-04-15T23:26:15","slug":"korkuyorum","status":"publish","type":"product","link":"https:\/\/roveyayinevi.com.tr\/index.php\/urun\/korkuyorum\/","title":{"rendered":"Korkuyorum"},"content":{"rendered":"<p>Patlay\u0131c\u0131lardan korkuyorum. Alevlerden. Yang\u0131n bombalar\u0131ndan. Biber gaz\u0131ndan. TOMA&#8217;lardan korkuyorum. Misket bombalar\u0131ndan. Cenazelerden korkuyorum. Parampar\u00e7a olmu\u015f insanlardan korkuyorum. Et y\u0131\u011f\u0131nlar\u0131ndan korkuyorum. Kendimden korkuyorum. Gene korkuyorum. Gene korkuyorum. <\/p>\n","protected":false},"excerpt":{"rendered":"<p>Patlay\u0131c\u0131lardan korkuyorum. Alevlerden. Yang\u0131n bombalar\u0131ndan. Biber gaz\u0131ndan. TOMA&#8217;lardan korkuyorum. Misket bombalar\u0131ndan. Cenazelerden korkuyorum. Parampar\u00e7a olmu\u015f insanlardan korkuyorum. Et y\u0131\u011f\u0131nlar\u0131ndan korkuyorum. Kendimden korkuyorum. Gene korkuyorum. Gene korkuyorum.<\/p>\n","protected":false},"featured_media":0,"template":"","meta":{"_monsterinsights_skip_tracking":false,"_monsterinsights_sitenote_active":false,"_monsterinsights_sitenote_note":"","_monsterinsights_sitenote_category":0},"product_brand":[],"product_cat":[12291,12711],"product_tag":[],"class_list":{"0":"post-717912","1":"product","2":"type-product","3":"status-publish","5":"product_cat-edebiyat","6":"product_cat-roman-oyku","7":"pa_cilt-ciltsiz","8":"pa_tur-kitap","9":"pa_yayinevi-alfa-yayinlari","10":"pa_yazar-ferid-edgu","12":"first","13":"instock","14":"sale","15":"shipping-taxable","16":"purchasable","17":"product-type-simple"},"_links":{"self":[{"href":"https:\/\/roveyayinevi.com.tr\/index.php\/wp-json\/wp\/v2\/product\/717912","targetHints":{"allow":["GET"]}}],"collection":[{"href":"https:\/\/roveyayinevi.com.tr\/index.php\/wp-json\/wp\/v2\/product"}],"about":[{"href":"https:\/\/roveyayinevi.com.tr\/index.php\/wp-json\/wp\/v2\/types\/product"}],"wp:attachment":[{"href":"https:\/\/roveyayinevi.com.tr\/index.php\/wp-json\/wp\/v2\/media?parent=717912"}],"wp:term":[{"taxonomy":"product_brand","embeddable":true,"href":"https:\/\/roveyayinevi.com.tr\/index.php\/wp-json\/wp\/v2\/product_brand?post=717912"},{"taxonomy":"product_cat","embeddable":true,"href":"https:\/\/roveyayinevi.com.tr\/index.php\/wp-json\/wp\/v2\/product_cat?post=717912"},{"taxonomy":"product_tag","embeddable":true,"href":"https:\/\/roveyayinevi.com.tr\/index.php\/wp-json\/wp\/v2\/product_tag?post=717912"}],"curies":[{"name":"wp","href":"https:\/\/api.w.org\/{rel}","templated":true}]}}