{"id":717903,"date":"2025-08-27T18:01:22","date_gmt":"2025-08-27T15:01:22","guid":{"rendered":"https:\/\/roveyayinevi.com.tr\/index.php\/urun\/avrupa-ailesindeki-uvey-kardes-turkiye\/"},"modified":"2026-04-16T02:26:15","modified_gmt":"2026-04-15T23:26:15","slug":"avrupa-ailesindeki-uvey-kardes-turkiye","status":"publish","type":"product","link":"https:\/\/roveyayinevi.com.tr\/index.php\/urun\/avrupa-ailesindeki-uvey-kardes-turkiye\/","title":{"rendered":"Avrupa Ailesindeki \u00dcvey Karde\u015f T\u00fcrkiye"},"content":{"rendered":"<p>Ger\u00e7ekten de bir Avrupa ailesinin varl\u0131\u011f\u0131ndan s\u00f6z etmek m\u00fcmk\u00fcn m\u00fc? Avrupa Birli\u011fi T\u00fcrkiye\u2019ye kar\u015f\u0131 neden \u00e7ifte standart uyguluyor? \u00dcyelik m\u00fczakere s\u00fcrecinin t\u0131kanmas\u0131n\u0131n sorumlusu kim? T\u00fcrkiye kendine nas\u0131l bir yol haritas\u0131 \u00e7izmeli?Elinizdeki kitap, i\u015fte bu sorulara ve daha fazlas\u0131na cevap ar\u0131yor. Bu kapsamda, T\u00fcrkiye\u2019nin AB \u00fcyelik m\u00fczakerelerinin \u00f6ncesi ve sonras\u0131nda ya\u015fanan geli\u015fmeleri mercek alt\u0131na al\u0131yor.Korkular, \u00f6n yarg\u0131lar, bilgi kirlili\u011fi, kimlik bunal\u0131mlar\u0131 ve ekonomik s\u0131k\u0131nt\u0131lar neticesinde b\u00fct\u00fcn Avrupa\u2019y\u0131 saran siyas\u00ee vizyonsuzluk, yabanc\u0131 d\u00fc\u015fmanl\u0131\u011f\u0131 ve \u0130slam kar\u015f\u0131tl\u0131\u011f\u0131 gibi \u00e7e\u015fitli hastal\u0131klar\u0131 tetkik ediyor.Olaylar\u0131n ili\u015fkisini takip eden ak\u0131c\u0131 bir \u00fcslupla kaleme al\u0131nm\u0131\u015f bu eserde, kurulu\u015fundan beri Avrupa ailesine d\u00e2hil olabilmeyi hayal eden T\u00fcrkiye\u2019nin, kat\u0131l\u0131m s\u00fcrecinde g\u00f6rd\u00fc\u011f\u00fc \u00fcvey karde\u015f muamelesinin hik\u00e2yesini okuyacaks\u0131n\u0131z. Sonu hen\u00fcz belli olmayan bu hik\u00e2yenin ac\u0131kl\u0131 olup olmad\u0131\u011f\u0131na kendiniz karar vereceksiniz.<\/p>\n","protected":false},"excerpt":{"rendered":"<p>Ger\u00e7ekten de bir Avrupa ailesinin varl\u0131\u011f\u0131ndan s\u00f6z etmek m\u00fcmk\u00fcn m\u00fc? Avrupa Birli\u011fi T\u00fcrkiye\u2019ye kar\u015f\u0131 neden \u00e7ifte standart uyguluyor? \u00dcyelik m\u00fczakere s\u00fcrecinin t\u0131kanmas\u0131n\u0131n sorumlusu kim? T\u00fcrkiye kendine<span class=\"excerpt-hellip\"> [\u2026]<\/span><\/p>\n","protected":false},"featured_media":0,"template":"","meta":{"_monsterinsights_skip_tracking":false,"_monsterinsights_sitenote_active":false,"_monsterinsights_sitenote_note":"","_monsterinsights_sitenote_category":0},"product_brand":[],"product_cat":[13590,12337],"product_tag":[],"class_list":{"0":"post-717903","1":"product","2":"type-product","3":"status-publish","5":"product_cat-arastirma-inceleme-politika-siyaset","6":"product_cat-politika-siyaset","7":"pa_cilt-ciltsiz","8":"pa_tur-kitap","9":"pa_yayinevi-liberte-yayinlari","10":"pa_yazar-oguzhan-yanarisik","12":"first","13":"instock","14":"sale","15":"shipping-taxable","16":"purchasable","17":"product-type-simple"},"_links":{"self":[{"href":"https:\/\/roveyayinevi.com.tr\/index.php\/wp-json\/wp\/v2\/product\/717903","targetHints":{"allow":["GET"]}}],"collection":[{"href":"https:\/\/roveyayinevi.com.tr\/index.php\/wp-json\/wp\/v2\/product"}],"about":[{"href":"https:\/\/roveyayinevi.com.tr\/index.php\/wp-json\/wp\/v2\/types\/product"}],"wp:attachment":[{"href":"https:\/\/roveyayinevi.com.tr\/index.php\/wp-json\/wp\/v2\/media?parent=717903"}],"wp:term":[{"taxonomy":"product_brand","embeddable":true,"href":"https:\/\/roveyayinevi.com.tr\/index.php\/wp-json\/wp\/v2\/product_brand?post=717903"},{"taxonomy":"product_cat","embeddable":true,"href":"https:\/\/roveyayinevi.com.tr\/index.php\/wp-json\/wp\/v2\/product_cat?post=717903"},{"taxonomy":"product_tag","embeddable":true,"href":"https:\/\/roveyayinevi.com.tr\/index.php\/wp-json\/wp\/v2\/product_tag?post=717903"}],"curies":[{"name":"wp","href":"https:\/\/api.w.org\/{rel}","templated":true}]}}