{"id":717874,"date":"2025-08-27T18:01:04","date_gmt":"2025-08-27T15:01:04","guid":{"rendered":"https:\/\/roveyayinevi.com.tr\/index.php\/urun\/belediyelerin-etkinlik-olcumu\/"},"modified":"2026-04-16T02:26:14","modified_gmt":"2026-04-15T23:26:14","slug":"belediyelerin-etkinlik-olcumu","status":"publish","type":"product","link":"https:\/\/roveyayinevi.com.tr\/index.php\/urun\/belediyelerin-etkinlik-olcumu\/","title":{"rendered":"Belediyelerin Etkinlik \u00d6l\u00e7\u00fcm\u00fc"},"content":{"rendered":"<p>Temel Kavramlar Veri Zarflama Analizi Veri Zarflama Analizi&#8217;nde Serbestlik Derecesi ve S\u0131ralama Problemleri Gereksizli\u011fi Belirleme Analizi  Yerel Y\u00f6netimler  Yerel Y\u00f6netimlerin Etkinliklerinin \u00d6l\u00e7\u00fclmesi T\u00fcrkiye&#8217;deki Belediyelerin Etkinliklerinin Veri Zarflama Analizi \u0130le \u00d6l\u00e7\u00fclmesi  <\/p>\n","protected":false},"excerpt":{"rendered":"<p>Temel Kavramlar Veri Zarflama Analizi Veri Zarflama Analizi&#8217;nde Serbestlik Derecesi ve S\u0131ralama Problemleri Gereksizli\u011fi Belirleme Analizi Yerel Y\u00f6netimler Yerel Y\u00f6netimlerin Etkinliklerinin \u00d6l\u00e7\u00fclmesi T\u00fcrkiye&#8217;deki Belediyelerin Etkinliklerinin Veri<span class=\"excerpt-hellip\"> [\u2026]<\/span><\/p>\n","protected":false},"featured_media":0,"template":"","meta":{"_monsterinsights_skip_tracking":false,"_monsterinsights_sitenote_active":false,"_monsterinsights_sitenote_note":"","_monsterinsights_sitenote_category":0},"product_brand":[],"product_cat":[13043,19008],"product_tag":[],"class_list":{"0":"post-717874","1":"product","2":"type-product","3":"status-publish","5":"product_cat-ekonomi","6":"product_cat-yonetim","7":"pa_cilt-ciltsiz","8":"pa_tur-kitap","9":"pa_yayinevi-gazi-kitabevi","10":"pa_yazar-atalay-caglar","12":"first","13":"instock","14":"sale","15":"shipping-taxable","16":"purchasable","17":"product-type-simple"},"_links":{"self":[{"href":"https:\/\/roveyayinevi.com.tr\/index.php\/wp-json\/wp\/v2\/product\/717874","targetHints":{"allow":["GET"]}}],"collection":[{"href":"https:\/\/roveyayinevi.com.tr\/index.php\/wp-json\/wp\/v2\/product"}],"about":[{"href":"https:\/\/roveyayinevi.com.tr\/index.php\/wp-json\/wp\/v2\/types\/product"}],"wp:attachment":[{"href":"https:\/\/roveyayinevi.com.tr\/index.php\/wp-json\/wp\/v2\/media?parent=717874"}],"wp:term":[{"taxonomy":"product_brand","embeddable":true,"href":"https:\/\/roveyayinevi.com.tr\/index.php\/wp-json\/wp\/v2\/product_brand?post=717874"},{"taxonomy":"product_cat","embeddable":true,"href":"https:\/\/roveyayinevi.com.tr\/index.php\/wp-json\/wp\/v2\/product_cat?post=717874"},{"taxonomy":"product_tag","embeddable":true,"href":"https:\/\/roveyayinevi.com.tr\/index.php\/wp-json\/wp\/v2\/product_tag?post=717874"}],"curies":[{"name":"wp","href":"https:\/\/api.w.org\/{rel}","templated":true}]}}