{"id":717858,"date":"2025-08-27T18:00:54","date_gmt":"2025-08-27T15:00:54","guid":{"rendered":"https:\/\/roveyayinevi.com.tr\/index.php\/urun\/leonardo-da-vinci-cocukluk-duslerinden-buyuk-icatlara\/"},"modified":"2026-04-16T02:26:14","modified_gmt":"2026-04-15T23:26:14","slug":"leonardo-da-vinci-cocukluk-duslerinden-buyuk-icatlara","status":"publish","type":"product","link":"https:\/\/roveyayinevi.com.tr\/index.php\/urun\/leonardo-da-vinci-cocukluk-duslerinden-buyuk-icatlara\/","title":{"rendered":"Leonardo Da Vinci: \u00c7ocukluk D\u00fc\u015flerinden, B\u00fcy\u00fck \u0130catlara"},"content":{"rendered":"<p>Ressam, m\u00fchendis, mucit ve filozof Leonardo da Vinci d\u00fcnya \u00fczerinde ya\u015fam\u0131\u015f en b\u00fcy\u00fck dehalardan biridir. Onun dehas\u0131n\u0131n b\u00fcy\u00fckl\u00fc\u011f\u00fcn\u00fc, do\u011fu\u015ftan sahip oldu\u011fu zek\u00e2s\u0131 kadar \u00e7ocuklukta edindi\u011fi ve t\u00fcm ya\u015fam\u0131 boyunca s\u00fcrd\u00fcrd\u00fc\u011f\u00fc \u00fc\u00e7 temel \u00f6zellik belirlemi\u015ftir: Do\u011faya kar\u015f\u0131 s\u0131n\u0131rs\u0131z ilgi, d\u00fcnyay\u0131 anlama ve anlatma tutkusu ve s\u0131ra d\u0131\u015f\u0131 g\u00f6zlem yetene\u011fi. Leonardo\u2019nun \u00e7al\u0131\u015fma y\u00f6ntemi olduk\u00e7a basittir. \u0130nsanlar\u0131, hayvanlar\u0131, bitkileri, bulutlar\u0131 ve hatta suyun ak\u0131\u015f\u0131n\u0131 g\u00f6zlemler ve hayallere dalar. Daha sonra hayallerini ve d\u00fc\u015f\u00fcncelerini defterlerine yazar ve ayr\u0131nt\u0131l\u0131 olarak \u00e7izer. Binlerce sayfadan olu\u015fan defterlerinde bu b\u00fcy\u00fck dehan\u0131n sanatla ilgili d\u00fc\u015f\u00fcncelerini, felsefi g\u00f6r\u00fc\u015flerini, belki de hi\u00e7 \u00e7al\u0131\u015fmayacak icatlar\u0131n\u0131 okumak m\u00fcmk\u00fcnd\u00fcr. Hayat\u0131m boyunca pe\u015finde ko\u015ftu\u011fum, gerek bilimsel \u00e7al\u0131\u015fmalar\u0131mda gerekse resimlerimde arad\u0131\u011f\u0131m \u015fey, insan do\u011fas\u0131n\u0131n s\u0131rlar\u0131n\u0131 anlamakt\u0131r. Leonardo da Vinci <\/p>\n","protected":false},"excerpt":{"rendered":"<p>Ressam, m\u00fchendis, mucit ve filozof Leonardo da Vinci d\u00fcnya \u00fczerinde ya\u015fam\u0131\u015f en b\u00fcy\u00fck dehalardan biridir. Onun dehas\u0131n\u0131n b\u00fcy\u00fckl\u00fc\u011f\u00fcn\u00fc, do\u011fu\u015ftan sahip oldu\u011fu zek\u00e2s\u0131 kadar \u00e7ocuklukta edindi\u011fi ve<span class=\"excerpt-hellip\"> [\u2026]<\/span><\/p>\n","protected":false},"featured_media":0,"template":"","meta":{"_monsterinsights_skip_tracking":false,"_monsterinsights_sitenote_active":false,"_monsterinsights_sitenote_note":"","_monsterinsights_sitenote_category":0},"product_brand":[],"product_cat":[13829,12274],"product_tag":[],"class_list":{"0":"post-717858","1":"product","2":"type-product","3":"status-publish","5":"product_cat-bilimsel-kitaplar","6":"product_cat-cocuk-ve-genclik-kitaplari","7":"pa_cilt-ciltsiz","8":"pa_tur-kitap","9":"pa_yayinevi-1001-cicek-kitaplar","10":"pa_yazar-jean-baptiste-de-panafieu","12":"first","13":"instock","14":"sale","15":"shipping-taxable","16":"purchasable","17":"product-type-simple"},"_links":{"self":[{"href":"https:\/\/roveyayinevi.com.tr\/index.php\/wp-json\/wp\/v2\/product\/717858","targetHints":{"allow":["GET"]}}],"collection":[{"href":"https:\/\/roveyayinevi.com.tr\/index.php\/wp-json\/wp\/v2\/product"}],"about":[{"href":"https:\/\/roveyayinevi.com.tr\/index.php\/wp-json\/wp\/v2\/types\/product"}],"wp:attachment":[{"href":"https:\/\/roveyayinevi.com.tr\/index.php\/wp-json\/wp\/v2\/media?parent=717858"}],"wp:term":[{"taxonomy":"product_brand","embeddable":true,"href":"https:\/\/roveyayinevi.com.tr\/index.php\/wp-json\/wp\/v2\/product_brand?post=717858"},{"taxonomy":"product_cat","embeddable":true,"href":"https:\/\/roveyayinevi.com.tr\/index.php\/wp-json\/wp\/v2\/product_cat?post=717858"},{"taxonomy":"product_tag","embeddable":true,"href":"https:\/\/roveyayinevi.com.tr\/index.php\/wp-json\/wp\/v2\/product_tag?post=717858"}],"curies":[{"name":"wp","href":"https:\/\/api.w.org\/{rel}","templated":true}]}}