{"id":717847,"date":"2025-08-27T18:00:46","date_gmt":"2025-08-27T15:00:46","guid":{"rendered":"https:\/\/roveyayinevi.com.tr\/index.php\/urun\/cocuklar-icin-baglama-metodu-baglama-method-for-children-turkce-ingilizce\/"},"modified":"2026-04-16T02:26:13","modified_gmt":"2026-04-15T23:26:13","slug":"cocuklar-icin-baglama-metodu-baglama-method-for-children-turkce-ingilizce","status":"publish","type":"product","link":"https:\/\/roveyayinevi.com.tr\/index.php\/urun\/cocuklar-icin-baglama-metodu-baglama-method-for-children-turkce-ingilizce\/","title":{"rendered":"\u00c7ocuklar \u0130\u00e7in Ba\u011flama Metodu &#8211; Ba\u011flama Method For Children \/ T\u00fcrk\u00e7e &#8211; \u0130ngilizce"},"content":{"rendered":"<p>Bu kitab\u0131n yap\u0131lmas\u0131ndaki temel ama\u00e7; \u00e7ocuklar\u0131m\u0131z i\u00e7in nota \u00f6\u011frenmeyi ve Ba\u011flama \u00e7almay\u0131 daha kolay hale getirmek ve di\u011fer t\u00fcm merakl\u0131lar\u0131na sevdirmek , daha h\u0131zl\u0131 bir \u015fekilde \u00f6\u011fretmektir&#8230;Nota \u00f6\u011frenmenin ve ba\u011flama \u00e7alman\u0131n yan\u0131nda m\u00fczik tarihinden ve geli\u015fiminden , ba\u011flaman\u0131n tarihinden bug\u00fcne kadar yapt\u0131\u011f\u0131 yolculuktan k\u0131saca bahsettik.Kitab\u0131m\u0131z\u0131 a\u00e7an her insan\u0131n m\u00fczik ve ba\u011flama hakk\u0131nda bilgi sahibi olmas\u0131n\u0131 istedik.Ba\u011flama \u00f6\u011frenmek isteyen k\u00fc\u00e7\u00fck ya\u015ftaki her \u00f6\u011frencimizin bile \u00e7ok kolay anlayabilece\u011fi \u015fekilde sadele\u015ftirilmi\u015f ve en basit d\u00fczeye indirgenmi\u015f anlat\u0131m ile bu kitap, ba\u011flama \u00e7almak isteyen her ya\u015ftan insan i\u00e7in yard\u0131mc\u0131 kitap olmaya \u015fimdiden aday.Kitab\u0131m\u0131z\u0131n bir di\u011fer g\u00fczel taraf\u0131 bilgilerin T\u00fcrk\u00e7e &#8211; \u0130ngilizce olmas\u0131.&#8221;M\u00fczik evrenseldir&#8221; diyorken , sadece  T\u00fcrk\u00e7e bir kitap yapmak istemedik.Temennimiz , daha \u00e7ok insan\u0131n ensturuman \u00e7almay\u0131 \u00f6\u011frenmesi.D\u00fcnyay\u0131 bu \u015fekilde daha renkli ve her k\u00f6\u015fesinden melodiler y\u00fckselen bir gezegen haline getirmesi.<\/p>\n","protected":false},"excerpt":{"rendered":"<p>Bu kitab\u0131n yap\u0131lmas\u0131ndaki temel ama\u00e7; \u00e7ocuklar\u0131m\u0131z i\u00e7in nota \u00f6\u011frenmeyi ve Ba\u011flama \u00e7almay\u0131 daha kolay hale getirmek ve di\u011fer t\u00fcm merakl\u0131lar\u0131na sevdirmek , daha h\u0131zl\u0131 bir \u015fekilde<span class=\"excerpt-hellip\"> [\u2026]<\/span><\/p>\n","protected":false},"featured_media":0,"template":"","meta":{"_monsterinsights_skip_tracking":false,"_monsterinsights_sitenote_active":false,"_monsterinsights_sitenote_note":"","_monsterinsights_sitenote_category":0},"product_brand":[],"product_cat":[14556,20810],"product_tag":[],"class_list":{"0":"post-717847","1":"product","2":"type-product","3":"status-publish","5":"product_cat-muzik","6":"product_cat-ogrenim-kitaplari","7":"pa_cilt-ciltsiz","8":"pa_tur-kitap","9":"pa_yayinevi-beste-yayinlari","10":"pa_yazar-hakan-cakmak","12":"first","13":"instock","14":"sale","15":"shipping-taxable","16":"purchasable","17":"product-type-simple"},"_links":{"self":[{"href":"https:\/\/roveyayinevi.com.tr\/index.php\/wp-json\/wp\/v2\/product\/717847","targetHints":{"allow":["GET"]}}],"collection":[{"href":"https:\/\/roveyayinevi.com.tr\/index.php\/wp-json\/wp\/v2\/product"}],"about":[{"href":"https:\/\/roveyayinevi.com.tr\/index.php\/wp-json\/wp\/v2\/types\/product"}],"wp:attachment":[{"href":"https:\/\/roveyayinevi.com.tr\/index.php\/wp-json\/wp\/v2\/media?parent=717847"}],"wp:term":[{"taxonomy":"product_brand","embeddable":true,"href":"https:\/\/roveyayinevi.com.tr\/index.php\/wp-json\/wp\/v2\/product_brand?post=717847"},{"taxonomy":"product_cat","embeddable":true,"href":"https:\/\/roveyayinevi.com.tr\/index.php\/wp-json\/wp\/v2\/product_cat?post=717847"},{"taxonomy":"product_tag","embeddable":true,"href":"https:\/\/roveyayinevi.com.tr\/index.php\/wp-json\/wp\/v2\/product_tag?post=717847"}],"curies":[{"name":"wp","href":"https:\/\/api.w.org\/{rel}","templated":true}]}}