{"id":717846,"date":"2025-08-27T18:00:45","date_gmt":"2025-08-27T15:00:45","guid":{"rendered":"https:\/\/roveyayinevi.com.tr\/index.php\/urun\/vurgun-2\/"},"modified":"2026-04-16T02:26:13","modified_gmt":"2026-04-15T23:26:13","slug":"vurgun-2","status":"publish","type":"product","link":"https:\/\/roveyayinevi.com.tr\/index.php\/urun\/vurgun-2\/","title":{"rendered":"Vurgun"},"content":{"rendered":"<p>1938 y\u0131l\u0131nda Samsun&#8217;da d\u00fcnyaya gelen Cemal Safi, \u015fiir d\u00fcnyas\u0131nda ad\u0131m att\u0131\u011f\u0131 g\u00fcnden bu yana daha \u00f6nce \u00f6rne\u011fi olmayan bir tevecc\u00fch ile kar\u015f\u0131land\u0131.Bug\u00fcne kadar s\u0131rayla Vurgun , Sende Kalm\u0131\u015f , K\u0131yamete K\u0131rk kala ve Ya Evde Yoksan! adl\u0131 d\u00f6rt \u015fiir kitab\u0131 \u00e7\u0131karan Cemal Safi&#8217;nin , 150 civar\u0131nda \u015fiiri bestelendi.T\u00fcrk Dil Kurumu taraf\u0131ndan T\u00fcrk\u00e7e&#8217;yi en etkin  ve g\u00fczel kullanan \u015fair olarak \u00f6d\u00fcllendirildi.Ba\u015fta Romanya&#8217;n\u0131n en sayg\u0131n edebiyat \u00f6d\u00fcl\u00fc olan Eminescu Madalyas\u0131 olmak \u00fczere defalarca H\u00fcrriyet&#8217;in Alt\u0131n Kelebek , Milliyet&#8217;in Y\u0131l\u0131n En Sevilen \u015eark\u0131lar\u0131 birincilik \u00f6d\u00fclleri ile TRT&#8217;nin Y\u0131l\u0131n En Sevilen \u015eark\u0131lar\u0131 birincilik \u00f6d\u00fclleri ile TRT&#8217;nin Y\u0131l\u0131n \u015eairi gibi say\u0131s\u0131z \u00f6d\u00fcle lay\u0131k g\u00f6r\u00fcld\u00fc.\u015eiirleri \u0130talyanca, Romance ve Arnavut\u00e7a&#8217;ya \u00e7evrilen \u015fair yakaland\u0131\u011f\u0131 amans\u0131z hastal\u0131ktan dolay\u0131 , ard\u0131ndan say\u0131s\u0131z g\u00fczel s\u00f6z b\u0131rakarak 17 Nisan 2018 tarihinde hayata g\u00f6zlerini yumdu.Ruhu \u015ead olsun&#8230;&#8221;G\u00f6zlerim uykuyla bar\u0131\u015ft\u0131 samaSen gittin gideli darg\u0131n say\u0131l\u0131r Ben de bir zamanlar sevildim ama Seninki d\u00fcped\u00fcz vurgun say\u0131l\u0131r&#8221;<\/p>\n","protected":false},"excerpt":{"rendered":"<p>1938 y\u0131l\u0131nda Samsun&#8217;da d\u00fcnyaya gelen Cemal Safi, \u015fiir d\u00fcnyas\u0131nda ad\u0131m att\u0131\u011f\u0131 g\u00fcnden bu yana daha \u00f6nce \u00f6rne\u011fi olmayan bir tevecc\u00fch ile kar\u015f\u0131land\u0131.Bug\u00fcne kadar s\u0131rayla Vurgun ,<span class=\"excerpt-hellip\"> [\u2026]<\/span><\/p>\n","protected":false},"featured_media":0,"template":"","meta":{"_monsterinsights_skip_tracking":false,"_monsterinsights_sitenote_active":false,"_monsterinsights_sitenote_note":"","_monsterinsights_sitenote_category":0},"product_brand":[],"product_cat":[12291,12509],"product_tag":[],"class_list":{"0":"post-717846","1":"product","2":"type-product","3":"status-publish","5":"product_cat-edebiyat","6":"product_cat-siir","7":"pa_cilt-ciltsiz","8":"pa_tur-kitap","9":"pa_yayinevi-beste-yayinlari","10":"pa_yazar-cemal-safi","12":"first","13":"instock","14":"sale","15":"shipping-taxable","16":"purchasable","17":"product-type-simple"},"_links":{"self":[{"href":"https:\/\/roveyayinevi.com.tr\/index.php\/wp-json\/wp\/v2\/product\/717846","targetHints":{"allow":["GET"]}}],"collection":[{"href":"https:\/\/roveyayinevi.com.tr\/index.php\/wp-json\/wp\/v2\/product"}],"about":[{"href":"https:\/\/roveyayinevi.com.tr\/index.php\/wp-json\/wp\/v2\/types\/product"}],"wp:attachment":[{"href":"https:\/\/roveyayinevi.com.tr\/index.php\/wp-json\/wp\/v2\/media?parent=717846"}],"wp:term":[{"taxonomy":"product_brand","embeddable":true,"href":"https:\/\/roveyayinevi.com.tr\/index.php\/wp-json\/wp\/v2\/product_brand?post=717846"},{"taxonomy":"product_cat","embeddable":true,"href":"https:\/\/roveyayinevi.com.tr\/index.php\/wp-json\/wp\/v2\/product_cat?post=717846"},{"taxonomy":"product_tag","embeddable":true,"href":"https:\/\/roveyayinevi.com.tr\/index.php\/wp-json\/wp\/v2\/product_tag?post=717846"}],"curies":[{"name":"wp","href":"https:\/\/api.w.org\/{rel}","templated":true}]}}