{"id":717828,"date":"2025-08-27T18:00:28","date_gmt":"2025-08-27T15:00:28","guid":{"rendered":"https:\/\/roveyayinevi.com.tr\/index.php\/urun\/vakalar\/"},"modified":"2026-04-16T02:26:13","modified_gmt":"2026-04-15T23:26:13","slug":"vakalar","status":"publish","type":"product","link":"https:\/\/roveyayinevi.com.tr\/index.php\/urun\/vakalar\/","title":{"rendered":"Vakalar"},"content":{"rendered":"<p>Sa\u011fl\u0131k piyasas\u0131 bir tiyatro sahnesidir. Bu sahnede herkes sistemin kendisine verdi\u011fi rol\u00fc oynamaktad\u0131r. Oynanan bu oyunda sevin\u00e7, h\u00fcz\u00fcn, komedi, trajedi, entrika, cinayet, kan, \u00fcz\u00fcnt\u00fc, \u00f6l\u00fcm, aldatma, kand\u0131rma, dolan*d\u0131r\u0131c\u0131l\u0131k ve \u00e7etele\u015fme dahil her \u015fey bulunmaktad\u0131r. \u00dcnl\u00fc psikiyatri (ruh hastal\u0131klar\u0131) hocas\u0131 Prof. Dr. Vam\u0131k Volkan, hastalar\u0131n g\u00f6rd\u00fckleri r\u00fcyalara g\u00f6re te\u015fhis koymaktayd\u0131. Hoca&#8217;ya g\u00f6re r\u00fcyas\u0131nda y\u0131lan veya s\u00fcr\u00fcngen g\u00f6ren e\u015fcinseldi&#8230;   Amasya&#8217;l\u0131 bir \u015feker hastas\u0131 hastal\u0131\u011f\u0131na iyi gelece\u011fine inanarak kurutulmu\u015f tav\u015fan pisli\u011fi yemi\u015fti. Sahte malull\u00fck raporu da her \u015fey gibi al\u0131n\u0131p sat\u0131labilen bir \u015feydir. G\u00fcn\u00fcm\u00fczde yaln\u0131z T\u00fcrkiye&#8217;de de\u011fil, d\u00fcnyan\u0131n bir\u00e7ok \u00fclkesinde sa\u011fl\u0131k hizmetleri; t\u0131bbi \u00fcr\u00fcn, ila\u00e7 ve teknolojilerin pazarlanmas\u0131n\u0131n bir arac\u0131d\u0131r. S\u00f6m\u00fcr\u00fc d\u00fczeninde Sa\u011fl\u0131k Sistemi, insan sa\u011fl\u0131\u011f\u0131n\u0131 korumay\u0131 ve hastal\u0131klar\u0131 iyile\u015ftirmeyi ama\u00e7lamaz. Cerrahi uygulamalarda artarak devam eden bir kanser saplant\u0131s\u0131 vard\u0131r.   Al\u0131\u015f\u0131lm\u0131\u015f\u0131n d\u0131\u015f\u0131ndaki her t\u00fcrl\u00fc durumda kanserden \u015f\u00fcphelenilmektedir. \u015e\u00fcphe bir kan\u0131t gibi kabul edilerek sa\u011fl\u0131kl\u0131 bir\u00e7ok organ \u00e7\u0131kar\u0131lmaktad\u0131r. Her cerrahi dalda gereksiz bir\u00e7ok ameliyat yap\u0131lmaktad\u0131r. Apandisit, tiroid, mide, safrakesesi ameliyatlar\u0131 genel cerrahide, gereksiz olarak en s\u0131k yap\u0131lan ameliyatlardand\u0131r. Antalya&#8217;dan her g\u00fcn iki otob\u00fcs dolusu hasta &#8220;\u015fifa&#8221; bulmak \u00fczere, Ad\u0131yaman Kahta&#8217;daki Menzil \u015eeyhi&#8217;nin yan\u0131na gitmekteydi. Aralar\u0131nda f\u0131t\u0131k tedavisi i\u00e7in gidenler de vard\u0131. Devlet; sa\u011fl\u0131k hizmetlerindeki yolsuzluk, r\u00fc\u015fvet ve usuls\u00fczl\u00fckleri g\u00f6rmezden gelmektedir. Bu konularda yap\u0131lan uyar\u0131lar\u0131 gere\u011fi gibi inceleyece\u011fi ve soru\u015fturaca\u011f\u0131 yerde, r\u00fc\u015fvet alan ve yolsuzluk yapanlar\u0131 korumaktad\u0131r. Modern t\u0131bb\u0131n en iyi pazarlama tekni\u011fi kanser korkutmas\u0131d\u0131r.   Tiroid ameliyatlar\u0131n\u0131n \u00e7o\u011fu kanser korkutmas\u0131 ve \u015f\u00fcphesiyle yap\u0131lmaktad\u0131r. Kanserde erken te\u015fhis bir palavrad\u0131r. T\u00fcrkiye&#8217;de \u00fcniversiteler bilim yuvalar\u0131 de\u011fildir. Soru soran, d\u00fc\u015f\u00fcnen, mevcut g\u00f6r\u00fc\u015f ve sistemleri ele\u015ftiren ki\u015filere \u00fcniversite hocalar\u0131n\u0131n hi\u00e7 tahamm\u00fclleri yoktur. Ankara \u00dcniversitesi T\u0131p Fak\u00fcltesi Kad\u0131n Do\u011fum Klini\u011fi&#8217;ndeki bir profes\u00f6r \u015f\u00f6yle dedi: &#8220;Ben bazen, do\u011fum yapt\u0131rd\u0131\u011f\u0131m kad\u0131nlara k\u00fcfrederim, hatta d\u00f6verim. Bu kad\u0131nlar bir s\u00fcre sonra bana tekrar gelirler ve &#8216;Hocam, ge\u00e7en sefer sizi \u00fczd\u00fck ve rahats\u0131z etik. Acaba bizi tekrar kabul edebilecek misiniz?&#8217;derler.&#8221; <\/p>\n","protected":false},"excerpt":{"rendered":"<p>Sa\u011fl\u0131k piyasas\u0131 bir tiyatro sahnesidir. Bu sahnede herkes sistemin kendisine verdi\u011fi rol\u00fc oynamaktad\u0131r. Oynanan bu oyunda sevin\u00e7, h\u00fcz\u00fcn, komedi, trajedi, entrika, cinayet, kan, \u00fcz\u00fcnt\u00fc, \u00f6l\u00fcm, aldatma,<span class=\"excerpt-hellip\"> [\u2026]<\/span><\/p>\n","protected":false},"featured_media":0,"template":"","meta":{"_monsterinsights_skip_tracking":false,"_monsterinsights_sitenote_active":false,"_monsterinsights_sitenote_note":"","_monsterinsights_sitenote_category":0},"product_brand":[],"product_cat":[13366,13365],"product_tag":[],"class_list":{"0":"post-717828","1":"product","2":"type-product","3":"status-publish","5":"product_cat-diger-saglik","6":"product_cat-saglik","7":"pa_cilt-ciltsiz","8":"pa_tur-kitap","9":"pa_yayinevi-nergiz-yayinlari","10":"pa_yazar-m-ugur-yilmaz","12":"first","13":"instock","14":"sale","15":"shipping-taxable","16":"purchasable","17":"product-type-simple"},"_links":{"self":[{"href":"https:\/\/roveyayinevi.com.tr\/index.php\/wp-json\/wp\/v2\/product\/717828","targetHints":{"allow":["GET"]}}],"collection":[{"href":"https:\/\/roveyayinevi.com.tr\/index.php\/wp-json\/wp\/v2\/product"}],"about":[{"href":"https:\/\/roveyayinevi.com.tr\/index.php\/wp-json\/wp\/v2\/types\/product"}],"wp:attachment":[{"href":"https:\/\/roveyayinevi.com.tr\/index.php\/wp-json\/wp\/v2\/media?parent=717828"}],"wp:term":[{"taxonomy":"product_brand","embeddable":true,"href":"https:\/\/roveyayinevi.com.tr\/index.php\/wp-json\/wp\/v2\/product_brand?post=717828"},{"taxonomy":"product_cat","embeddable":true,"href":"https:\/\/roveyayinevi.com.tr\/index.php\/wp-json\/wp\/v2\/product_cat?post=717828"},{"taxonomy":"product_tag","embeddable":true,"href":"https:\/\/roveyayinevi.com.tr\/index.php\/wp-json\/wp\/v2\/product_tag?post=717828"}],"curies":[{"name":"wp","href":"https:\/\/api.w.org\/{rel}","templated":true}]}}