{"id":717806,"date":"2025-08-27T18:00:13","date_gmt":"2025-08-27T15:00:13","guid":{"rendered":"https:\/\/roveyayinevi.com.tr\/index.php\/urun\/gorunmez-adam-4\/"},"modified":"2026-04-16T02:25:54","modified_gmt":"2026-04-15T23:25:54","slug":"gorunmez-adam-4","status":"publish","type":"product","link":"https:\/\/roveyayinevi.com.tr\/index.php\/urun\/gorunmez-adam-4\/","title":{"rendered":"G\u00f6r\u00fcnmez Adam"},"content":{"rendered":"<p>\u00c7ok so\u011fuk bir k\u0131\u015f g\u00fcn\u00fcnde k\u00f6ye gelen yabanc\u0131, han\u0131n sahibini \u00e7ok sevindirmi\u015fti. B\u00f6yle k\u00fc\u00e7\u00fck bir k\u00f6yde, k\u0131\u015f mevsiminde m\u00fc\u015fteri bulmak \u00e7ok zordu. Hele ki adam \u00fccreti pe\u015fin \u00f6deyince, hanc\u0131n\u0131n keyfi iyice yerine geldi. Yabanc\u0131n\u0131n tepeden t\u0131rna\u011fa s\u0131ms\u0131k\u0131 giyinmi\u015f olmas\u0131 tuhaf de\u011fildi. Sonu\u00e7ta d\u0131\u015far\u0131da tipi vard\u0131. Adam\u0131n k\u0131yafetlerini ya da eldivenlerini i\u00e7eride \u015f\u00f6mine yand\u0131ktan sonra \u00e7\u0131karmamas\u0131 da normal kabul edilebilirdi. Herhalde \u00e7ok \u00fc\u015f\u00fcm\u00fc\u015ft\u00fc. Ancak s\u00fcrekli atk\u0131, g\u00f6zl\u00fck ve eldivenle dola\u015fmas\u0131, bir s\u00fcre sonra herkese garip gelmeye ba\u015flad\u0131. Bir de odas\u0131nda bilimsel deneyler yapt\u0131\u011f\u0131n\u0131 s\u00f6yleyip hanc\u0131n\u0131n girmesini yasaklay\u0131nca, k\u00f6yde bir dedikodu patlamas\u0131 ya\u015fand\u0131. Art\u0131k k\u00f6yl\u00fclerin tek hedefi bu adam\u0131n s\u0131rr\u0131n\u0131 \u00f6\u011frenmekti.Bilim kurgunun en b\u00fcy\u00fck yazarlar\u0131ndan H. G. Wells, G\u00f6r\u00fcnmez Adam \u2019da muhte\u015fem bir macera ve \u015fa\u015f\u0131rt\u0131c\u0131 bir bak\u0131\u015f a\u00e7\u0131s\u0131 sunuyor.<\/p>\n","protected":false},"excerpt":{"rendered":"<p>\u00c7ok so\u011fuk bir k\u0131\u015f g\u00fcn\u00fcnde k\u00f6ye gelen yabanc\u0131, han\u0131n sahibini \u00e7ok sevindirmi\u015fti. B\u00f6yle k\u00fc\u00e7\u00fck bir k\u00f6yde, k\u0131\u015f mevsiminde m\u00fc\u015fteri bulmak \u00e7ok zordu. Hele ki adam \u00fccreti<span class=\"excerpt-hellip\"> [\u2026]<\/span><\/p>\n","protected":false},"featured_media":0,"template":"","meta":{"_monsterinsights_skip_tracking":false,"_monsterinsights_sitenote_active":false,"_monsterinsights_sitenote_note":"","_monsterinsights_sitenote_category":0},"product_brand":[],"product_cat":[12274,12284],"product_tag":[],"class_list":{"0":"post-717806","1":"product","2":"type-product","3":"status-publish","5":"product_cat-cocuk-ve-genclik-kitaplari","6":"product_cat-hikayeler","7":"pa_cilt-ciltsiz","8":"pa_tur-kitap","9":"pa_yayinevi-is-bankasi-kultur-yayinlari","10":"pa_yazar-h-g-wells","12":"first","13":"instock","14":"sale","15":"shipping-taxable","16":"purchasable","17":"product-type-simple"},"_links":{"self":[{"href":"https:\/\/roveyayinevi.com.tr\/index.php\/wp-json\/wp\/v2\/product\/717806","targetHints":{"allow":["GET"]}}],"collection":[{"href":"https:\/\/roveyayinevi.com.tr\/index.php\/wp-json\/wp\/v2\/product"}],"about":[{"href":"https:\/\/roveyayinevi.com.tr\/index.php\/wp-json\/wp\/v2\/types\/product"}],"wp:attachment":[{"href":"https:\/\/roveyayinevi.com.tr\/index.php\/wp-json\/wp\/v2\/media?parent=717806"}],"wp:term":[{"taxonomy":"product_brand","embeddable":true,"href":"https:\/\/roveyayinevi.com.tr\/index.php\/wp-json\/wp\/v2\/product_brand?post=717806"},{"taxonomy":"product_cat","embeddable":true,"href":"https:\/\/roveyayinevi.com.tr\/index.php\/wp-json\/wp\/v2\/product_cat?post=717806"},{"taxonomy":"product_tag","embeddable":true,"href":"https:\/\/roveyayinevi.com.tr\/index.php\/wp-json\/wp\/v2\/product_tag?post=717806"}],"curies":[{"name":"wp","href":"https:\/\/api.w.org\/{rel}","templated":true}]}}