{"id":717805,"date":"2025-08-27T18:00:13","date_gmt":"2025-08-27T15:00:13","guid":{"rendered":"https:\/\/roveyayinevi.com.tr\/index.php\/urun\/istanbul-tarihi-arastirmalari\/"},"modified":"2026-04-16T02:25:54","modified_gmt":"2026-04-15T23:25:54","slug":"istanbul-tarihi-arastirmalari","status":"publish","type":"product","link":"https:\/\/roveyayinevi.com.tr\/index.php\/urun\/istanbul-tarihi-arastirmalari\/","title":{"rendered":"\u0130stanbul Tarihi Ara\u015ft\u0131rmalar\u0131"},"content":{"rendered":"<p>Halil \u0130nalc\u0131k\u2019\u0131n, vefat\u0131ndan \u00f6nce yay\u0131nevimize verdi\u011fi eserlerinden biri olan \u0130stanbul Tarihi Ara\u015ft\u0131rmalar\u0131\u2019nda, altm\u0131\u015f y\u0131l boyunca \u0130stanbul tarihine \u00e7e\u015fitli ara\u015ft\u0131rmalar\u0131yla katk\u0131da bulunmu\u015f \u0130nalc\u0131k\u2019\u0131n konuyla ilgili makaleleri ve daha \u00f6nce yay\u0131mlanmam\u0131\u015f \u00e7al\u0131\u015fmalar\u0131 bir arada sunuluyor. Eserin birinci b\u00f6l\u00fcm\u00fcnde, \u0130stanbul\u2019un fethinden sonra \u015fehrin yeniden n\u00fcfusland\u0131r\u0131lmas\u0131 ve in\u015fa faaliyetlerine dair muhtelif \u00e7al\u0131\u015fmalar\u0131n\u0131 bir araya toplayan \u0130nalc\u0131k, T\u00fcrk-\u0130sl\u00e2m \u015fehri olarak \u015fehrin bu yeniden kurulu\u015f s\u00fcrecini, ar\u015fiv vesikalar\u0131ndan ve \u00e7e\u015fitli dillerdeki kaynak eserlerden yola \u00e7\u0131karak inceliyor. Ayr\u0131ca \u015fehrin n\u00fcfusu, yerle\u015fim yerleri ve ekonomik hayat\u0131 kitab\u0131n ciddi katk\u0131lar\u0131 aras\u0131nda. \u0130kinci b\u00f6l\u00fcmde ise \u0130nalc\u0131k, Bil\u00e2d-i Sel\u00e2se olarak Galata, Ey\u00fcp ve \u00dcsk\u00fcdar \u00fczerine ara\u015ft\u0131rmalar\u0131n\u0131 sunuyor. \u00c7e\u015fitli \u0130stanbul say\u0131mlar\u0131n\u0131n yan\u0131 s\u0131ra, 1885 Tarihli \u0130stanbul Say\u0131m\u0131\u2019na b\u00fcy\u00fck bir parantez a\u00e7arak \u0130stanbul\u2019un demografisinin yap\u0131sal \u00f6zellikleri \u00fczerinde duruyor. 1911 y\u0131l\u0131na ait \u0130stanbul\u2019daki mevcut mahallelerin bir listesini vererek, 1453\u2019ten 1911 y\u0131l\u0131na de\u011fin geni\u015f bir yelpazede \u0130stanbul\u2019un bir T\u00fcrk-\u0130sl\u00e2m \u015fehri olarak geli\u015fim evrelerini g\u00f6steriyor. \u0130stanbul Tarihi Ara\u015ft\u0131rmalar\u0131\u2019nda, \u0130nalc\u0131k\u2019\u0131n 2012 y\u0131l\u0131nda yay\u0131mlanan ve fetihten sonra yap\u0131lan \u0130stanbul\u2019un ilk tahr\u00eeri olan The Survey of Istanbul 1455 adl\u0131 eseri ile birlikte, \u0130stanbul tarihi \u00fczerinde uzun y\u0131llard\u0131r yapt\u0131\u011f\u0131 ara\u015ft\u0131rmalar bir b\u00fct\u00fcn halinde sunulmu\u015f oluyor.<\/p>\n","protected":false},"excerpt":{"rendered":"<p>Halil \u0130nalc\u0131k\u2019\u0131n, vefat\u0131ndan \u00f6nce yay\u0131nevimize verdi\u011fi eserlerinden biri olan \u0130stanbul Tarihi Ara\u015ft\u0131rmalar\u0131\u2019nda, altm\u0131\u015f y\u0131l boyunca \u0130stanbul tarihine \u00e7e\u015fitli ara\u015ft\u0131rmalar\u0131yla katk\u0131da bulunmu\u015f \u0130nalc\u0131k\u2019\u0131n konuyla ilgili makaleleri ve<span class=\"excerpt-hellip\"> [\u2026]<\/span><\/p>\n","protected":false},"featured_media":0,"template":"","meta":{"_monsterinsights_skip_tracking":false,"_monsterinsights_sitenote_active":false,"_monsterinsights_sitenote_note":"","_monsterinsights_sitenote_category":0},"product_brand":[],"product_cat":[12370,12304],"product_tag":[],"class_list":{"0":"post-717805","1":"product","2":"type-product","3":"status-publish","5":"product_cat-arastirma-inceleme","6":"product_cat-tarih","7":"pa_cilt-ciltsiz","8":"pa_tur-kitap","9":"pa_yayinevi-is-bankasi-kultur-yayinlari","10":"pa_yazar-halil-inalcik","12":"first","13":"instock","14":"sale","15":"shipping-taxable","16":"purchasable","17":"product-type-simple"},"_links":{"self":[{"href":"https:\/\/roveyayinevi.com.tr\/index.php\/wp-json\/wp\/v2\/product\/717805","targetHints":{"allow":["GET"]}}],"collection":[{"href":"https:\/\/roveyayinevi.com.tr\/index.php\/wp-json\/wp\/v2\/product"}],"about":[{"href":"https:\/\/roveyayinevi.com.tr\/index.php\/wp-json\/wp\/v2\/types\/product"}],"wp:attachment":[{"href":"https:\/\/roveyayinevi.com.tr\/index.php\/wp-json\/wp\/v2\/media?parent=717805"}],"wp:term":[{"taxonomy":"product_brand","embeddable":true,"href":"https:\/\/roveyayinevi.com.tr\/index.php\/wp-json\/wp\/v2\/product_brand?post=717805"},{"taxonomy":"product_cat","embeddable":true,"href":"https:\/\/roveyayinevi.com.tr\/index.php\/wp-json\/wp\/v2\/product_cat?post=717805"},{"taxonomy":"product_tag","embeddable":true,"href":"https:\/\/roveyayinevi.com.tr\/index.php\/wp-json\/wp\/v2\/product_tag?post=717805"}],"curies":[{"name":"wp","href":"https:\/\/api.w.org\/{rel}","templated":true}]}}