{"id":717801,"date":"2025-08-27T18:00:10","date_gmt":"2025-08-27T15:00:10","guid":{"rendered":"https:\/\/roveyayinevi.com.tr\/index.php\/urun\/sorgu-ve-sir\/"},"modified":"2026-04-16T02:25:53","modified_gmt":"2026-04-15T23:25:53","slug":"sorgu-ve-sir","status":"publish","type":"product","link":"https:\/\/roveyayinevi.com.tr\/index.php\/urun\/sorgu-ve-sir\/","title":{"rendered":"Sorgu ve S\u0131r"},"content":{"rendered":"<p>Todd ve Viola, umuda ko\u015ftuklar\u0131n\u0131 d\u00fc\u015f\u00fcn\u00fcrken kendilerini en b\u00fcy\u00fck d\u00fc\u015fmanlar\u0131n\u0131n yeni krall\u0131\u011f\u0131nda buldular. Zihinleriyle ac\u0131mas\u0131zca alay eden Prentiss\u2019in kurdu\u011fu oyunda G\u00fcr\u00fclt\u00fc yeniden y\u00fckselirken, herkes taraf\u0131n\u0131 se\u00e7mek zorundayd\u0131. Fedak\u00e2rl\u0131k, \u015f\u00fcphe, ihanet ve inan\u00e7la sarmalanm\u0131\u015f bu sava\u015fta herkesin kaybedecek \u00e7ok \u015feyi vard\u0131.Ve sonra bir g\u00fcn, bombalar patlamaya ba\u015flad\u0131\u2026\u201cSon b\u00f6l\u00fcm\u00fc okudu\u011funuzda, uzun s\u00fcre kendinize gelemeyeceksiniz.\u201d Chicago Tribune\u201c\u0130nsan\u0131n ve k\u00f6t\u00fcl\u00fc\u011f\u00fcn \u00f6z\u00fcne dair ac\u0131mas\u0131z bir distopya.\u201d  Publishers Weekly\u201cTer\u00f6rizm, soyk\u0131r\u0131m, a\u015fk ve feminizm gibi \u00f6nemli konular\u0131 ancak Ness bu kadar nefes kesici i\u015fleyebilir.\u201d  Sunday Times\u201c\u0130nand\u0131klar\u0131 u\u011fruna, korkun\u00e7 \u015fartlar alt\u0131nda sava\u015fan iki gen\u00e7. Peki bu sefer kim kazanacak? \u201d Wall Street Journal\u201cCinsiyet\u00e7ilik, \u0131rk\u00e7\u0131l\u0131k, sava\u015f\u0131n ve bar\u0131\u015f\u0131n bedelleri hakk\u0131nda t\u00fcm bildiklerinizi unutturacak.\u201d Kirkus Reviews\u201cNess\u2019in bu sefer karakterleri i\u00e7in daha karanl\u0131k planlar\u0131 var.\u201d The Horn Book<\/p>\n","protected":false},"excerpt":{"rendered":"<p>Todd ve Viola, umuda ko\u015ftuklar\u0131n\u0131 d\u00fc\u015f\u00fcn\u00fcrken kendilerini en b\u00fcy\u00fck d\u00fc\u015fmanlar\u0131n\u0131n yeni krall\u0131\u011f\u0131nda buldular. Zihinleriyle ac\u0131mas\u0131zca alay eden Prentiss\u2019in kurdu\u011fu oyunda G\u00fcr\u00fclt\u00fc yeniden y\u00fckselirken, herkes taraf\u0131n\u0131 se\u00e7mek<span class=\"excerpt-hellip\"> [\u2026]<\/span><\/p>\n","protected":false},"featured_media":0,"template":"","meta":{"_monsterinsights_skip_tracking":false,"_monsterinsights_sitenote_active":false,"_monsterinsights_sitenote_note":"","_monsterinsights_sitenote_category":0},"product_brand":[],"product_cat":[12540,12291],"product_tag":[],"class_list":{"0":"post-717801","1":"product","2":"type-product","3":"status-publish","5":"product_cat-bilim-kurgu","6":"product_cat-edebiyat","7":"pa_cilt-ciltsiz","8":"pa_tur-kitap","9":"pa_yayinevi-yabanci-yayinevi","10":"pa_yazar-patrick-ness","12":"first","13":"instock","14":"sale","15":"shipping-taxable","16":"purchasable","17":"product-type-simple"},"_links":{"self":[{"href":"https:\/\/roveyayinevi.com.tr\/index.php\/wp-json\/wp\/v2\/product\/717801","targetHints":{"allow":["GET"]}}],"collection":[{"href":"https:\/\/roveyayinevi.com.tr\/index.php\/wp-json\/wp\/v2\/product"}],"about":[{"href":"https:\/\/roveyayinevi.com.tr\/index.php\/wp-json\/wp\/v2\/types\/product"}],"wp:attachment":[{"href":"https:\/\/roveyayinevi.com.tr\/index.php\/wp-json\/wp\/v2\/media?parent=717801"}],"wp:term":[{"taxonomy":"product_brand","embeddable":true,"href":"https:\/\/roveyayinevi.com.tr\/index.php\/wp-json\/wp\/v2\/product_brand?post=717801"},{"taxonomy":"product_cat","embeddable":true,"href":"https:\/\/roveyayinevi.com.tr\/index.php\/wp-json\/wp\/v2\/product_cat?post=717801"},{"taxonomy":"product_tag","embeddable":true,"href":"https:\/\/roveyayinevi.com.tr\/index.php\/wp-json\/wp\/v2\/product_tag?post=717801"}],"curies":[{"name":"wp","href":"https:\/\/api.w.org\/{rel}","templated":true}]}}