{"id":717788,"date":"2025-08-27T18:00:01","date_gmt":"2025-08-27T15:00:01","guid":{"rendered":"https:\/\/roveyayinevi.com.tr\/index.php\/urun\/eglenceli-fikralar-2\/"},"modified":"2026-04-16T02:25:53","modified_gmt":"2026-04-15T23:25:53","slug":"eglenceli-fikralar-2","status":"publish","type":"product","link":"https:\/\/roveyayinevi.com.tr\/index.php\/urun\/eglenceli-fikralar-2\/","title":{"rendered":"E\u011flenceli F\u0131kralar-2"},"content":{"rendered":"<p>Bir adam, tarlas\u0131nda i\u015f yapan \u00e7ift\u00e7iye yakla\u015f\u0131p \u00abAffedersiniz, etraf\u0131ndan dola\u015fmak yerine tarlan\u0131z\u0131n i\u00e7inden ge\u00e7ebilir miyim? 11.30 trenini yakalamam gerekiyor,\u00bb diye sormu\u015f.\u00abTabii, buyur ge\u00e7,\u00bb demi\u015f \u00e7ift\u00e7i.\u00abBizim bo\u011faya rastlarsan 11.15 trenine bile yeti\u015febilirsin.\u00bbG\u00fclmekten K\u0131r\u0131laca\u011finiz Fikralarla E\u011flenmeye Haz\u0131r Olun \u00c7ocuklar!<\/p>\n","protected":false},"excerpt":{"rendered":"<p>Bir adam, tarlas\u0131nda i\u015f yapan \u00e7ift\u00e7iye yakla\u015f\u0131p \u00abAffedersiniz, etraf\u0131ndan dola\u015fmak yerine tarlan\u0131z\u0131n i\u00e7inden ge\u00e7ebilir miyim? 11.30 trenini yakalamam gerekiyor,\u00bb diye sormu\u015f.\u00abTabii, buyur ge\u00e7,\u00bb demi\u015f \u00e7ift\u00e7i.\u00abBizim bo\u011faya<span class=\"excerpt-hellip\"> [\u2026]<\/span><\/p>\n","protected":false},"featured_media":0,"template":"","meta":{"_monsterinsights_skip_tracking":false,"_monsterinsights_sitenote_active":false,"_monsterinsights_sitenote_note":"","_monsterinsights_sitenote_category":0},"product_brand":[],"product_cat":[12274,12284],"product_tag":[],"class_list":{"0":"post-717788","1":"product","2":"type-product","3":"status-publish","5":"product_cat-cocuk-ve-genclik-kitaplari","6":"product_cat-hikayeler","7":"pa_cilt-ciltsiz","8":"pa_tur-kitap","9":"pa_yayinevi-beyaz-balina-yayinlari","10":"pa_yazar-ramazan-oktay","12":"first","13":"instock","14":"sale","15":"shipping-taxable","16":"purchasable","17":"product-type-simple"},"_links":{"self":[{"href":"https:\/\/roveyayinevi.com.tr\/index.php\/wp-json\/wp\/v2\/product\/717788","targetHints":{"allow":["GET"]}}],"collection":[{"href":"https:\/\/roveyayinevi.com.tr\/index.php\/wp-json\/wp\/v2\/product"}],"about":[{"href":"https:\/\/roveyayinevi.com.tr\/index.php\/wp-json\/wp\/v2\/types\/product"}],"wp:attachment":[{"href":"https:\/\/roveyayinevi.com.tr\/index.php\/wp-json\/wp\/v2\/media?parent=717788"}],"wp:term":[{"taxonomy":"product_brand","embeddable":true,"href":"https:\/\/roveyayinevi.com.tr\/index.php\/wp-json\/wp\/v2\/product_brand?post=717788"},{"taxonomy":"product_cat","embeddable":true,"href":"https:\/\/roveyayinevi.com.tr\/index.php\/wp-json\/wp\/v2\/product_cat?post=717788"},{"taxonomy":"product_tag","embeddable":true,"href":"https:\/\/roveyayinevi.com.tr\/index.php\/wp-json\/wp\/v2\/product_tag?post=717788"}],"curies":[{"name":"wp","href":"https:\/\/api.w.org\/{rel}","templated":true}]}}