{"id":717787,"date":"2025-08-27T18:00:00","date_gmt":"2025-08-27T15:00:00","guid":{"rendered":"https:\/\/roveyayinevi.com.tr\/index.php\/urun\/dunyayi-degistiren-hukumdar-fatih-sultan-mehmet-tarihte-iz-birakanlar\/"},"modified":"2026-04-16T02:25:53","modified_gmt":"2026-04-15T23:25:53","slug":"dunyayi-degistiren-hukumdar-fatih-sultan-mehmet-tarihte-iz-birakanlar","status":"publish","type":"product","link":"https:\/\/roveyayinevi.com.tr\/index.php\/urun\/dunyayi-degistiren-hukumdar-fatih-sultan-mehmet-tarihte-iz-birakanlar\/","title":{"rendered":"D\u00fcnyay\u0131 De\u011fi\u015ftiren H\u00fck\u00fcmdar: Fatih Sultan Mehmet-Tarihte \u0130z B\u0131rakanlar"},"content":{"rendered":"<p>Onlar sadece T\u00fcrklerin de\u011fil, d\u00fcnyan\u0131n gelece\u011fine y\u00f6n vermi\u015f liderlerdi. Ba\u015far\u0131lar\u0131yla tarihe isimlerini alt\u0131n harflerle yazd\u0131rd\u0131lar. \u0130\u015fte b\u00fct\u00fcn y\u00f6nleriyle tarihte iz b\u0131rakanlar.21 ya\u015f\u0131nda ikinci kez tahta \u00e7\u0131kan 2. Mehmet\u2019in hedefi; \u00e7ocuklu\u011fundan beri hayalini kurdu\u011fu \u0130stanbul\u2019u almakt\u0131. Kimsenin akl\u0131na gelmeyecek y\u00f6ntemleri, kendi icat etti\u011fi silahlar\u0131 kullanarak \u0130stanbul\u2019u fethetti ve bin y\u0131ll\u0131k Bizans \u0130mparatorlu\u011fu\u2019na son verdi. Fatih Sultan Mehmet\u2019ten sonra d\u00fcnya ayn\u0131 de\u011fildi. O, Osmanl\u0131\u2019n\u0131n s\u0131n\u0131rlar\u0131n\u0131 geni\u015fletti, ticaret yollar\u0131n\u0131 de\u011fi\u015ftirdi ve Yeni \u00c7a\u011f\u2019\u0131n ba\u015flamas\u0131na sebep oldu.<\/p>\n","protected":false},"excerpt":{"rendered":"<p>Onlar sadece T\u00fcrklerin de\u011fil, d\u00fcnyan\u0131n gelece\u011fine y\u00f6n vermi\u015f liderlerdi. Ba\u015far\u0131lar\u0131yla tarihe isimlerini alt\u0131n harflerle yazd\u0131rd\u0131lar. \u0130\u015fte b\u00fct\u00fcn y\u00f6nleriyle tarihte iz b\u0131rakanlar.21 ya\u015f\u0131nda ikinci kez tahta \u00e7\u0131kan<span class=\"excerpt-hellip\"> [\u2026]<\/span><\/p>\n","protected":false},"featured_media":0,"template":"","meta":{"_monsterinsights_skip_tracking":false,"_monsterinsights_sitenote_active":false,"_monsterinsights_sitenote_note":"","_monsterinsights_sitenote_category":0},"product_brand":[],"product_cat":[12274,12284],"product_tag":[],"class_list":{"0":"post-717787","1":"product","2":"type-product","3":"status-publish","5":"product_cat-cocuk-ve-genclik-kitaplari","6":"product_cat-hikayeler","7":"pa_cilt-ciltsiz","8":"pa_tur-kitap","9":"pa_yayinevi-beyaz-balina-yayinlari","10":"pa_yazar-kolektif","12":"first","13":"instock","14":"sale","15":"shipping-taxable","16":"purchasable","17":"product-type-simple"},"_links":{"self":[{"href":"https:\/\/roveyayinevi.com.tr\/index.php\/wp-json\/wp\/v2\/product\/717787","targetHints":{"allow":["GET"]}}],"collection":[{"href":"https:\/\/roveyayinevi.com.tr\/index.php\/wp-json\/wp\/v2\/product"}],"about":[{"href":"https:\/\/roveyayinevi.com.tr\/index.php\/wp-json\/wp\/v2\/types\/product"}],"wp:attachment":[{"href":"https:\/\/roveyayinevi.com.tr\/index.php\/wp-json\/wp\/v2\/media?parent=717787"}],"wp:term":[{"taxonomy":"product_brand","embeddable":true,"href":"https:\/\/roveyayinevi.com.tr\/index.php\/wp-json\/wp\/v2\/product_brand?post=717787"},{"taxonomy":"product_cat","embeddable":true,"href":"https:\/\/roveyayinevi.com.tr\/index.php\/wp-json\/wp\/v2\/product_cat?post=717787"},{"taxonomy":"product_tag","embeddable":true,"href":"https:\/\/roveyayinevi.com.tr\/index.php\/wp-json\/wp\/v2\/product_tag?post=717787"}],"curies":[{"name":"wp","href":"https:\/\/api.w.org\/{rel}","templated":true}]}}