{"id":717783,"date":"2025-08-27T17:59:57","date_gmt":"2025-08-27T14:59:57","guid":{"rendered":"https:\/\/roveyayinevi.com.tr\/index.php\/urun\/vampir\/"},"modified":"2026-04-16T02:25:53","modified_gmt":"2026-04-15T23:25:53","slug":"vampir","status":"publish","type":"product","link":"https:\/\/roveyayinevi.com.tr\/index.php\/urun\/vampir\/","title":{"rendered":"Vampir"},"content":{"rendered":"<p>Modern vampir mitinin \u00f6nc\u00fclerinden ve gotik korku edebiyat\u0131n\u0131n klasik yazarlar\u0131ndan kabul edilen John William Polidori, Lord Byron\u2019\u0131n \u00f6zel doktoru ve arkada\u015f\u0131yd\u0131. Lord Byron, Percy Shelley ve e\u015fi, Frankenstein\u2019\u0131n yazar\u0131 Mary Shelley\u2019yle beraber korku hik\u00e2yeleri okuduklar\u0131 gecelerde do\u011fan ve 1819\u2019da yay\u0131mlanan bu \u00f6yk\u00fc, Bram Stoker\u2019dan Anne Rice\u2019a, Alan Ball\u2019dan Francis Ford Coppola\u2019ya kadar bir\u00e7ok sanat\u00e7\u0131y\u0131 etkiledi. Eser, sat\u0131\u015f kayg\u0131lar\u0131 nedeniyle Lord Byron\u2019\u0131n ismiyle yay\u0131mland\u0131. John William Polidori hem eserini kendi ismiyle yay\u0131mlatamaman\u0131n bunal\u0131m\u0131 hem de kumar bor\u00e7lar\u0131n\u0131n yaratt\u0131\u011f\u0131 bask\u0131lar nedeniyle yirmi be\u015f ya\u015f\u0131nda intihar etti. Ancak Vampir ve Polidori\u2019nin yaratt\u0131\u011f\u0131 Lord Ruthven karakteri iki y\u00fcz y\u0131ld\u0131r okurlar\u0131n hayal g\u00fc\u00e7lerine ve k\u00e2buslar\u0131na musallat olmaya devam ediyor.   Varl\u0131kl\u0131 bir ailenin \u00e7ocu\u011fu olan \u0130ngiliz centilmen Aubrey, y\u00fcksek sosyetenin i\u00e7ine yeni giren gizemli Lord Ruthven\u2019in etkisine girer. Lord Ruthven\u2019in bilinmeyen ge\u00e7mi\u015fi, tuhaf davran\u0131\u015flar\u0131 Aubrey\u2019nin merak\u0131n\u0131 cezbetmektedir. Ancak gen\u00e7 adam, k\u0131sa s\u00fcrede yeni arkada\u015f\u0131n\u0131n \u015fatafatl\u0131 g\u00f6r\u00fcn\u00fcm\u00fcn\u00fcn alt\u0131nda k\u00f6t\u00fcc\u00fcl birinin gizli oldu\u011funu ke\u015ffedecektir. \u0130kilinin Avrupa gezileri s\u0131ras\u0131nda Lord Ruthven onlara sald\u0131ran bir grup haydut taraf\u0131ndan yaralan\u0131r. Son nefesini vermeden \u00f6nce Aubrey\u2019den \u00f6l\u00fcm\u00fcn\u00fc ve i\u015fledi\u011fi su\u00e7lar\u0131 toplam bir y\u0131l bir g\u00fcn kadar gizli tutmas\u0131n\u0131 rica eder. Ancak Lord Ruthven \u00f6l\u00fcm\u00fcnden bir y\u0131l sonra Londra\u2019da tekrar g\u00f6r\u00fcnd\u00fc\u011f\u00fcnde ve Aubrey\u2019nin k\u0131z karde\u015fine kur yapmaya ba\u015flad\u0131\u011f\u0131nda adam\u0131n korkun\u00e7 s\u0131rr\u0131 da ortaya \u00e7\u0131kar. <\/p>\n","protected":false},"excerpt":{"rendered":"<p>Modern vampir mitinin \u00f6nc\u00fclerinden ve gotik korku edebiyat\u0131n\u0131n klasik yazarlar\u0131ndan kabul edilen John William Polidori, Lord Byron\u2019\u0131n \u00f6zel doktoru ve arkada\u015f\u0131yd\u0131. Lord Byron, Percy Shelley ve<span class=\"excerpt-hellip\"> [\u2026]<\/span><\/p>\n","protected":false},"featured_media":0,"template":"","meta":{"_monsterinsights_skip_tracking":false,"_monsterinsights_sitenote_active":false,"_monsterinsights_sitenote_note":"","_monsterinsights_sitenote_category":0},"product_brand":[],"product_cat":[12291,17033],"product_tag":[],"class_list":{"0":"post-717783","1":"product","2":"type-product","3":"status-publish","5":"product_cat-edebiyat","6":"product_cat-korku-gerilim","7":"pa_cilt-ciltsiz","8":"pa_tur-kitap","9":"pa_yayinevi-ithaki-yayinlari","10":"pa_yazar-john-william-polidori","12":"first","13":"instock","14":"sale","15":"shipping-taxable","16":"purchasable","17":"product-type-simple"},"_links":{"self":[{"href":"https:\/\/roveyayinevi.com.tr\/index.php\/wp-json\/wp\/v2\/product\/717783","targetHints":{"allow":["GET"]}}],"collection":[{"href":"https:\/\/roveyayinevi.com.tr\/index.php\/wp-json\/wp\/v2\/product"}],"about":[{"href":"https:\/\/roveyayinevi.com.tr\/index.php\/wp-json\/wp\/v2\/types\/product"}],"wp:attachment":[{"href":"https:\/\/roveyayinevi.com.tr\/index.php\/wp-json\/wp\/v2\/media?parent=717783"}],"wp:term":[{"taxonomy":"product_brand","embeddable":true,"href":"https:\/\/roveyayinevi.com.tr\/index.php\/wp-json\/wp\/v2\/product_brand?post=717783"},{"taxonomy":"product_cat","embeddable":true,"href":"https:\/\/roveyayinevi.com.tr\/index.php\/wp-json\/wp\/v2\/product_cat?post=717783"},{"taxonomy":"product_tag","embeddable":true,"href":"https:\/\/roveyayinevi.com.tr\/index.php\/wp-json\/wp\/v2\/product_tag?post=717783"}],"curies":[{"name":"wp","href":"https:\/\/api.w.org\/{rel}","templated":true}]}}