{"id":717782,"date":"2025-08-27T17:59:57","date_gmt":"2025-08-27T14:59:57","guid":{"rendered":"https:\/\/roveyayinevi.com.tr\/index.php\/urun\/tum-sistemler-coktu\/"},"modified":"2026-04-16T02:25:53","modified_gmt":"2026-04-15T23:25:53","slug":"tum-sistemler-coktu","status":"publish","type":"product","link":"https:\/\/roveyayinevi.com.tr\/index.php\/urun\/tum-sistemler-coktu\/","title":{"rendered":"T\u00fcm Sistemler \u00c7\u00f6kt\u00fc"},"content":{"rendered":"<p>Hugo, Nebula ve Locus En \u0130yi K\u0131sa Roman \u00d6d\u00fcl\u00fc Kazanan\u0131   Kalpsiz bir \u00f6l\u00fcm makinesi olarak tam bir ba\u015far\u0131s\u0131zl\u0131k abidesiydim.   Uzay ara\u015ft\u0131rmalar\u0131n\u0131n kurumsalla\u015ft\u0131\u011f\u0131 bir gelecekte, ara\u015ft\u0131rmalarda kullan\u0131lacak t\u00fcm malzemelerin \u015eirket\u2019ten kiralanmas\u0131 gerekmektedir. Buna, ara\u015ft\u0131rma yapaca\u011f\u0131n\u0131z gezegene gitmek i\u00e7in kulland\u0131\u011f\u0131n\u0131z uzay gemisinden, sizi korumas\u0131 i\u00e7in g\u00f6nderilen G\u00fcvBirim androidi de dahil. Uzak bir gezegende, y\u00fczey testi yapan bir grup biliminsan\u0131na da kendine \u201cKatilbot\u201d diyen ve kendi idari mod\u00fcl\u00fcn\u00fc hackledi\u011fi i\u00e7in bilin\u00e7 kazanm\u0131\u015f bir G\u00fcvBirim androidi kiralanm\u0131\u015ft\u0131r. \u0130nsanlardan \u00e7ekinen ve dikkatleri \u00fczerine \u00e7ekmek istemeyen Katilbot\u2019un tek yapmak istedi\u011fi g\u00f6revini ba\u015far\u0131yla yerine getirip insanlar\u0131n onu rahat b\u0131rakmas\u0131d\u0131r. <\/p>\n","protected":false},"excerpt":{"rendered":"<p>Hugo, Nebula ve Locus En \u0130yi K\u0131sa Roman \u00d6d\u00fcl\u00fc Kazanan\u0131 Kalpsiz bir \u00f6l\u00fcm makinesi olarak tam bir ba\u015far\u0131s\u0131zl\u0131k abidesiydim. Uzay ara\u015ft\u0131rmalar\u0131n\u0131n kurumsalla\u015ft\u0131\u011f\u0131 bir gelecekte, ara\u015ft\u0131rmalarda kullan\u0131lacak<span class=\"excerpt-hellip\"> [\u2026]<\/span><\/p>\n","protected":false},"featured_media":0,"template":"","meta":{"_monsterinsights_skip_tracking":false,"_monsterinsights_sitenote_active":false,"_monsterinsights_sitenote_note":"","_monsterinsights_sitenote_category":0},"product_brand":[],"product_cat":[12540,12291],"product_tag":[],"class_list":{"0":"post-717782","1":"product","2":"type-product","3":"status-publish","5":"product_cat-bilim-kurgu","6":"product_cat-edebiyat","7":"pa_cilt-ciltsiz","8":"pa_tur-kitap","9":"pa_yayinevi-ithaki-yayinlari","10":"pa_yazar-martha-wells","12":"first","13":"instock","14":"sale","15":"shipping-taxable","16":"purchasable","17":"product-type-simple"},"_links":{"self":[{"href":"https:\/\/roveyayinevi.com.tr\/index.php\/wp-json\/wp\/v2\/product\/717782","targetHints":{"allow":["GET"]}}],"collection":[{"href":"https:\/\/roveyayinevi.com.tr\/index.php\/wp-json\/wp\/v2\/product"}],"about":[{"href":"https:\/\/roveyayinevi.com.tr\/index.php\/wp-json\/wp\/v2\/types\/product"}],"wp:attachment":[{"href":"https:\/\/roveyayinevi.com.tr\/index.php\/wp-json\/wp\/v2\/media?parent=717782"}],"wp:term":[{"taxonomy":"product_brand","embeddable":true,"href":"https:\/\/roveyayinevi.com.tr\/index.php\/wp-json\/wp\/v2\/product_brand?post=717782"},{"taxonomy":"product_cat","embeddable":true,"href":"https:\/\/roveyayinevi.com.tr\/index.php\/wp-json\/wp\/v2\/product_cat?post=717782"},{"taxonomy":"product_tag","embeddable":true,"href":"https:\/\/roveyayinevi.com.tr\/index.php\/wp-json\/wp\/v2\/product_tag?post=717782"}],"curies":[{"name":"wp","href":"https:\/\/api.w.org\/{rel}","templated":true}]}}