{"id":717780,"date":"2025-08-27T17:59:55","date_gmt":"2025-08-27T14:59:55","guid":{"rendered":"https:\/\/roveyayinevi.com.tr\/index.php\/urun\/fontamara\/"},"modified":"2026-04-03T02:32:19","modified_gmt":"2026-04-02T23:32:19","slug":"fontamara","status":"publish","type":"product","link":"https:\/\/roveyayinevi.com.tr\/index.php\/urun\/fontamara\/","title":{"rendered":"Fontamara"},"content":{"rendered":"<p>Eski bir \u0130talyan kasabas\u0131 olan Fontamara, fa\u015fizmin yeniden iktidarda v\u00fccut buldu\u011fu d\u00f6nemi, i\u00e7inde ya\u015fayan yoksul k\u00f6yl\u00fcler ve k\u00fc\u00e7\u00fck toprak sahipleri \u00fczerinden anlat\u0131yor. Fontamara\u2019da ilk olarak elektrikler gider, sonra da en \u00f6nemli kaynaklar\u0131 olan sular\u0131 tehlikeye girer. K\u00f6yl\u00fcler, ya\u015famda de\u011fi\u015fmeyenin de\u011fi\u015fen par\u00e7alar\u0131d\u0131r. Bu insanlar\u0131n tek istedikleri de daha refah bir hayat s\u00fcrmek ve sorunlar\u0131 kar\u015f\u0131s\u0131nda seslerini yetkili birilerine duyurmak. Fakat hangi yolu denerlerse denesinler k\u00f6yl\u00fclerin kar\u015f\u0131s\u0131na kula\u011f\u0131 sa\u011f\u0131r, g\u00f6z\u00fc k\u00f6r muhataplar \u00e7\u0131kar. Hi\u00e7biri yetmezmi\u015f gibi hayatlar\u0131 boyunca duymad\u0131klar\u0131 o kelimelerle su\u00e7lan\u0131rlar: \u201cKom\u00fcnist, Asi, Anar\u015fist ve Serke\u015f!\u201d \u0130talyan yazar Ignazio Silone\u2019un gen\u00e7lik y\u0131llar\u0131nda \u015fahit oldu\u011fu olaylar\u0131, ger\u00e7ekli\u011finden koparmadan ve alayl\u0131 bir dille anlatt\u0131\u011f\u0131 Fontamara, fa\u015fist bir y\u00f6netime maruz kalm\u0131\u015f insanlar\u0131n \u00e7aresizlik ve umutsuzlu\u011fa kar\u015f\u0131 ba\u015fkald\u0131r\u0131\u015f hik\u00e2yelerini bizlere sunar. \u2018Peki ama, neden korkuyorlar?\u2019 \u2018Neden oldu\u011funu kimse bilmiyor. Sadece korkudan\u2026\u2019 \u201cFa\u015fizmi bizlere sergilemek i\u00e7in Sabahattin Bey\u2019in c\u0131v\u0131l c\u0131v\u0131l g\u00f6zleriyle, sekmez sezgisiyle se\u00e7ti\u011fi bu kitap, zaten m\u00fctegallibe sultas\u0131 alt\u0131nda inleyen bir k\u00f6yl\u00fcl\u00fc\u011f\u00fcn fa\u015fizmden de nasibini al\u0131nca nas\u0131l diren\u00e7 bilincini dev\u015firdi\u011fini anlat\u0131r. Sabahattin Bey \u00f6rnek bir \u00e7eviri \u00e7\u0131karm\u0131\u015ft\u0131r ortaya, her yap\u0131t\u0131nda oldu\u011fu gibi Fontamara\u2019da da tam bir usta vard\u0131r \u00f6n\u00fcm\u00fczde. Ey sevgili usta, topra\u011f\u0131n memleket topraklar\u0131nca bol olsun\u2026\u201d  <\/p>\n","protected":false},"excerpt":{"rendered":"<p>Eski bir \u0130talyan kasabas\u0131 olan Fontamara, fa\u015fizmin yeniden iktidarda v\u00fccut buldu\u011fu d\u00f6nemi, i\u00e7inde ya\u015fayan yoksul k\u00f6yl\u00fcler ve k\u00fc\u00e7\u00fck toprak sahipleri \u00fczerinden anlat\u0131yor. Fontamara\u2019da ilk olarak elektrikler<span class=\"excerpt-hellip\"> [\u2026]<\/span><\/p>\n","protected":false},"featured_media":0,"template":"","meta":{"_monsterinsights_skip_tracking":false,"_monsterinsights_sitenote_active":false,"_monsterinsights_sitenote_note":"","_monsterinsights_sitenote_category":0},"product_brand":[],"product_cat":[12291,12711],"product_tag":[],"class_list":{"0":"post-717780","1":"product","2":"type-product","3":"status-publish","5":"product_cat-edebiyat","6":"product_cat-roman-oyku","7":"pa_cilt-ciltsiz","8":"pa_tur-kitap","9":"pa_yayinevi-kor-kitap","10":"pa_yazar-ignazio-silone","12":"first","13":"instock","14":"sale","15":"shipping-taxable","16":"purchasable","17":"product-type-simple"},"_links":{"self":[{"href":"https:\/\/roveyayinevi.com.tr\/index.php\/wp-json\/wp\/v2\/product\/717780","targetHints":{"allow":["GET"]}}],"collection":[{"href":"https:\/\/roveyayinevi.com.tr\/index.php\/wp-json\/wp\/v2\/product"}],"about":[{"href":"https:\/\/roveyayinevi.com.tr\/index.php\/wp-json\/wp\/v2\/types\/product"}],"wp:attachment":[{"href":"https:\/\/roveyayinevi.com.tr\/index.php\/wp-json\/wp\/v2\/media?parent=717780"}],"wp:term":[{"taxonomy":"product_brand","embeddable":true,"href":"https:\/\/roveyayinevi.com.tr\/index.php\/wp-json\/wp\/v2\/product_brand?post=717780"},{"taxonomy":"product_cat","embeddable":true,"href":"https:\/\/roveyayinevi.com.tr\/index.php\/wp-json\/wp\/v2\/product_cat?post=717780"},{"taxonomy":"product_tag","embeddable":true,"href":"https:\/\/roveyayinevi.com.tr\/index.php\/wp-json\/wp\/v2\/product_tag?post=717780"}],"curies":[{"name":"wp","href":"https:\/\/api.w.org\/{rel}","templated":true}]}}