{"id":717770,"date":"2025-08-27T17:59:49","date_gmt":"2025-08-27T14:59:49","guid":{"rendered":"https:\/\/roveyayinevi.com.tr\/index.php\/urun\/insanin-anlama-yetisi-uzerine-bir-sorusturma-3\/"},"modified":"2026-04-16T02:25:53","modified_gmt":"2026-04-15T23:25:53","slug":"insanin-anlama-yetisi-uzerine-bir-sorusturma-3","status":"publish","type":"product","link":"https:\/\/roveyayinevi.com.tr\/index.php\/urun\/insanin-anlama-yetisi-uzerine-bir-sorusturma-3\/","title":{"rendered":"\u0130nsan\u0131n Anlama Yetisi \u00dczerine Bir Soru\u015fturma"},"content":{"rendered":"<p>\u201cOlguya ait bir \u015feyle ilgili b\u00fct\u00fcn uslamlamalar, neden-etki ili\u015fkisi \u00fczerine kurulu g\u00f6r\u00fcn\u00fcr. Esasen belle\u011fimizde duyular\u0131m\u0131z\u0131n tan\u0131kl\u0131k ve besbellili\u011fini a\u015fmam\u0131za izin veren de yaln\u0131z bu ba\u011flant\u0131d\u0131r. \u00d6rne\u011fin adam\u0131n birine, tan\u0131\u011f\u0131 bulunmad\u0131\u011f\u0131 bir olguya ait \u015feyin ger\u00e7ekli\u011fine neden inand\u0131\u011f\u0131n\u0131 sorunuz. S\u00f6z geli\u015fi arkada\u015f\u0131n\u0131n Fransa\u2019da, yazl\u0131kta oldu\u011funa ni\u00e7in inand\u0131\u011f\u0131n\u0131 sorunuz. O, size bir sebep g\u00f6sterecektir ve bu sebep de arkada\u015f\u0131ndan ya bir mektup alm\u0131\u015f veya arkada\u015f\u0131n\u0131n daha \u00f6nceki karar ve vaatlerini bilmi\u015f olmas\u0131 gibi ba\u015fka bir olgudur. Bo\u015f bir adada, bir saat veya herhangi ba\u015fka bir alet bulacak bir ki\u015fi de bundan, bu adada, eskiden insanlar ya\u015fam\u0131\u015ft\u0131r sonucunu \u00e7\u0131kar\u0131r. \u0130\u015fte olgu alan\u0131ndaki b\u00fct\u00fcn uslamlamalar\u0131m\u0131z hep ayn\u0131 yap\u0131dad\u0131r. Daima \u015fimdiki olgu ile bundan \u00e7\u0131karsanan aras\u0131nda bir ba\u011f oldu\u011fu varsay\u0131l\u0131r. E\u011fer bu ikisini birbirine hi\u00e7bir \u015fey ba\u011flamasayd\u0131, \u00e7\u0131karsama, b\u00fcsb\u00fct\u00fcn g\u00fcvenilmez olurdu. Karanl\u0131kta heceli sesler ve kavranabilir s\u00f6zler kula\u011f\u0131m\u0131za gelecek olursa, orada bir insan\u0131n bulundu\u011funa g\u00fcven getiririz. Ni\u00e7in? Bu g\u00fcr\u00fclt\u00fclerin s\u0131k\u0131 s\u0131k\u0131ya ba\u011fl\u0131 bulunduklar\u0131 insan do\u011fas\u0131 ve yap\u0131s\u0131n\u0131n sonucu olduklar\u0131 i\u00e7in de\u011fil de ni\u00e7in? E\u011fer biz, bu \u00e7e\u015fit b\u00fct\u00fcn uslamlamalar\u0131 inceleyecek olursak, g\u00f6r\u00fcr\u00fcz ki bunlar nedenle etki ba\u011flant\u0131s\u0131 \u00fczerine kuruludur ve bu ba\u011flant\u0131n\u0131n kendisi, yak\u0131n veya uzak, do\u011frudan do\u011fruya veya birbirine biti\u015fiktir. \u00d6rne\u011fin s\u0131cakl\u0131kla ayd\u0131nl\u0131k, ate\u015fin birbirine biti\u015fik etkilerdir; \u015fu \u015fekilde ki bu etkilerin birinden \u00f6tekini \u00e7\u0131karmak yerindedir.\u201d <\/p>\n","protected":false},"excerpt":{"rendered":"<p>\u201cOlguya ait bir \u015feyle ilgili b\u00fct\u00fcn uslamlamalar, neden-etki ili\u015fkisi \u00fczerine kurulu g\u00f6r\u00fcn\u00fcr. Esasen belle\u011fimizde duyular\u0131m\u0131z\u0131n tan\u0131kl\u0131k ve besbellili\u011fini a\u015fmam\u0131za izin veren de yaln\u0131z bu ba\u011flant\u0131d\u0131r. \u00d6rne\u011fin<span class=\"excerpt-hellip\"> [\u2026]<\/span><\/p>\n","protected":false},"featured_media":0,"template":"","meta":{"_monsterinsights_skip_tracking":false,"_monsterinsights_sitenote_active":false,"_monsterinsights_sitenote_note":"","_monsterinsights_sitenote_category":0},"product_brand":[],"product_cat":[12389,12388],"product_tag":[],"class_list":{"0":"post-717770","1":"product","2":"type-product","3":"status-publish","5":"product_cat-diger-felsefe","6":"product_cat-felsefe","7":"pa_cilt-ciltsiz","8":"pa_tur-kitap","9":"pa_yayinevi-fol-kitap","10":"pa_yazar-david-hume","12":"first","13":"instock","14":"sale","15":"shipping-taxable","16":"purchasable","17":"product-type-simple"},"_links":{"self":[{"href":"https:\/\/roveyayinevi.com.tr\/index.php\/wp-json\/wp\/v2\/product\/717770","targetHints":{"allow":["GET"]}}],"collection":[{"href":"https:\/\/roveyayinevi.com.tr\/index.php\/wp-json\/wp\/v2\/product"}],"about":[{"href":"https:\/\/roveyayinevi.com.tr\/index.php\/wp-json\/wp\/v2\/types\/product"}],"wp:attachment":[{"href":"https:\/\/roveyayinevi.com.tr\/index.php\/wp-json\/wp\/v2\/media?parent=717770"}],"wp:term":[{"taxonomy":"product_brand","embeddable":true,"href":"https:\/\/roveyayinevi.com.tr\/index.php\/wp-json\/wp\/v2\/product_brand?post=717770"},{"taxonomy":"product_cat","embeddable":true,"href":"https:\/\/roveyayinevi.com.tr\/index.php\/wp-json\/wp\/v2\/product_cat?post=717770"},{"taxonomy":"product_tag","embeddable":true,"href":"https:\/\/roveyayinevi.com.tr\/index.php\/wp-json\/wp\/v2\/product_tag?post=717770"}],"curies":[{"name":"wp","href":"https:\/\/api.w.org\/{rel}","templated":true}]}}