{"id":717761,"date":"2025-08-27T17:59:43","date_gmt":"2025-08-27T14:59:43","guid":{"rendered":"https:\/\/roveyayinevi.com.tr\/index.php\/urun\/merakli-calik-cicekcide\/"},"modified":"2026-04-16T02:25:53","modified_gmt":"2026-04-15T23:25:53","slug":"merakli-calik-cicekcide","status":"publish","type":"product","link":"https:\/\/roveyayinevi.com.tr\/index.php\/urun\/merakli-calik-cicekcide\/","title":{"rendered":"Merakl\u0131 \u00c7al\u0131k \u00c7i\u00e7ek\u00e7ide"},"content":{"rendered":"<p>\u0130\u00e7erisi reng\u00e2renkti. Her yer birbirinden g\u00fczel \u00e7i\u00e7eklerle doluydu. Mis gibi kokuyordu \u00e7i\u00e7ek\u00e7inin d\u00fckk\u00e2n\u0131.   Merakl\u0131 m\u0131 merakl\u0131, sevimli mi sevimli \u00c7ak\u0131l\u2019\u0131n her maceras\u0131nda bir duygu gizli. Bu kitapta da \u201c\u00fcz\u00fclmek\u201d ile ilgili s\u0131cac\u0131k bir \u00f6yk\u00fc var. <\/p>\n","protected":false},"excerpt":{"rendered":"<p>\u0130\u00e7erisi reng\u00e2renkti. Her yer birbirinden g\u00fczel \u00e7i\u00e7eklerle doluydu. Mis gibi kokuyordu \u00e7i\u00e7ek\u00e7inin d\u00fckk\u00e2n\u0131. Merakl\u0131 m\u0131 merakl\u0131, sevimli mi sevimli \u00c7ak\u0131l\u2019\u0131n her maceras\u0131nda bir duygu gizli. Bu<span class=\"excerpt-hellip\"> [\u2026]<\/span><\/p>\n","protected":false},"featured_media":0,"template":"","meta":{"_monsterinsights_skip_tracking":false,"_monsterinsights_sitenote_active":false,"_monsterinsights_sitenote_note":"","_monsterinsights_sitenote_category":0},"product_brand":[],"product_cat":[12274,12518],"product_tag":[],"class_list":{"0":"post-717761","1":"product","2":"type-product","3":"status-publish","5":"product_cat-cocuk-ve-genclik-kitaplari","6":"product_cat-okul-oncesi-kitaplar","7":"pa_cilt-ciltsiz","8":"pa_tur-kitap","9":"pa_yayinevi-kirmizi-kedi-yayinevi","10":"pa_yazar-nazli-deniz-guler","12":"first","13":"instock","14":"sale","15":"shipping-taxable","16":"purchasable","17":"product-type-simple"},"_links":{"self":[{"href":"https:\/\/roveyayinevi.com.tr\/index.php\/wp-json\/wp\/v2\/product\/717761","targetHints":{"allow":["GET"]}}],"collection":[{"href":"https:\/\/roveyayinevi.com.tr\/index.php\/wp-json\/wp\/v2\/product"}],"about":[{"href":"https:\/\/roveyayinevi.com.tr\/index.php\/wp-json\/wp\/v2\/types\/product"}],"wp:attachment":[{"href":"https:\/\/roveyayinevi.com.tr\/index.php\/wp-json\/wp\/v2\/media?parent=717761"}],"wp:term":[{"taxonomy":"product_brand","embeddable":true,"href":"https:\/\/roveyayinevi.com.tr\/index.php\/wp-json\/wp\/v2\/product_brand?post=717761"},{"taxonomy":"product_cat","embeddable":true,"href":"https:\/\/roveyayinevi.com.tr\/index.php\/wp-json\/wp\/v2\/product_cat?post=717761"},{"taxonomy":"product_tag","embeddable":true,"href":"https:\/\/roveyayinevi.com.tr\/index.php\/wp-json\/wp\/v2\/product_tag?post=717761"}],"curies":[{"name":"wp","href":"https:\/\/api.w.org\/{rel}","templated":true}]}}