{"id":717748,"date":"2025-08-27T17:59:35","date_gmt":"2025-08-27T14:59:35","guid":{"rendered":"https:\/\/roveyayinevi.com.tr\/index.php\/urun\/uluslarin-yukselisi\/"},"modified":"2026-04-16T02:25:52","modified_gmt":"2026-04-15T23:25:52","slug":"uluslarin-yukselisi","status":"publish","type":"product","link":"https:\/\/roveyayinevi.com.tr\/index.php\/urun\/uluslarin-yukselisi\/","title":{"rendered":"Uluslar\u0131n Y\u00fckseli\u015fi"},"content":{"rendered":"<p>Co\u011frafi ke\u015fiflerden \u00f6nce ve sonra hem eski hem de yeni d\u00fcnya d\u00fczeninde sanayile\u015fme ad\u0131m ad\u0131m nas\u0131l ger\u00e7ekle\u015ftirildi? S\u00f6m\u00fcrgele\u015ftirme yolunda hangi stratejiler uyguland\u0131? \u0130leri sanayi \u00fclkeleri nas\u0131l bu kadar geli\u015febildiler? T\u00fcrkiye, sanayile\u015fmenin neresinde? T\u00fcrkiye\u2019ye uygun sanayi ve teknoloji politikalar\u0131 hangileri? Yerlile\u015fme ne i\u015fe yarar? Elinizdeki kitap bu sorulara cevap vermenin yan\u0131 s\u0131ra, olduk\u00e7a iddial\u0131 bir ba\u015fka konuyu da enine boyuna tart\u0131\u015fmaya a\u00e7\u0131yor: Sanayile\u015fme ekonomik a\u00e7\u0131dan faydal\u0131 ve kalk\u0131nma i\u00e7in zorunlu olsa da, olduk\u00e7a maliyetli, riskli ve karma\u015f\u0131k bir s\u00fcreci gerektirir. \u00d6te yandan, modern \u00e7a\u011fda da \u00f6ncesinde de hi\u00e7bir sanayile\u015fme s\u00fcreci tesad\u00fcf de\u011fildir. \u0130\u015fte \u201csanayi politikalar\u0131na\u201d duyulan ihtiya\u00e7 bu y\u00fczden ortaya \u00e7\u0131k\u0131yor&#8230; \u00dc\u00e7 b\u00f6l\u00fcmden olu\u015fan kitab\u0131n ilk b\u00f6l\u00fcm\u00fc sanayi ve uluslararas\u0131 ticaret tarihini incelerken g\u00fcn\u00fcm\u00fcz\u00fcn sanayile\u015fmi\u015f \u00fclkelerinin bunu nas\u0131l ba\u015fard\u0131klar\u0131, tarih\u00ee ger\u00e7eklere dayanarak anlat\u0131l\u0131yor. \u0130kinci b\u00f6l\u00fcmde \u00fcretim ve ticaret dengesi konular\u0131 ele al\u0131n\u0131rken sanayi \u00fcretiminin \u201cneden\u201d kalk\u0131nma i\u00e7in zorunlu oldu\u011fu, imalat sanayinin ekonomik ve ticari a\u00e7\u0131dan \u00f6nemi, d\u00fcnyada sanayi \u00fcretimini kimlerin yapt\u0131\u011f\u0131 ve kimlerin neyi ihra\u00e7 etti\u011fi \u00fczerinde duruluyor. Katma de\u011ferden cari dengeye, tebess\u00fcm e\u011frisinde para kazand\u0131rmayan \u00fcretime, verimlilikten art\u0131\u015flar\u0131n\u0131n kalk\u0131nmay\u0131 ba\u015farmada neden yetmeyece\u011finden markala\u015fma ve teknolojiye sanayi ve sanayi politikalar\u0131 geni\u015f bir \u00e7er\u00e7evede ele al\u0131n\u0131yor. Kitab\u0131n son b\u00f6l\u00fcm\u00fcnde ise sanayi politikalar\u0131 ve sanayile\u015fme s\u00fcre\u00e7leri anlat\u0131l\u0131yor. Standartla\u015ft\u0131r\u0131lm\u0131\u015f sanayile\u015fme s\u00fcrecinin tan\u0131m\u0131, sanayile\u015fme a\u015famalar\u0131na en uygun sanayi politikalar\u0131, Airbus ve Saab\u2019dan G\u00fcney Kore\u2019nin otomobil ve n\u00fckleer reakt\u00f6r sanayilerini nas\u0131l kurduklar\u0131 bu b\u00f6l\u00fcm\u00fcn konular\u0131. IMF eski ekonomisti ve OST\u0130M Teknik \u00dcniversitesi Rekt\u00f6r\u00fc Prof. Dr. Murat Y\u00fclek, \u201cUluslar\u0131n Y\u00fckseli\u015fi: Sanayi, Uluslararas\u0131 Ticaret, Sanayi Politikalar\u0131 ve Ekonomik Kalk\u0131nma\u201d kitab\u0131nda d\u00fcnyan\u0131n bilhassa ya\u015fad\u0131\u011f\u0131m\u0131z \u00e7a\u011fda en \u00e7ok pe\u015fine d\u00fc\u015ft\u00fc\u011f\u00fc konular\u0131n izini s\u00fcr\u00fcyor&#8230; <\/p>\n","protected":false},"excerpt":{"rendered":"<p>Co\u011frafi ke\u015fiflerden \u00f6nce ve sonra hem eski hem de yeni d\u00fcnya d\u00fczeninde sanayile\u015fme ad\u0131m ad\u0131m nas\u0131l ger\u00e7ekle\u015ftirildi? S\u00f6m\u00fcrgele\u015ftirme yolunda hangi stratejiler uyguland\u0131? \u0130leri sanayi \u00fclkeleri nas\u0131l<span class=\"excerpt-hellip\"> [\u2026]<\/span><\/p>\n","protected":false},"featured_media":0,"template":"","meta":{"_monsterinsights_skip_tracking":false,"_monsterinsights_sitenote_active":false,"_monsterinsights_sitenote_note":"","_monsterinsights_sitenote_category":0},"product_brand":[],"product_cat":[13043,17647],"product_tag":[],"class_list":{"0":"post-717748","1":"product","2":"type-product","3":"status-publish","5":"product_cat-ekonomi","6":"product_cat-is-dunyasi","7":"pa_cilt-ciltsiz","8":"pa_tur-kitap","9":"pa_yayinevi-kronik-kitap","10":"pa_yazar-murat-yulek","12":"first","13":"instock","14":"sale","15":"shipping-taxable","16":"purchasable","17":"product-type-simple"},"_links":{"self":[{"href":"https:\/\/roveyayinevi.com.tr\/index.php\/wp-json\/wp\/v2\/product\/717748","targetHints":{"allow":["GET"]}}],"collection":[{"href":"https:\/\/roveyayinevi.com.tr\/index.php\/wp-json\/wp\/v2\/product"}],"about":[{"href":"https:\/\/roveyayinevi.com.tr\/index.php\/wp-json\/wp\/v2\/types\/product"}],"wp:attachment":[{"href":"https:\/\/roveyayinevi.com.tr\/index.php\/wp-json\/wp\/v2\/media?parent=717748"}],"wp:term":[{"taxonomy":"product_brand","embeddable":true,"href":"https:\/\/roveyayinevi.com.tr\/index.php\/wp-json\/wp\/v2\/product_brand?post=717748"},{"taxonomy":"product_cat","embeddable":true,"href":"https:\/\/roveyayinevi.com.tr\/index.php\/wp-json\/wp\/v2\/product_cat?post=717748"},{"taxonomy":"product_tag","embeddable":true,"href":"https:\/\/roveyayinevi.com.tr\/index.php\/wp-json\/wp\/v2\/product_tag?post=717748"}],"curies":[{"name":"wp","href":"https:\/\/api.w.org\/{rel}","templated":true}]}}