{"id":717738,"date":"2025-08-27T17:59:29","date_gmt":"2025-08-27T14:59:29","guid":{"rendered":"https:\/\/roveyayinevi.com.tr\/index.php\/urun\/toplumdilbilimi\/"},"modified":"2026-04-16T02:25:52","modified_gmt":"2026-04-15T23:25:52","slug":"toplumdilbilimi","status":"publish","type":"product","link":"https:\/\/roveyayinevi.com.tr\/index.php\/urun\/toplumdilbilimi\/","title":{"rendered":"Toplumdilbilimi"},"content":{"rendered":"<p>Toplumdilbilimi \u00e7al\u0131\u015fmalar\u0131, toplumsal ve k\u00fclt\u00fcrel ger\u00e7eklikler ile dil aras\u0131ndaki ili\u015fkileri ve etkile\u015fimi g\u00f6zetmesi; dilin toplumsal da\u011f\u0131l\u0131m\u0131n\u0131 ve i\u015flevlerini incelemesi; cinsiyet, ya\u015f, toplumsal tabaka, e\u011fitim, meslek gibi de\u011fi\u015fkenler ba\u011flam\u0131nda dilsel verileri yorumlamas\u0131 a\u00e7\u0131s\u0131ndan b\u00fcy\u00fck \u00f6nem ta\u015f\u0131maktad\u0131r. Bu kitapta, toplumdilbiliminin temel konular\u0131 ve kavramlar\u0131; cinsiyet, ya\u015f, toplumsal tabaka gibi de\u011fi\u015fkenler ba\u011flam\u0131nda dil kullan\u0131mlar\u0131; toplumsal cinsiyet kuramlar\u0131 ve rolleri ana hatlar\u0131yla de\u011ferlendirilmi\u015f; toplumsal cinsiyetin etki ve yans\u0131malar\u0131, T\u00fcrk\u00e7e s\u00f6zvarl\u0131\u011f\u0131nda ara\u015ft\u0131r\u0131lm\u0131\u015ft\u0131r. Dilbilgisel bir kategori olan ve yap\u0131sal bir nitelik ta\u015f\u0131yan dilbilgisel cinsiyet, d\u00fcnya dillerinin t\u00fcm\u00fcnde bulunmaz, fakat k\u00fclt\u00fcrel, sosyolojik ve psikolojik etkenlere ba\u011fl\u0131 olarak dil kullan\u0131m\u0131nda ve s\u00f6zvarl\u0131\u011f\u0131 d\u00fczeyinde her bir dilde toplumsal cinsiyetin yans\u0131malar\u0131 g\u00f6r\u00fclebilmektedir. Bu kitapta T\u00fcrk\u00e7e s\u00f6zvarl\u0131\u011f\u0131ndaki 552 kelimenin toplumsal cinsiyeti, tarama ara\u015ft\u0131rmas\u0131 ile de\u011ferlendirilmi\u015f, toplumsal cinsiyet ve dil ara\u015ft\u0131rmalar\u0131na katk\u0131 sa\u011flanmaya \u00e7al\u0131\u015f\u0131lm\u0131\u015ft\u0131r. g<\/p>\n","protected":false},"excerpt":{"rendered":"<p>Toplumdilbilimi \u00e7al\u0131\u015fmalar\u0131, toplumsal ve k\u00fclt\u00fcrel ger\u00e7eklikler ile dil aras\u0131ndaki ili\u015fkileri ve etkile\u015fimi g\u00f6zetmesi; dilin toplumsal da\u011f\u0131l\u0131m\u0131n\u0131 ve i\u015flevlerini incelemesi; cinsiyet, ya\u015f, toplumsal tabaka, e\u011fitim, meslek gibi<span class=\"excerpt-hellip\"> [\u2026]<\/span><\/p>\n","protected":false},"featured_media":0,"template":"","meta":{"_monsterinsights_skip_tracking":false,"_monsterinsights_sitenote_active":false,"_monsterinsights_sitenote_note":"","_monsterinsights_sitenote_category":0},"product_brand":[],"product_cat":[14597,12566],"product_tag":[],"class_list":{"0":"post-717738","1":"product","2":"type-product","3":"status-publish","5":"product_cat-dil-ogrenimi","6":"product_cat-egitim","7":"pa_cilt-ciltsiz","8":"pa_tur-kitap","9":"pa_yayinevi-bilge-kultur-sanat","10":"pa_yazar-gulcan-colak","12":"first","13":"instock","14":"sale","15":"shipping-taxable","16":"purchasable","17":"product-type-simple"},"_links":{"self":[{"href":"https:\/\/roveyayinevi.com.tr\/index.php\/wp-json\/wp\/v2\/product\/717738","targetHints":{"allow":["GET"]}}],"collection":[{"href":"https:\/\/roveyayinevi.com.tr\/index.php\/wp-json\/wp\/v2\/product"}],"about":[{"href":"https:\/\/roveyayinevi.com.tr\/index.php\/wp-json\/wp\/v2\/types\/product"}],"wp:attachment":[{"href":"https:\/\/roveyayinevi.com.tr\/index.php\/wp-json\/wp\/v2\/media?parent=717738"}],"wp:term":[{"taxonomy":"product_brand","embeddable":true,"href":"https:\/\/roveyayinevi.com.tr\/index.php\/wp-json\/wp\/v2\/product_brand?post=717738"},{"taxonomy":"product_cat","embeddable":true,"href":"https:\/\/roveyayinevi.com.tr\/index.php\/wp-json\/wp\/v2\/product_cat?post=717738"},{"taxonomy":"product_tag","embeddable":true,"href":"https:\/\/roveyayinevi.com.tr\/index.php\/wp-json\/wp\/v2\/product_tag?post=717738"}],"curies":[{"name":"wp","href":"https:\/\/api.w.org\/{rel}","templated":true}]}}