{"id":717724,"date":"2025-08-27T17:59:19","date_gmt":"2025-08-27T14:59:19","guid":{"rendered":"https:\/\/roveyayinevi.com.tr\/index.php\/urun\/eva-tatilde\/"},"modified":"2025-09-11T11:11:07","modified_gmt":"2025-09-11T08:11:07","slug":"eva-tatilde","status":"publish","type":"product","link":"https:\/\/roveyayinevi.com.tr\/index.php\/urun\/eva-tatilde\/","title":{"rendered":"Eva Tatilde"},"content":{"rendered":"<p>Eva\u2019n\u0131n unutulmaz yaz tatili!Eva Gordon modadan, e\u011flenceden ve arkada\u015flar\u0131yla gezip tozmaktan ho\u015flanan bir k\u0131zd\u0131r. T\u00fcm yaz\u0131 k\u00f6ydeki bir k\u0131r evinde, anne babas\u0131yla ve Joey isimli sekiz ya\u015f\u0131ndaki bir \u00e7ocukla ge\u00e7irece\u011fini \u00f6\u011frendi\u011finde \u00e7ok sinirlenir.\u0130\u015fin daha da k\u00f6t\u00fcs\u00fc, kar\u015f\u0131 evde ya\u015fayan ve haval\u0131 olmay\u0131 kesinlikle umursamayan Kate ad\u0131ndaki bir k\u0131zla tak\u0131lmak zorunda kald\u0131\u011f\u0131nda, en b\u00fcy\u00fck k\u00e2busunu ya\u015famaya ba\u015flar.Ama Kate ile arkada\u015f olup bir sorunu halletmek i\u00e7in yak\u0131nla\u015ft\u0131klar\u0131nda hayat\u0131n sadece g\u00fczel k\u0131yafetlerden ve haval\u0131 sa\u00e7lardan ibaret olmad\u0131\u011f\u0131n\u0131 anlar ve bazen tuhaf k\u0131zlar\u0131n da \u00e7ok iyi arkada\u015f olabilece\u011fini ke\u015ffeder.<\/p>\n","protected":false},"excerpt":{"rendered":"<p>Eva\u2019n\u0131n unutulmaz yaz tatili!Eva Gordon modadan, e\u011flenceden ve arkada\u015flar\u0131yla gezip tozmaktan ho\u015flanan bir k\u0131zd\u0131r. T\u00fcm yaz\u0131 k\u00f6ydeki bir k\u0131r evinde, anne babas\u0131yla ve Joey isimli sekiz<span class=\"excerpt-hellip\"> [\u2026]<\/span><\/p>\n","protected":false},"featured_media":0,"template":"","meta":{"_monsterinsights_skip_tracking":false,"_monsterinsights_sitenote_active":false,"_monsterinsights_sitenote_note":"","_monsterinsights_sitenote_category":0},"product_brand":[],"product_cat":[12274,12284],"product_tag":[],"class_list":{"0":"post-717724","1":"product","2":"type-product","3":"status-publish","5":"product_cat-cocuk-ve-genclik-kitaplari","6":"product_cat-hikayeler","7":"pa_cilt-ciltsiz","8":"pa_tur-kitap","9":"pa_yayinevi-marti-yayinlari","10":"pa_yazar-judi-curtin","12":"first","13":"instock","14":"sale","15":"shipping-taxable","16":"purchasable","17":"product-type-simple"},"_links":{"self":[{"href":"https:\/\/roveyayinevi.com.tr\/index.php\/wp-json\/wp\/v2\/product\/717724","targetHints":{"allow":["GET"]}}],"collection":[{"href":"https:\/\/roveyayinevi.com.tr\/index.php\/wp-json\/wp\/v2\/product"}],"about":[{"href":"https:\/\/roveyayinevi.com.tr\/index.php\/wp-json\/wp\/v2\/types\/product"}],"wp:attachment":[{"href":"https:\/\/roveyayinevi.com.tr\/index.php\/wp-json\/wp\/v2\/media?parent=717724"}],"wp:term":[{"taxonomy":"product_brand","embeddable":true,"href":"https:\/\/roveyayinevi.com.tr\/index.php\/wp-json\/wp\/v2\/product_brand?post=717724"},{"taxonomy":"product_cat","embeddable":true,"href":"https:\/\/roveyayinevi.com.tr\/index.php\/wp-json\/wp\/v2\/product_cat?post=717724"},{"taxonomy":"product_tag","embeddable":true,"href":"https:\/\/roveyayinevi.com.tr\/index.php\/wp-json\/wp\/v2\/product_tag?post=717724"}],"curies":[{"name":"wp","href":"https:\/\/api.w.org\/{rel}","templated":true}]}}