{"id":717721,"date":"2025-08-27T17:59:16","date_gmt":"2025-08-27T14:59:16","guid":{"rendered":"https:\/\/roveyayinevi.com.tr\/index.php\/urun\/once-ben-olecegim\/"},"modified":"2026-04-16T02:25:52","modified_gmt":"2026-04-15T23:25:52","slug":"once-ben-olecegim","status":"publish","type":"product","link":"https:\/\/roveyayinevi.com.tr\/index.php\/urun\/once-ben-olecegim\/","title":{"rendered":"\u00d6nce Ben \u00d6lece\u011fim"},"content":{"rendered":"<p>\u201c\u015eimdik\u0131\u015f\u0131nortas\u0131d\u0131rve benim h\u00e2l\u00e2 sobam yok. Param da yok. Buna ra\u011fmen hep seni d\u00fc\u015f\u00fcn\u00fcyorum. Elimde olsa senden esirgemem\u2026 Evlenmek \u00e7ocuk oyunu de\u011fil, d\u00fc\u011f\u00fcn t\u00f6reni ve ad\u0131n\u0131n g\u00fczelli\u011fi insan\u0131 aldatmamal\u0131. Bir k\u0131z gelip insan\u0131n ya\u015fam\u0131na ortak oluyorsa, o insandan onu destekleyip idare etme g\u00fcc\u00fcn\u00fcn olmas\u0131n\u0131 bekler. Kendinde ne zaman b\u00f6yle bir g\u00fc\u00e7 g\u00f6r\u00fcrsen evlen.\u201d Furu\u011f Ferruhzad k\u0131sac\u0131k ya\u015fam\u0131na \u00e7ok \u015fey s\u0131\u011fd\u0131rm\u0131\u015ft\u0131r. T\u00fcrkiyeli okurlar onu daha \u00e7ok \u015fiirleriyle tan\u0131maktad\u0131r. Ancak onlar, \u00d6nce Ben \u00d6lece\u011fim\u2019de Furu\u011f\u2019un \u00f6yk\u00fclerini, mektuplar\u0131n\u0131, yaz\u0131lar\u0131n\u0131, kendisiyle yap\u0131lan s\u00f6yle\u015fileri ve sinemac\u0131l\u0131\u011f\u0131n\u0131n yan\u0131 s\u0131ra, ya\u015fam\u0131 ve a\u015fklar\u0131 ile ilgili detaylar\u0131 da \u00f6\u011freneceklerdir. Bu kitapta yer alan detaylar, notlar, bilgiler o yaz\u0131lar\u0131n yay\u0131nland\u0131\u011f\u0131 y\u0131llara ait orijinal n\u00fcshalar\u0131ndan \u00e7evrilerek aktar\u0131lm\u0131\u015ft\u0131r. Ha\u015fim H\u00fcsrev\u015fahi, y\u0131llard\u0131r titizce ve b\u00fcy\u00fck bir tutkuyla Furu\u011f \u00e7al\u0131\u015fmakta ve T\u00fcrkiye&#8217;li okurlar\u0131n da\u011farc\u0131\u011f\u0131na bu anlamda ciddi katk\u0131lar sunmaktad\u0131r. Bu derleme ve \u00e7eviri kitapla Furu\u011f\u2019un d\u00fcnyas\u0131na bir par\u00e7a daha yak\u0131nla\u015f\u0131yoruz.olmas\u0131n\u0131 bekler. Kendinde ne zaman b\u00f6yle bir g\u00fc\u00e7 g\u00f6r\u00fcrsen evlen.\u201d Furu\u011fFerruhzad k\u0131sac\u0131k ya\u015fam\u0131na \u00e7ok \u015fey s\u0131\u011fd\u0131rm\u0131\u015ft\u0131r. T\u00fcrkiyeli okurlar onu daha \u00e7ok \u015fiirleriyle tan\u0131maktad\u0131r. Ancak onlar, \u00d6nce Ben \u00d6lece\u011fim\u2019deFuru\u011f\u2019un \u00f6yk\u00fclerini, mektuplar\u0131n\u0131, yaz\u0131lar\u0131n\u0131, kendisiyle yap\u0131lan s\u00f6yle\u015fileri ve sinemac\u0131l\u0131\u011f\u0131n\u0131n yan\u0131 s\u0131ra, ya\u015fam\u0131 ve a\u015fklar\u0131 ile ilgili detaylar\u0131 da \u00f6\u011freneceklerdir. Bu kitapta yer alan detaylar, notlar, bilgiler o yaz\u0131lar\u0131n yay\u0131nland\u0131\u011f\u0131 y\u0131llara ait orijinal n\u00fcshalar\u0131ndan \u00e7evrilerek aktar\u0131lm\u0131\u015ft\u0131r. Ha\u015fim H\u00fcsrev\u015fahi, y\u0131llard\u0131r titizce ve b\u00fcy\u00fck bir tutkuyla Furu\u011f \u00e7al\u0131\u015fmakta ve T\u00fcrkiyeli okurlar\u0131n da\u011farc\u0131\u011f\u0131na bu anlamda ciddi katk\u0131lar sunmaktad\u0131r. Bu derleme ve \u00e7eviri kitapla Furu\u011f\u2019un d\u00fcnyas\u0131na bir par\u00e7a daha yak\u0131nla\u015f\u0131yoruz Totem Yay\u0131nlar\u0131 olarak bu \u00e7abalara ortak olman\u0131n mutlulu\u011funu ya\u015famaktay\u0131z. <\/p>\n","protected":false},"excerpt":{"rendered":"<p>\u201c\u015eimdik\u0131\u015f\u0131nortas\u0131d\u0131rve benim h\u00e2l\u00e2 sobam yok. Param da yok. Buna ra\u011fmen hep seni d\u00fc\u015f\u00fcn\u00fcyorum. Elimde olsa senden esirgemem\u2026 Evlenmek \u00e7ocuk oyunu de\u011fil, d\u00fc\u011f\u00fcn t\u00f6reni ve ad\u0131n\u0131n g\u00fczelli\u011fi<span class=\"excerpt-hellip\"> [\u2026]<\/span><\/p>\n","protected":false},"featured_media":0,"template":"","meta":{"_monsterinsights_skip_tracking":false,"_monsterinsights_sitenote_active":false,"_monsterinsights_sitenote_note":"","_monsterinsights_sitenote_category":0},"product_brand":[],"product_cat":[18545,12291],"product_tag":[],"class_list":{"0":"post-717721","1":"product","2":"type-product","3":"status-publish","5":"product_cat-anlati","6":"product_cat-edebiyat","7":"pa_cilt-ciltsiz","8":"pa_tur-kitap","9":"pa_yayinevi-totem-yayinlari","10":"pa_yazar-furug-ferruhzad","12":"first","13":"instock","14":"sale","15":"shipping-taxable","16":"purchasable","17":"product-type-simple"},"_links":{"self":[{"href":"https:\/\/roveyayinevi.com.tr\/index.php\/wp-json\/wp\/v2\/product\/717721","targetHints":{"allow":["GET"]}}],"collection":[{"href":"https:\/\/roveyayinevi.com.tr\/index.php\/wp-json\/wp\/v2\/product"}],"about":[{"href":"https:\/\/roveyayinevi.com.tr\/index.php\/wp-json\/wp\/v2\/types\/product"}],"wp:attachment":[{"href":"https:\/\/roveyayinevi.com.tr\/index.php\/wp-json\/wp\/v2\/media?parent=717721"}],"wp:term":[{"taxonomy":"product_brand","embeddable":true,"href":"https:\/\/roveyayinevi.com.tr\/index.php\/wp-json\/wp\/v2\/product_brand?post=717721"},{"taxonomy":"product_cat","embeddable":true,"href":"https:\/\/roveyayinevi.com.tr\/index.php\/wp-json\/wp\/v2\/product_cat?post=717721"},{"taxonomy":"product_tag","embeddable":true,"href":"https:\/\/roveyayinevi.com.tr\/index.php\/wp-json\/wp\/v2\/product_tag?post=717721"}],"curies":[{"name":"wp","href":"https:\/\/api.w.org\/{rel}","templated":true}]}}