{"id":717716,"date":"2025-08-27T17:59:12","date_gmt":"2025-08-27T14:59:12","guid":{"rendered":"https:\/\/roveyayinevi.com.tr\/index.php\/urun\/cellatin-nefesi\/"},"modified":"2026-04-16T02:25:52","modified_gmt":"2026-04-15T23:25:52","slug":"cellatin-nefesi","status":"publish","type":"product","link":"https:\/\/roveyayinevi.com.tr\/index.php\/urun\/cellatin-nefesi\/","title":{"rendered":"Cellat\u0131n Nefesi"},"content":{"rendered":"<p>Kimse yard\u0131m etmiyorken bir katili nas\u0131l bulursunuz? Nora k\u0131rsalda ya\u015fayan k\u0131z karde\u015fini ziyaret etmek i\u00e7in Londra\u2019dan trene bindi\u011finde, onu istasyonda beklerken ya da evde yemek pi\u015firirken bulmay\u0131 umar. Ancak Rachel\u2019\u0131n evine geldi\u011finde hi\u00e7 tahmin etmedi\u011fi bir \u015feyle kar\u015f\u0131la\u015f\u0131r: K\u0131z karde\u015fi vah\u015fice \u00f6ld\u00fcr\u00fclm\u00fc\u015ft\u00fcr.Ya\u015fad\u0131\u011f\u0131 \u015fokla sersemleyen Nora, eski hayat\u0131na d\u00f6nemeyece\u011fini anlar. Ge\u00e7mi\u015fte ya\u015fanan \u00e7\u00f6z\u00fclmemi\u015f bir sald\u0131r\u0131 polise g\u00fcvenini sarsm\u0131\u015ft\u0131r ve bu y\u00fczden k\u0131z karde\u015finin katilini bulabileceklerine inanmaz. Hem i\u015flenen cinayet hem de etraf\u0131n\u0131 saran s\u0131rlar y\u00fcz\u00fcnden daha da korkmaya ba\u015flar. Nora\u2019n\u0131n korkusu saplant\u0131ya d\u00f6n\u00fc\u015f\u00fcrken, polis soru\u015fturmas\u0131 k\u0131z karde\u015fini sand\u0131\u011f\u0131 kadar tan\u0131mad\u0131\u011f\u0131n\u0131 fark etmesine sebep olur.\u0130ki k\u0131z karde\u015f aras\u0131ndaki kopmaz ba\u011f ve ge\u00e7mi\u015fin korkutucu g\u00fcc\u00fc, s\u0131rad\u0131\u015f\u0131 yeni bir yazar\u0131n ilk roman\u0131nda sizi son sayfas\u0131na kadar soluksuz b\u0131rakacak. <\/p>\n","protected":false},"excerpt":{"rendered":"<p>Kimse yard\u0131m etmiyorken bir katili nas\u0131l bulursunuz? Nora k\u0131rsalda ya\u015fayan k\u0131z karde\u015fini ziyaret etmek i\u00e7in Londra\u2019dan trene bindi\u011finde, onu istasyonda beklerken ya da evde yemek pi\u015firirken<span class=\"excerpt-hellip\"> [\u2026]<\/span><\/p>\n","protected":false},"featured_media":0,"template":"","meta":{"_monsterinsights_skip_tracking":false,"_monsterinsights_sitenote_active":false,"_monsterinsights_sitenote_note":"","_monsterinsights_sitenote_category":0},"product_brand":[],"product_cat":[12291,17033],"product_tag":[],"class_list":{"0":"post-717716","1":"product","2":"type-product","3":"status-publish","5":"product_cat-edebiyat","6":"product_cat-korku-gerilim","7":"pa_cilt-ciltsiz","8":"pa_tur-kitap","9":"pa_yayinevi-epsilon-yayinlari","10":"pa_yazar-flynn-berry","12":"first","13":"instock","14":"sale","15":"shipping-taxable","16":"purchasable","17":"product-type-simple"},"_links":{"self":[{"href":"https:\/\/roveyayinevi.com.tr\/index.php\/wp-json\/wp\/v2\/product\/717716","targetHints":{"allow":["GET"]}}],"collection":[{"href":"https:\/\/roveyayinevi.com.tr\/index.php\/wp-json\/wp\/v2\/product"}],"about":[{"href":"https:\/\/roveyayinevi.com.tr\/index.php\/wp-json\/wp\/v2\/types\/product"}],"wp:attachment":[{"href":"https:\/\/roveyayinevi.com.tr\/index.php\/wp-json\/wp\/v2\/media?parent=717716"}],"wp:term":[{"taxonomy":"product_brand","embeddable":true,"href":"https:\/\/roveyayinevi.com.tr\/index.php\/wp-json\/wp\/v2\/product_brand?post=717716"},{"taxonomy":"product_cat","embeddable":true,"href":"https:\/\/roveyayinevi.com.tr\/index.php\/wp-json\/wp\/v2\/product_cat?post=717716"},{"taxonomy":"product_tag","embeddable":true,"href":"https:\/\/roveyayinevi.com.tr\/index.php\/wp-json\/wp\/v2\/product_tag?post=717716"}],"curies":[{"name":"wp","href":"https:\/\/api.w.org\/{rel}","templated":true}]}}