{"id":717707,"date":"2025-08-27T17:59:07","date_gmt":"2025-08-27T14:59:07","guid":{"rendered":"https:\/\/roveyayinevi.com.tr\/index.php\/urun\/ataturk-ve-turk-kadini\/"},"modified":"2026-04-16T02:25:52","modified_gmt":"2026-04-15T23:25:52","slug":"ataturk-ve-turk-kadini","status":"publish","type":"product","link":"https:\/\/roveyayinevi.com.tr\/index.php\/urun\/ataturk-ve-turk-kadini\/","title":{"rendered":"Atat\u00fcrk ve T\u00fcrk Kad\u0131n\u0131"},"content":{"rendered":"<p>Anadolu kad\u0131n\u0131n\u0131n g\u00f6sterdi\u011fi \u00e7ok ulvi, \u00e7ok y\u00fcksek, \u00e7ok k\u0131ymetli \u00f6zveridir. D\u00fcnyan\u0131n hi\u00e7bir yerinde, hi\u00e7bir milletinde, anadolu k\u00f6yl\u00fc kad\u0131n\u0131n\u0131n \u00fcst\u00fcnde kad\u0131n mesaisi zikretmek imk\u00e2n\u0131 yoktur ve d\u00fcnyada hi\u00e7bir milletin kad\u0131n\u0131; \u201c- Ben, Anadolu kad\u0131n\u0131ndan daha \u00e7ok \u00e7al\u0131\u015ft\u0131m, milletimi kurtulu\u015fa ve zafere g\u00f6t\u00fcrmekte Anadolu kad\u0131n\u0131 kadar himmet g\u00f6sterdim\u201d diyemez.\u201d \u201c belki erkeklerimiz memleketi istila eden d\u00fc\u015fmana kar\u015f\u0131 s\u00fcng\u00fcleri ile d\u00fc\u015fman\u0131n s\u00fcng\u00fclerine g\u00f6\u011f\u00fcslerini germekle d\u00fc\u015fman kar\u015f\u0131s\u0131nda ispat\u0131 v\u00fccut ettiler. Fakat erkeklerimizin olu\u015fturdu\u011fu ordunun ya\u015fam kaynaklar\u0131n\u0131 kad\u0131nlar\u0131m\u0131z i\u015fletmi\u015ftir. Memleketin varl\u0131k nedenlerini haz\u0131rlayan kad\u0131nlar\u0131m\u0131z olmu\u015f ve kad\u0131nlar\u0131m\u0131z olmaktad\u0131r. Kimse ink\u00e2r edemez ki, bu sava\u015fta ve ondan \u00f6nceki sava\u015flarda milletin hayat kabiliyetini tutan hep kad\u0131nlar\u0131m\u0131zd\u0131r. \u00c7ift s\u00fcren , tarlay\u0131 eken, ormandan odunu, keresteyi getiren ,\u00fcr\u00fcnleri pazara g\u00f6t\u00fcrererk paraya \u00e7eviren, aile ocaklar\u0131n\u0131n duman\u0131n\u0131n t\u00fctt\u00fcren, b\u00fct\u00fcn bunlarla beraber, s\u0131rt\u0131yla, ka\u011fn\u0131s\u0131yla, kuca\u011f\u0131ndaki yavrusuyla, ya\u011fmur demeyip, k\u0131\u015f demeyip, s\u0131cak demeyip cephenin m\u00fchimmat\u0131n\u0131 ta\u015f\u0131yan hep onlar, hep o ulvi, o fedak\u00e2r o ilahi anadolu kad\u0131nlar\u0131 olmu\u015ftur.<\/p>\n","protected":false},"excerpt":{"rendered":"<p>Anadolu kad\u0131n\u0131n\u0131n g\u00f6sterdi\u011fi \u00e7ok ulvi, \u00e7ok y\u00fcksek, \u00e7ok k\u0131ymetli \u00f6zveridir. D\u00fcnyan\u0131n hi\u00e7bir yerinde, hi\u00e7bir milletinde, anadolu k\u00f6yl\u00fc kad\u0131n\u0131n\u0131n \u00fcst\u00fcnde kad\u0131n mesaisi zikretmek imk\u00e2n\u0131 yoktur ve d\u00fcnyada<span class=\"excerpt-hellip\"> [\u2026]<\/span><\/p>\n","protected":false},"featured_media":0,"template":"","meta":{"_monsterinsights_skip_tracking":false,"_monsterinsights_sitenote_active":false,"_monsterinsights_sitenote_note":"","_monsterinsights_sitenote_category":0},"product_brand":[],"product_cat":[13590,12337],"product_tag":[],"class_list":{"0":"post-717707","1":"product","2":"type-product","3":"status-publish","5":"product_cat-arastirma-inceleme-politika-siyaset","6":"product_cat-politika-siyaset","7":"pa_cilt-ciltsiz","8":"pa_tur-kitap","9":"pa_yayinevi-nergiz-yayinlari","10":"pa_yazar-sedat-senermen","12":"first","13":"instock","14":"sale","15":"shipping-taxable","16":"purchasable","17":"product-type-simple"},"_links":{"self":[{"href":"https:\/\/roveyayinevi.com.tr\/index.php\/wp-json\/wp\/v2\/product\/717707","targetHints":{"allow":["GET"]}}],"collection":[{"href":"https:\/\/roveyayinevi.com.tr\/index.php\/wp-json\/wp\/v2\/product"}],"about":[{"href":"https:\/\/roveyayinevi.com.tr\/index.php\/wp-json\/wp\/v2\/types\/product"}],"wp:attachment":[{"href":"https:\/\/roveyayinevi.com.tr\/index.php\/wp-json\/wp\/v2\/media?parent=717707"}],"wp:term":[{"taxonomy":"product_brand","embeddable":true,"href":"https:\/\/roveyayinevi.com.tr\/index.php\/wp-json\/wp\/v2\/product_brand?post=717707"},{"taxonomy":"product_cat","embeddable":true,"href":"https:\/\/roveyayinevi.com.tr\/index.php\/wp-json\/wp\/v2\/product_cat?post=717707"},{"taxonomy":"product_tag","embeddable":true,"href":"https:\/\/roveyayinevi.com.tr\/index.php\/wp-json\/wp\/v2\/product_tag?post=717707"}],"curies":[{"name":"wp","href":"https:\/\/api.w.org\/{rel}","templated":true}]}}