{"id":717704,"date":"2025-08-27T17:59:05","date_gmt":"2025-08-27T14:59:05","guid":{"rendered":"https:\/\/roveyayinevi.com.tr\/index.php\/urun\/13-numarali-sinifin-felaket-getiren-sihirli-dilekleri\/"},"modified":"2025-09-11T11:10:59","modified_gmt":"2025-09-11T08:10:59","slug":"13-numarali-sinifin-felaket-getiren-sihirli-dilekleri","status":"publish","type":"product","link":"https:\/\/roveyayinevi.com.tr\/index.php\/urun\/13-numarali-sinifin-felaket-getiren-sihirli-dilekleri\/","title":{"rendered":"13 Numaral\u0131 S\u0131n\u0131f\u2019\u0131n Felaket Getiren Sihirli Dilekleri"},"content":{"rendered":"<p>\u015eanss\u0131z s\u0131n\u0131f \u00f6\u011fretmeni Bayan LindaLaCrosse sihirli bir lamba buldu ve her \u00f6\u011frenciye B\u0130RER D\u0130LEK D\u0130LEME HAKKI tan\u0131may\u0131 kabul eden bir periyi cini lambadan \u00e7\u0131kard\u0131. Bunun harika oldu\u011funu d\u00fc\u015f\u00fcnebilirsin, ama de\u011fildi. Bu korkun\u00e7 bir fikirdi! Bu sihirli dilekler s\u0131n\u0131f\u0131n ba\u015f\u0131na tehlikeli dinozorlar, koku\u015fmu\u015f sandalyalar, foto\u011fraf \u00e7ekip duran magazinciler gibi b\u00fcy\u00fck belalar getirdi. 13 NUMARALI SINIF\u2019takilerin de \u00f6\u011frenece\u011fi gibi, ne diledi\u011fine \u00e7ok dikkat etmelisin. <\/p>\n","protected":false},"excerpt":{"rendered":"<p>\u015eanss\u0131z s\u0131n\u0131f \u00f6\u011fretmeni Bayan LindaLaCrosse sihirli bir lamba buldu ve her \u00f6\u011frenciye B\u0130RER D\u0130LEK D\u0130LEME HAKKI tan\u0131may\u0131 kabul eden bir periyi cini lambadan \u00e7\u0131kard\u0131. Bunun harika<span class=\"excerpt-hellip\"> [\u2026]<\/span><\/p>\n","protected":false},"featured_media":0,"template":"","meta":{"_monsterinsights_skip_tracking":false,"_monsterinsights_sitenote_active":false,"_monsterinsights_sitenote_note":"","_monsterinsights_sitenote_category":0},"product_brand":[],"product_cat":[12274,12284],"product_tag":[],"class_list":{"0":"post-717704","1":"product","2":"type-product","3":"status-publish","5":"product_cat-cocuk-ve-genclik-kitaplari","6":"product_cat-hikayeler","7":"pa_cilt-ciltsiz","8":"pa_tur-kitap","9":"pa_yayinevi-beta-kids","10":"pa_yazar-honest-lee-matthew-j-gilbert","12":"first","13":"instock","14":"sale","15":"shipping-taxable","16":"purchasable","17":"product-type-simple"},"_links":{"self":[{"href":"https:\/\/roveyayinevi.com.tr\/index.php\/wp-json\/wp\/v2\/product\/717704","targetHints":{"allow":["GET"]}}],"collection":[{"href":"https:\/\/roveyayinevi.com.tr\/index.php\/wp-json\/wp\/v2\/product"}],"about":[{"href":"https:\/\/roveyayinevi.com.tr\/index.php\/wp-json\/wp\/v2\/types\/product"}],"wp:attachment":[{"href":"https:\/\/roveyayinevi.com.tr\/index.php\/wp-json\/wp\/v2\/media?parent=717704"}],"wp:term":[{"taxonomy":"product_brand","embeddable":true,"href":"https:\/\/roveyayinevi.com.tr\/index.php\/wp-json\/wp\/v2\/product_brand?post=717704"},{"taxonomy":"product_cat","embeddable":true,"href":"https:\/\/roveyayinevi.com.tr\/index.php\/wp-json\/wp\/v2\/product_cat?post=717704"},{"taxonomy":"product_tag","embeddable":true,"href":"https:\/\/roveyayinevi.com.tr\/index.php\/wp-json\/wp\/v2\/product_tag?post=717704"}],"curies":[{"name":"wp","href":"https:\/\/api.w.org\/{rel}","templated":true}]}}