{"id":717697,"date":"2025-08-27T17:59:00","date_gmt":"2025-08-27T14:59:00","guid":{"rendered":"https:\/\/roveyayinevi.com.tr\/index.php\/urun\/mahallede-kaybolma-diye\/"},"modified":"2026-04-16T02:25:51","modified_gmt":"2026-04-15T23:25:51","slug":"mahallede-kaybolma-diye","status":"publish","type":"product","link":"https:\/\/roveyayinevi.com.tr\/index.php\/urun\/mahallede-kaybolma-diye\/","title":{"rendered":"Mahallede Kaybolma Diye"},"content":{"rendered":"<p>Yazar Jean Daragane, Paris karma\u015fas\u0131n\u0131 ard\u0131nda b\u0131rak\u0131p inzivaya \u00e7ekildi\u011fi bir hayat ya\u015far. \u0130nsanlardan m\u00fcmk\u00fcn oldu\u011funca uzak durdu\u011fu, nadiren d\u0131\u015far\u0131 \u00e7\u0131kt\u0131\u011f\u0131 bir d\u00fczen kurmu\u015ftur kendine.Eyl\u00fcl ay\u0131n\u0131n s\u0131cak bir g\u00fcn\u00fcnde Daragane&#8217;\u0131n huzur dolu d\u00fcnyas\u0131, hi\u00e7 tan\u0131mad\u0131\u011f\u0131 birinden gelen tehditk\u00e2r bir telefonla alt\u00fcst olur. Arayan ki\u015fi bir yabanc\u0131d\u0131r ve yazara, onun eski bir telefon rehberini buldu\u011fu s\u00f6yleyip, rehberdeki bir isim hakk\u0131nda bilgi almak ister. Yabanc\u0131yla y\u00fcz y\u00fcze gelmeyi kabul eden Daragane, rehberdeki bu isimle ilgili hi\u00e7bir \u015fey hat\u0131rlamaz. Oysa eldeki veriler, kesin bir \u015fekilde ge\u00e7mi\u015fte hayatlar\u0131n\u0131n kesi\u015fti\u011fini g\u00f6stermektedir.Bir anda kendini bu gizemli yabanc\u0131yla onun g\u00fczel ve narin gen\u00e7 yard\u0131mc\u0131s\u0131n\u0131n hayat\u0131na dolanm\u0131\u015f bir halde bulan Daragane, m\u00fcnzevi ya\u015fant\u0131s\u0131n\u0131 bir kenara b\u0131rak\u0131p i\u00e7 d\u00fcnyas\u0131n\u0131n derinlerine g\u00f6m\u00fclm\u00fc\u015f a\u011f\u0131r bir travmayla y\u00fczle\u015fmeye zorlan\u0131r.2014 Nobel \u00d6d\u00fcll\u00fc Patrick Modiano bu nostaljik, duyarl\u0131 ve \u015fiirsel roman\u0131nda, b\u00fcy\u00fcleyici kurgusu ve benzersiz atmosferiyle unutu\u015fun derinlerine iniyor.\u201cCanl\u0131, zeki, incelikli ve girift\u2026 Yeni Roman ak\u0131m\u0131 kadar \u2018Yeni Dalga\u2019n\u0131n karafilmlerini de and\u0131r\u0131yor.\u201dBoyd Tonkin, Independent\u201cRomandaki kesintisiz ke\u015fifler Proust\u2019u and\u0131ran bir tav\u0131rla, en saplant\u0131l\u0131 ve b\u00fcy\u00fcleyici kay\u0131p zaman aray\u0131\u015flar\u0131ndan biri haline geliyor.\u201dJ\u00e9r\u00f4me Garcin, Le Nouvel Observateur<\/p>\n","protected":false},"excerpt":{"rendered":"<p>Yazar Jean Daragane, Paris karma\u015fas\u0131n\u0131 ard\u0131nda b\u0131rak\u0131p inzivaya \u00e7ekildi\u011fi bir hayat ya\u015far. \u0130nsanlardan m\u00fcmk\u00fcn oldu\u011funca uzak durdu\u011fu, nadiren d\u0131\u015far\u0131 \u00e7\u0131kt\u0131\u011f\u0131 bir d\u00fczen kurmu\u015ftur kendine.Eyl\u00fcl ay\u0131n\u0131n s\u0131cak<span class=\"excerpt-hellip\"> [\u2026]<\/span><\/p>\n","protected":false},"featured_media":0,"template":"","meta":{"_monsterinsights_skip_tracking":false,"_monsterinsights_sitenote_active":false,"_monsterinsights_sitenote_note":"","_monsterinsights_sitenote_category":0},"product_brand":[],"product_cat":[12291,12711],"product_tag":[],"class_list":{"0":"post-717697","1":"product","2":"type-product","3":"status-publish","5":"product_cat-edebiyat","6":"product_cat-roman-oyku","7":"pa_cilt-ciltsiz","8":"pa_tur-kitap","9":"pa_yayinevi-can-yayinlari","10":"pa_yazar-patrick-modiano","12":"first","13":"instock","14":"sale","15":"shipping-taxable","16":"purchasable","17":"product-type-simple"},"_links":{"self":[{"href":"https:\/\/roveyayinevi.com.tr\/index.php\/wp-json\/wp\/v2\/product\/717697","targetHints":{"allow":["GET"]}}],"collection":[{"href":"https:\/\/roveyayinevi.com.tr\/index.php\/wp-json\/wp\/v2\/product"}],"about":[{"href":"https:\/\/roveyayinevi.com.tr\/index.php\/wp-json\/wp\/v2\/types\/product"}],"wp:attachment":[{"href":"https:\/\/roveyayinevi.com.tr\/index.php\/wp-json\/wp\/v2\/media?parent=717697"}],"wp:term":[{"taxonomy":"product_brand","embeddable":true,"href":"https:\/\/roveyayinevi.com.tr\/index.php\/wp-json\/wp\/v2\/product_brand?post=717697"},{"taxonomy":"product_cat","embeddable":true,"href":"https:\/\/roveyayinevi.com.tr\/index.php\/wp-json\/wp\/v2\/product_cat?post=717697"},{"taxonomy":"product_tag","embeddable":true,"href":"https:\/\/roveyayinevi.com.tr\/index.php\/wp-json\/wp\/v2\/product_tag?post=717697"}],"curies":[{"name":"wp","href":"https:\/\/api.w.org\/{rel}","templated":true}]}}