{"id":717688,"date":"2025-08-27T17:58:54","date_gmt":"2025-08-27T14:58:54","guid":{"rendered":"https:\/\/roveyayinevi.com.tr\/index.php\/urun\/baska-bir-koyluluk-mumkun\/"},"modified":"2026-04-16T02:25:51","modified_gmt":"2026-04-15T23:25:51","slug":"baska-bir-koyluluk-mumkun","status":"publish","type":"product","link":"https:\/\/roveyayinevi.com.tr\/index.php\/urun\/baska-bir-koyluluk-mumkun\/","title":{"rendered":"Ba\u015fka Bir K\u00f6yl\u00fcl\u00fck M\u00fcmk\u00fcn"},"content":{"rendered":"<p>Tar\u0131m Ekonomisi Derne\u011fi, ba\u015fkan\u0131 Tayfun \u00d6zkaya \u00f6nc\u00fcl\u00fc\u011f\u00fcnde \u00f6nemli bir \u00e7al\u0131\u015ftay ger\u00e7ekle\u015ftirdi. \u0130zmir\u2019de yap\u0131lan bu bulu\u015fmada temel baz\u0131 sorular masaya yat\u0131r\u0131ld\u0131 ve tart\u0131\u015f\u0131ld\u0131.   \u0130lk \u00e7\u0131k\u0131\u015f noktas\u0131, k\u00f6yl\u00fc n\u00fcfusunu %5\u2019in alt\u0131na d\u00fc\u015f\u00fcrmeye \u00e7al\u0131\u015fan, bunu kendine g\u00f6rev edinmi\u015f neoliberal politikac\u0131lar\u0131n tezlerini enine boyuna konu\u015fmak oldu. Acaba k\u0131rsal alandaki dertlerimizin \u00e7\u00f6z\u00fcm\u00fc, ger\u00e7ekten bu n\u00fcfus politikas\u0131 m\u0131d\u0131r?   K\u00f6yl\u00fcl\u00fc\u011f\u00fcn rol\u00fcne geleneksel ve modern perspektiflerden bakmak zorunda m\u0131y\u0131z? Ba\u015fka yollar, alternatifiler yok mu? S\u00fcrd\u00fcr\u00fclebilir, onar\u0131c\u0131 ve dayan\u0131kl\u0131 bir k\u00f6yl\u00fcl\u00fck, hangi k\u0131rsal politikalar ile m\u00fcmk\u00fcn? Ekolojik hassasiyetleri olan, biyo\u00e7e\u015fitlili\u011fi \u00f6nemseyen, insanl\u0131\u011f\u0131n do\u011faya verdi\u011fi tahribat\u0131 durdurmak hatta tersine \u00e7evirmek isteyen k\u00f6yl\u00fcler ile nas\u0131l etkile\u015fim kurulabilir? Kentteki benzer duyarl\u0131l\u0131klar\u0131 ta\u015f\u0131yan kitlelerle, k\u0131r aras\u0131nda nas\u0131l ba\u011flar kurulabilir? Son olarak kimseye muhta\u00e7 olmadan, haysiyetli ve insana yak\u0131\u015f\u0131r bir k\u0131rsal hayat\u0131 kurmak isteyenler neler yapabilir? c katk\u0131lar m\u00fcthi\u015f bir renklilik katk\u0131. Sonunda \u00e7ok daha geni\u015f kitlelere ulu\u015fmak \u00fcmidiyle elinizdeki kitap ortaya \u00e7\u0131kt\u0131. Umuyoruz ki \u00fclkemiz kadar d\u00fcnyan\u0131n \u00e7e\u015fitli co\u011frafyalar\u0131ndaki kent ya da k\u0131rda ya\u015fayan, konuya ilgi duyan yurtta\u015flar yeni katk\u0131larla bu tart\u0131\u015fmay\u0131 b\u00fcy\u00fct\u00fcr ve \u00fclkelerinin g\u00fcndemine ta\u015f\u0131rlar. Emin olun, bu tart\u0131\u015fma ve alternatif uygulamalar, hepimiz i\u00e7in hayati bir \u00f6neme sahiptir.  <\/p>\n","protected":false},"excerpt":{"rendered":"<p>Tar\u0131m Ekonomisi Derne\u011fi, ba\u015fkan\u0131 Tayfun \u00d6zkaya \u00f6nc\u00fcl\u00fc\u011f\u00fcnde \u00f6nemli bir \u00e7al\u0131\u015ftay ger\u00e7ekle\u015ftirdi. \u0130zmir\u2019de yap\u0131lan bu bulu\u015fmada temel baz\u0131 sorular masaya yat\u0131r\u0131ld\u0131 ve tart\u0131\u015f\u0131ld\u0131. \u0130lk \u00e7\u0131k\u0131\u015f noktas\u0131, k\u00f6yl\u00fc<span class=\"excerpt-hellip\"> [\u2026]<\/span><\/p>\n","protected":false},"featured_media":0,"template":"","meta":{"_monsterinsights_skip_tracking":false,"_monsterinsights_sitenote_active":false,"_monsterinsights_sitenote_note":"","_monsterinsights_sitenote_category":0},"product_brand":[],"product_cat":[12291,12711],"product_tag":[],"class_list":{"0":"post-717688","1":"product","2":"type-product","3":"status-publish","5":"product_cat-edebiyat","6":"product_cat-roman-oyku","7":"pa_cilt-ciltsiz","8":"pa_tur-kitap","9":"pa_yayinevi-yeni-insan-yayinlari","10":"pa_yazar-tayfun-ozkaya","12":"first","13":"instock","14":"sale","15":"shipping-taxable","16":"purchasable","17":"product-type-simple"},"_links":{"self":[{"href":"https:\/\/roveyayinevi.com.tr\/index.php\/wp-json\/wp\/v2\/product\/717688","targetHints":{"allow":["GET"]}}],"collection":[{"href":"https:\/\/roveyayinevi.com.tr\/index.php\/wp-json\/wp\/v2\/product"}],"about":[{"href":"https:\/\/roveyayinevi.com.tr\/index.php\/wp-json\/wp\/v2\/types\/product"}],"wp:attachment":[{"href":"https:\/\/roveyayinevi.com.tr\/index.php\/wp-json\/wp\/v2\/media?parent=717688"}],"wp:term":[{"taxonomy":"product_brand","embeddable":true,"href":"https:\/\/roveyayinevi.com.tr\/index.php\/wp-json\/wp\/v2\/product_brand?post=717688"},{"taxonomy":"product_cat","embeddable":true,"href":"https:\/\/roveyayinevi.com.tr\/index.php\/wp-json\/wp\/v2\/product_cat?post=717688"},{"taxonomy":"product_tag","embeddable":true,"href":"https:\/\/roveyayinevi.com.tr\/index.php\/wp-json\/wp\/v2\/product_tag?post=717688"}],"curies":[{"name":"wp","href":"https:\/\/api.w.org\/{rel}","templated":true}]}}