{"id":717675,"date":"2025-08-27T17:58:45","date_gmt":"2025-08-27T14:58:45","guid":{"rendered":"https:\/\/roveyayinevi.com.tr\/index.php\/urun\/ada-ciltli\/"},"modified":"2026-04-16T02:25:51","modified_gmt":"2026-04-15T23:25:51","slug":"ada-ciltli","status":"publish","type":"product","link":"https:\/\/roveyayinevi.com.tr\/index.php\/urun\/ada-ciltli\/","title":{"rendered":"Ada (Ciltli)"},"content":{"rendered":"<p>Sophie ile babas\u0131, bir deniz kazas\u0131n\u0131n ard\u0131ndan kendilerini bir adada bulurlar. Adan\u0131n g\u00f6r\u00fcnd\u00fc\u011f\u00fc gibi olmad\u0131\u011f\u0131 ba\u015fta ak\u0131llar\u0131na bile gelmez.Ada, Sophie ile babas\u0131na denizdeki ya\u015fam\u0131n mucizelerini g\u00f6sterir, onlar\u0131 tropik f\u0131rt\u0131nalardan ve k\u0131\u015f\u0131n sert r\u00fczg\u00e2rlar\u0131ndan korur. Ada hayat\u0131 s\u00fcrprizlerle doludur ve adan\u0131n da kendi s\u0131rlar\u0131 vard\u0131r.Aile nihayet kurtar\u0131ld\u0131\u011f\u0131nda, Sophie birlikte mutlu g\u00fcnler ge\u00e7irdikleri \u201co\u201d nazik adaya te\u015fekk\u00fcr etmeyi ihmal etmez.Ada, g\u00f6z al\u0131c\u0131 resimleriyle, kalpleri \u0131s\u0131tan bir \u00f6yk\u00fc!<\/p>\n","protected":false},"excerpt":{"rendered":"<p>Sophie ile babas\u0131, bir deniz kazas\u0131n\u0131n ard\u0131ndan kendilerini bir adada bulurlar. Adan\u0131n g\u00f6r\u00fcnd\u00fc\u011f\u00fc gibi olmad\u0131\u011f\u0131 ba\u015fta ak\u0131llar\u0131na bile gelmez.Ada, Sophie ile babas\u0131na denizdeki ya\u015fam\u0131n mucizelerini g\u00f6sterir,<span class=\"excerpt-hellip\"> [\u2026]<\/span><\/p>\n","protected":false},"featured_media":0,"template":"","meta":{"_monsterinsights_skip_tracking":false,"_monsterinsights_sitenote_active":false,"_monsterinsights_sitenote_note":"","_monsterinsights_sitenote_category":0},"product_brand":[],"product_cat":[12274,12284],"product_tag":[],"class_list":{"0":"post-717675","1":"product","2":"type-product","3":"status-publish","5":"product_cat-cocuk-ve-genclik-kitaplari","6":"product_cat-hikayeler","7":"pa_cilt-ciltli","8":"pa_tur-kitap","9":"pa_yayinevi-can-cocuk-yayinlari","10":"pa_yazar-mark-janssen","12":"first","13":"instock","14":"sale","15":"shipping-taxable","16":"purchasable","17":"product-type-simple"},"_links":{"self":[{"href":"https:\/\/roveyayinevi.com.tr\/index.php\/wp-json\/wp\/v2\/product\/717675","targetHints":{"allow":["GET"]}}],"collection":[{"href":"https:\/\/roveyayinevi.com.tr\/index.php\/wp-json\/wp\/v2\/product"}],"about":[{"href":"https:\/\/roveyayinevi.com.tr\/index.php\/wp-json\/wp\/v2\/types\/product"}],"wp:attachment":[{"href":"https:\/\/roveyayinevi.com.tr\/index.php\/wp-json\/wp\/v2\/media?parent=717675"}],"wp:term":[{"taxonomy":"product_brand","embeddable":true,"href":"https:\/\/roveyayinevi.com.tr\/index.php\/wp-json\/wp\/v2\/product_brand?post=717675"},{"taxonomy":"product_cat","embeddable":true,"href":"https:\/\/roveyayinevi.com.tr\/index.php\/wp-json\/wp\/v2\/product_cat?post=717675"},{"taxonomy":"product_tag","embeddable":true,"href":"https:\/\/roveyayinevi.com.tr\/index.php\/wp-json\/wp\/v2\/product_tag?post=717675"}],"curies":[{"name":"wp","href":"https:\/\/api.w.org\/{rel}","templated":true}]}}