{"id":717664,"date":"2025-08-27T17:58:38","date_gmt":"2025-08-27T14:58:38","guid":{"rendered":"https:\/\/roveyayinevi.com.tr\/index.php\/urun\/bir-omurden-secilmis-tablolar\/"},"modified":"2026-04-16T02:25:51","modified_gmt":"2026-04-15T23:25:51","slug":"bir-omurden-secilmis-tablolar","status":"publish","type":"product","link":"https:\/\/roveyayinevi.com.tr\/index.php\/urun\/bir-omurden-secilmis-tablolar\/","title":{"rendered":"Bir \u00d6m\u00fcrden Se\u00e7ilmi\u015f Tablolar"},"content":{"rendered":"<p>Sinema ele\u015ftirmeninden ilk kez g\u00fcn\u0131\u015f\u0131\u011f\u0131na \u00e7\u0131kan tan\u0131kl\u0131klar ve an\u0131lar&#8230;Atill\u00e2 Dorsay\u2019dan:Bu kitab\u0131 yazarken itiraf edecek \u00e7ok \u015feyim oldu\u011funu anlad\u0131m. H\u0131ristiyanvari bir \u2018g\u00fcnah \u00e7\u0131karma\u2019 kurumundan s\u00f6z etmiyorum, papaza gerek yok!\u2026 Ama kimi zaaflar\u0131m\u0131, yanl\u0131\u015flar\u0131m\u0131, hatalar\u0131m\u0131, kusurlar\u0131m\u0131 da anmak istedim. Bu idealize edilmi\u015f, ger\u00e7eklere te\u011fet ge\u00e7en bir an\u0131lar kitab\u0131 olmas\u0131n istedim. Her birinden dersler ald\u0131\u011f\u0131m o hatalar\u0131m\u0131n gen\u00e7lere de bir \u015feyler \u00f6\u011fretece\u011fine inand\u0131m. Ve bu yolu se\u00e7tim. \u015eimdi, uzun bir \u00f6m\u00fcrden se\u00e7ilmi\u015f bu tablolar sanki bir ressam\u0131n dokunu\u015fuyla \u00f6n\u00fcn\u00fczde a\u00e7\u0131l\u0131yor, canlan\u0131yor, renkleniyor. Seyir sizin, se\u00e7im sizin\u2026<\/p>\n","protected":false},"excerpt":{"rendered":"<p>Sinema ele\u015ftirmeninden ilk kez g\u00fcn\u0131\u015f\u0131\u011f\u0131na \u00e7\u0131kan tan\u0131kl\u0131klar ve an\u0131lar&#8230;Atill\u00e2 Dorsay\u2019dan:Bu kitab\u0131 yazarken itiraf edecek \u00e7ok \u015feyim oldu\u011funu anlad\u0131m. H\u0131ristiyanvari bir \u2018g\u00fcnah \u00e7\u0131karma\u2019 kurumundan s\u00f6z etmiyorum, papaza<span class=\"excerpt-hellip\"> [\u2026]<\/span><\/p>\n","protected":false},"featured_media":0,"template":"","meta":{"_monsterinsights_skip_tracking":false,"_monsterinsights_sitenote_active":false,"_monsterinsights_sitenote_note":"","_monsterinsights_sitenote_category":0},"product_brand":[],"product_cat":[13701,12291],"product_tag":[],"class_list":{"0":"post-717664","1":"product","2":"type-product","3":"status-publish","5":"product_cat-ani-mektup-gunluk","6":"product_cat-edebiyat","7":"pa_cilt-ciltsiz","8":"pa_tur-kitap","9":"pa_yayinevi-remzi-kitabevi","10":"pa_yazar-atilla-dorsay","12":"first","13":"instock","14":"sale","15":"shipping-taxable","16":"purchasable","17":"product-type-simple"},"_links":{"self":[{"href":"https:\/\/roveyayinevi.com.tr\/index.php\/wp-json\/wp\/v2\/product\/717664","targetHints":{"allow":["GET"]}}],"collection":[{"href":"https:\/\/roveyayinevi.com.tr\/index.php\/wp-json\/wp\/v2\/product"}],"about":[{"href":"https:\/\/roveyayinevi.com.tr\/index.php\/wp-json\/wp\/v2\/types\/product"}],"wp:attachment":[{"href":"https:\/\/roveyayinevi.com.tr\/index.php\/wp-json\/wp\/v2\/media?parent=717664"}],"wp:term":[{"taxonomy":"product_brand","embeddable":true,"href":"https:\/\/roveyayinevi.com.tr\/index.php\/wp-json\/wp\/v2\/product_brand?post=717664"},{"taxonomy":"product_cat","embeddable":true,"href":"https:\/\/roveyayinevi.com.tr\/index.php\/wp-json\/wp\/v2\/product_cat?post=717664"},{"taxonomy":"product_tag","embeddable":true,"href":"https:\/\/roveyayinevi.com.tr\/index.php\/wp-json\/wp\/v2\/product_tag?post=717664"}],"curies":[{"name":"wp","href":"https:\/\/api.w.org\/{rel}","templated":true}]}}