{"id":717658,"date":"2025-08-27T17:58:34","date_gmt":"2025-08-27T14:58:34","guid":{"rendered":"https:\/\/roveyayinevi.com.tr\/index.php\/urun\/bir-senden-gidemedim-haberin-yok\/"},"modified":"2026-04-16T02:25:50","modified_gmt":"2026-04-15T23:25:50","slug":"bir-senden-gidemedim-haberin-yok","status":"publish","type":"product","link":"https:\/\/roveyayinevi.com.tr\/index.php\/urun\/bir-senden-gidemedim-haberin-yok\/","title":{"rendered":"Bir Senden Gidemedim Haberin Yok"},"content":{"rendered":"<p>Kalbim&#8230;H\u00fczn\u00fcn ve \u015fiirin ustas\u0131 olmu\u015fsun do\u011fru mu?Hissettiklerin, yazd\u0131rd\u0131klar\u0131n dilden dile, ilden ile ulanm\u0131\u015f.S\u00f6zlerini ta\u015f\u0131yamay\u0131p denizlere d\u00f6km\u00fc\u015f nehirler&#8230; B\u00fclb\u00fcl susmu\u015f, g\u00fcl dile gelmi\u015f. Can\u0131m\u0131 yaprak gibi bir o yana bir bu yana savurmu\u015fsun zamans\u0131z, do\u011fru mu?Benden selam g\u00f6t\u00fcrecekken, var\u0131p kendini \u00f6vm\u00fc\u015fs\u00fcn ay y\u00fczl\u00fcme, do\u011fru mu?Do\u011fru mu, seven ben de\u011fil senmi\u015fsin? H\u00fcner yaln\u0131zca sende ve canan\u0131n g\u00fcne\u015f kopu\u011fu bak\u0131\u015flar\u0131ndaym\u0131\u015f. Ben bir hi\u00e7mi\u015fim, do\u011fru mu?<\/p>\n","protected":false},"excerpt":{"rendered":"<p>Kalbim&#8230;H\u00fczn\u00fcn ve \u015fiirin ustas\u0131 olmu\u015fsun do\u011fru mu?Hissettiklerin, yazd\u0131rd\u0131klar\u0131n dilden dile, ilden ile ulanm\u0131\u015f.S\u00f6zlerini ta\u015f\u0131yamay\u0131p denizlere d\u00f6km\u00fc\u015f nehirler&#8230; B\u00fclb\u00fcl susmu\u015f, g\u00fcl dile gelmi\u015f. Can\u0131m\u0131 yaprak gibi bir<span class=\"excerpt-hellip\"> [\u2026]<\/span><\/p>\n","protected":false},"featured_media":0,"template":"","meta":{"_monsterinsights_skip_tracking":false,"_monsterinsights_sitenote_active":false,"_monsterinsights_sitenote_note":"","_monsterinsights_sitenote_category":0},"product_brand":[],"product_cat":[12291,12509],"product_tag":[],"class_list":{"0":"post-717658","1":"product","2":"type-product","3":"status-publish","5":"product_cat-edebiyat","6":"product_cat-siir","7":"pa_cilt-ciltsiz","8":"pa_tur-kitap","9":"pa_yayinevi-nesil-yayinlari","10":"pa_yazar-yusuf-asal","12":"first","13":"instock","14":"sale","15":"shipping-taxable","16":"purchasable","17":"product-type-simple"},"_links":{"self":[{"href":"https:\/\/roveyayinevi.com.tr\/index.php\/wp-json\/wp\/v2\/product\/717658","targetHints":{"allow":["GET"]}}],"collection":[{"href":"https:\/\/roveyayinevi.com.tr\/index.php\/wp-json\/wp\/v2\/product"}],"about":[{"href":"https:\/\/roveyayinevi.com.tr\/index.php\/wp-json\/wp\/v2\/types\/product"}],"wp:attachment":[{"href":"https:\/\/roveyayinevi.com.tr\/index.php\/wp-json\/wp\/v2\/media?parent=717658"}],"wp:term":[{"taxonomy":"product_brand","embeddable":true,"href":"https:\/\/roveyayinevi.com.tr\/index.php\/wp-json\/wp\/v2\/product_brand?post=717658"},{"taxonomy":"product_cat","embeddable":true,"href":"https:\/\/roveyayinevi.com.tr\/index.php\/wp-json\/wp\/v2\/product_cat?post=717658"},{"taxonomy":"product_tag","embeddable":true,"href":"https:\/\/roveyayinevi.com.tr\/index.php\/wp-json\/wp\/v2\/product_tag?post=717658"}],"curies":[{"name":"wp","href":"https:\/\/api.w.org\/{rel}","templated":true}]}}