{"id":717653,"date":"2025-08-27T17:58:30","date_gmt":"2025-08-27T14:58:30","guid":{"rendered":"https:\/\/roveyayinevi.com.tr\/index.php\/urun\/cikolata-fare\/"},"modified":"2026-04-16T02:25:50","modified_gmt":"2026-04-15T23:25:50","slug":"cikolata-fare","status":"publish","type":"product","link":"https:\/\/roveyayinevi.com.tr\/index.php\/urun\/cikolata-fare\/","title":{"rendered":"\u00c7ikolata Fare"},"content":{"rendered":"<p>Annesiyle babas\u0131 ayr\u0131ld\u0131\u011f\u0131ndan beri Alice \u00e7ok mutsuzdu. \u0130ki ev aras\u0131nda gidip geliyor ve kendini hi\u00e7bir yere aitmi\u015f gibi hissetmiyordu. Bu arada bir de babas\u0131n\u0131n yeniden evlenece\u011fini \u00f6\u011frendi.G\u00fcn\u00fcn birinde tatl\u0131 m\u0131 tatl\u0131 bir faresi oldu: \u00c7ikolata. Her \u015feyi g\u00fczelle\u015ftiren bu minik fare, Alice\u2019in dertlerine ortak olup onun kendini eskisi kadar yaln\u0131z hissetmemesini sa\u011fl\u0131yor. \u00c7ikolata renkli bu tatl\u0131 fare yan\u0131ndayken Alice i\u00e7in art\u0131k i\u015fler yoluna girecek gibi g\u00f6r\u00fcn\u00fcyor.<\/p>\n","protected":false},"excerpt":{"rendered":"<p>Annesiyle babas\u0131 ayr\u0131ld\u0131\u011f\u0131ndan beri Alice \u00e7ok mutsuzdu. \u0130ki ev aras\u0131nda gidip geliyor ve kendini hi\u00e7bir yere aitmi\u015f gibi hissetmiyordu. Bu arada bir de babas\u0131n\u0131n yeniden evlenece\u011fini<span class=\"excerpt-hellip\"> [\u2026]<\/span><\/p>\n","protected":false},"featured_media":0,"template":"","meta":{"_monsterinsights_skip_tracking":false,"_monsterinsights_sitenote_active":false,"_monsterinsights_sitenote_note":"","_monsterinsights_sitenote_category":0},"product_brand":[],"product_cat":[12274,12284],"product_tag":[],"class_list":{"0":"post-717653","1":"product","2":"type-product","3":"status-publish","5":"product_cat-cocuk-ve-genclik-kitaplari","6":"product_cat-hikayeler","7":"pa_cilt-ciltsiz","8":"pa_tur-kitap","9":"pa_yayinevi-is-bankasi-kultur-yayinlari","10":"pa_yazar-holly-webb","12":"first","13":"instock","14":"sale","15":"shipping-taxable","16":"purchasable","17":"product-type-simple"},"_links":{"self":[{"href":"https:\/\/roveyayinevi.com.tr\/index.php\/wp-json\/wp\/v2\/product\/717653","targetHints":{"allow":["GET"]}}],"collection":[{"href":"https:\/\/roveyayinevi.com.tr\/index.php\/wp-json\/wp\/v2\/product"}],"about":[{"href":"https:\/\/roveyayinevi.com.tr\/index.php\/wp-json\/wp\/v2\/types\/product"}],"wp:attachment":[{"href":"https:\/\/roveyayinevi.com.tr\/index.php\/wp-json\/wp\/v2\/media?parent=717653"}],"wp:term":[{"taxonomy":"product_brand","embeddable":true,"href":"https:\/\/roveyayinevi.com.tr\/index.php\/wp-json\/wp\/v2\/product_brand?post=717653"},{"taxonomy":"product_cat","embeddable":true,"href":"https:\/\/roveyayinevi.com.tr\/index.php\/wp-json\/wp\/v2\/product_cat?post=717653"},{"taxonomy":"product_tag","embeddable":true,"href":"https:\/\/roveyayinevi.com.tr\/index.php\/wp-json\/wp\/v2\/product_tag?post=717653"}],"curies":[{"name":"wp","href":"https:\/\/api.w.org\/{rel}","templated":true}]}}