{"id":717651,"date":"2025-08-27T17:58:29","date_gmt":"2025-08-27T14:58:29","guid":{"rendered":"https:\/\/roveyayinevi.com.tr\/index.php\/urun\/esnek-kesif-cita-ailesi-4\/"},"modified":"2026-04-16T02:25:50","modified_gmt":"2026-04-15T23:25:50","slug":"esnek-kesif-cita-ailesi-4","status":"publish","type":"product","link":"https:\/\/roveyayinevi.com.tr\/index.php\/urun\/esnek-kesif-cita-ailesi-4\/","title":{"rendered":"Esnek Ke\u015fif &#8211; \u00c7ita Ailesi 4"},"content":{"rendered":"<p>Matematik ve Bilim alan\u0131nda \u00dcst\u00fcn Yetenekli (Akademik Profil) &#8211; \u00c7ita Ailesi 4. Kitap) Safari \u015fapkas\u0131 ve d\u00fcrb\u00fcn\u00fc, Chevron\u2019un en sevdi\u011fi e\u015fyalar\u0131d\u0131r. O, \u015fekilleri, saymay\u0131 ve kaydetmeyi seven, g\u00f6zlem odakl\u0131 \u00fcst\u00fcn yetenekli bir \u00e7ita yavrusudur; fakat arkada\u015f\u0131 Kaplan, ara\u015ft\u0131rmas\u0131n\u0131 b\u00f6ler. \u00c7\u00fcnk\u00fc Aslan, Kaplan ve Leopar sadece oynamak istemektedir. Sizce arkada\u015flar\u0131 i\u00e7in tuhaf biri mi olacak yoksa ilgi alanlar\u0131n\u0131 ortakla\u015ft\u0131rman\u0131n bir yolunu mu bulacak? Chevron ara\u015ft\u0131rmaktan, \u00f6\u011frenmekten keyif al\u0131r ve arkada\u015flar\u0131n\u0131n da ke\u015ffettiklerinden faydalanmas\u0131n\u0131 ister. Her \u015feye di\u011ferlerinden farkl\u0131 bir \u015fekilde yakla\u015fsa da, problem \u00e7\u00f6zme becerilerini kullan\u0131r ve b\u00f6ylece birlikte e\u011flence dolu anlar ya\u015farlar. \u00c7ita Ailesi Hikaye Seti 5 kitapl\u0131k seri \u00f6zellikle \u00fcst\u00fcn yetenekli \u00e7ocuklar\u0131 onaylamak i\u00e7in yaz\u0131lm\u0131\u015ft\u0131r. Hik\u00e2yeler \u00e7ok katmanl\u0131d\u0131r ve \u00e7ocukla birlikte b\u00fcy\u00fcmek i\u00e7in tasarlanm\u0131\u015ft\u0131r. Her kitap farkl\u0131 bir alanda \u00fcst\u00fcn yetene\u011fe ve a\u015f\u0131r\u0131 duyarl\u0131l\u0131k alan\u0131na sahip \u00e7ita yavrusunun hik\u00e2yesini anlatmaktad\u0131r. Yavrular d\u00fcnyalar\u0131n\u0131 oyun oynayarak ke\u015ffederler. Bu ke\u015fifler a\u00e7\u0131k ve basit bir \u015fekilde ifade edilmi\u015ftir ancak, etkileri ve mesajlar\u0131 olduk\u00e7a karma\u015f\u0131kt\u0131r. \u00c7ita Ailesi kitap serisinin bir uzant\u0131s\u0131 olarak hik\u00e2yeleri yorumlamak ve ifade \u00f6zg\u00fcrl\u00fc\u011f\u00fcn\u00fc geli\u015ftirmek i\u00e7in her bir karakter i\u00e7in haz\u0131rlad\u0131\u011f\u0131m\u0131z kartlar\u0131 kullanabilirsiniz. \u00c7ocuklar\u0131n Se\u00e7imi b\u00f6l\u00fcm\u00fcnde, hik\u00e2yenin arka plan\u0131ndaki fikirleri geni\u015fletmekte; \u00e7ocuklara yarat\u0131c\u0131l\u0131klar\u0131n\u0131 te\u015fvik ederek me\u015fgul olabilecekleri etkinlikler sunmaktad\u0131r. Yeti\u015fkinler i\u00e7in yaz\u0131lm\u0131\u015f Ebeveyn ve E\u011fitmen sayfalar\u0131, \u00fcst\u00fcn yetenekli \u00e7ocuklar\u0131n d\u00fc\u015f\u00fcnme bi\u00e7imlerinden baz\u0131lar\u0131na dikkat \u00e7ekerek hik\u00e2yenin amac\u0131n\u0131 a\u00e7\u0131klamaktad\u0131r. A\u00e7\u0131klamalardan sonra yer alan D\u00fc\u015f\u00fcnme Zaman\u0131 ve Hedef D\u00fc\u015f\u00fcnceler ba\u015fl\u0131klar\u0131 alt\u0131nda \u00fczerinde durulmas\u0131 gereken noktalar yer almaktad\u0131r. Birlikte Konu\u015fun ba\u015fl\u0131\u011f\u0131 ise s\u00fcrekli olarak yenilenebilecek tart\u0131\u015fmalar olu\u015fturmak i\u00e7in tasarlanm\u0131\u015f birka\u00e7 soru listelemektedir. Son sayfada yer alan Soy A\u011fac\u0131, \u00e7ita yavrular\u0131n\u0131n her birinin yetenek alanlar\u0131n\u0131 vurgulayarak belirgin \u00f6zellikleri ile ay\u0131rt etmektedir. Keyifle okuman\u0131z, ke\u015ffetmeniz ve tart\u0131\u015fman\u0131z dile\u011fiyle! <\/p>\n","protected":false},"excerpt":{"rendered":"<p>Matematik ve Bilim alan\u0131nda \u00dcst\u00fcn Yetenekli (Akademik Profil) &#8211; \u00c7ita Ailesi 4. Kitap) Safari \u015fapkas\u0131 ve d\u00fcrb\u00fcn\u00fc, Chevron\u2019un en sevdi\u011fi e\u015fyalar\u0131d\u0131r. O, \u015fekilleri, saymay\u0131 ve kaydetmeyi<span class=\"excerpt-hellip\"> [\u2026]<\/span><\/p>\n","protected":false},"featured_media":0,"template":"","meta":{"_monsterinsights_skip_tracking":false,"_monsterinsights_sitenote_active":false,"_monsterinsights_sitenote_note":"","_monsterinsights_sitenote_category":0},"product_brand":[],"product_cat":[12274,12284],"product_tag":[],"class_list":{"0":"post-717651","1":"product","2":"type-product","3":"status-publish","5":"product_cat-cocuk-ve-genclik-kitaplari","6":"product_cat-hikayeler","7":"pa_cilt-ciltsiz","8":"pa_tur-kitap","9":"pa_yayinevi-abakus-kitap","10":"pa_yazar-gloria-van-donge","12":"first","13":"instock","14":"sale","15":"shipping-taxable","16":"purchasable","17":"product-type-simple"},"_links":{"self":[{"href":"https:\/\/roveyayinevi.com.tr\/index.php\/wp-json\/wp\/v2\/product\/717651","targetHints":{"allow":["GET"]}}],"collection":[{"href":"https:\/\/roveyayinevi.com.tr\/index.php\/wp-json\/wp\/v2\/product"}],"about":[{"href":"https:\/\/roveyayinevi.com.tr\/index.php\/wp-json\/wp\/v2\/types\/product"}],"wp:attachment":[{"href":"https:\/\/roveyayinevi.com.tr\/index.php\/wp-json\/wp\/v2\/media?parent=717651"}],"wp:term":[{"taxonomy":"product_brand","embeddable":true,"href":"https:\/\/roveyayinevi.com.tr\/index.php\/wp-json\/wp\/v2\/product_brand?post=717651"},{"taxonomy":"product_cat","embeddable":true,"href":"https:\/\/roveyayinevi.com.tr\/index.php\/wp-json\/wp\/v2\/product_cat?post=717651"},{"taxonomy":"product_tag","embeddable":true,"href":"https:\/\/roveyayinevi.com.tr\/index.php\/wp-json\/wp\/v2\/product_tag?post=717651"}],"curies":[{"name":"wp","href":"https:\/\/api.w.org\/{rel}","templated":true}]}}